{"id":4073,"date":"2025-11-27T14:51:47","date_gmt":"2025-11-27T13:51:47","guid":{"rendered":"https:\/\/nmevents.se\/atervinningsgalan\/?page_id=4073"},"modified":"2025-11-27T15:30:18","modified_gmt":"2025-11-27T14:30:18","slug":"bakom-galan","status":"publish","type":"page","link":"https:\/\/nmevents.se\/atervinningsgalan\/bakom-galan\/","title":{"rendered":"Bakom galan"},"content":{"rendered":"\t\t<div data-elementor-type=\"wp-page\" data-elementor-id=\"4073\" class=\"elementor elementor-4073\" data-elementor-post-type=\"page\">\n\t\t\t\t<div class=\"elementor-element elementor-element-c538b67 e-flex e-con-boxed e-con e-parent\" data-id=\"c538b67\" data-element_type=\"container\" data-core-v316-plus=\"true\">\n\t\t\t\t\t<div class=\"e-con-inner\">\n\t\t\t\t<div class=\"elementor-element elementor-element-6c5b70d elementor-widget elementor-widget-spacer\" data-id=\"6c5b70d\" data-element_type=\"widget\" data-widget_type=\"spacer.default\">\n\t\t\t\t<div class=\"elementor-widget-container\">\n\t\t\t<style>\/*! elementor - v3.20.0 - 20-03-2024 *\/\n.elementor-column .elementor-spacer-inner{height:var(--spacer-size)}.e-con{--container-widget-width:100%}.e-con-inner>.elementor-widget-spacer,.e-con>.elementor-widget-spacer{width:var(--container-widget-width,var(--spacer-size));--align-self:var(--container-widget-align-self,initial);--flex-shrink:0}.e-con-inner>.elementor-widget-spacer>.elementor-widget-container,.e-con>.elementor-widget-spacer>.elementor-widget-container{height:100%;width:100%}.e-con-inner>.elementor-widget-spacer>.elementor-widget-container>.elementor-spacer,.e-con>.elementor-widget-spacer>.elementor-widget-container>.elementor-spacer{height:100%}.e-con-inner>.elementor-widget-spacer>.elementor-widget-container>.elementor-spacer>.elementor-spacer-inner,.e-con>.elementor-widget-spacer>.elementor-widget-container>.elementor-spacer>.elementor-spacer-inner{height:var(--container-widget-height,var(--spacer-size))}.e-con-inner>.elementor-widget-spacer.elementor-widget-empty,.e-con>.elementor-widget-spacer.elementor-widget-empty{position:relative;min-height:22px;min-width:22px}.e-con-inner>.elementor-widget-spacer.elementor-widget-empty .elementor-widget-empty-icon,.e-con>.elementor-widget-spacer.elementor-widget-empty .elementor-widget-empty-icon{position:absolute;top:0;bottom:0;left:0;right:0;margin:auto;padding:0;width:22px;height:22px}<\/style>\t\t<div class=\"elementor-spacer\">\n\t\t\t<div class=\"elementor-spacer-inner\"><\/div>\n\t\t<\/div>\n\t\t\t\t<\/div>\n\t\t\t\t<\/div>\n\t\t\t\t\t<\/div>\n\t\t\t\t<\/div>\n\t\t<div class=\"elementor-element elementor-element-44b955e e-flex e-con-boxed e-con e-parent\" data-id=\"44b955e\" data-element_type=\"container\" data-core-v316-plus=\"true\">\n\t\t\t\t\t<div class=\"e-con-inner\">\n\t\t\t\t<div class=\"elementor-element elementor-element-aa7eddb elementor-widget elementor-widget-text-editor\" data-id=\"aa7eddb\" data-element_type=\"widget\" data-widget_type=\"text-editor.default\">\n\t\t\t\t<div class=\"elementor-widget-container\">\n\t\t\t<style>\/*! elementor - v3.20.0 - 20-03-2024 *\/\n.elementor-widget-text-editor.elementor-drop-cap-view-stacked .elementor-drop-cap{background-color:#69727d;color:#fff}.elementor-widget-text-editor.elementor-drop-cap-view-framed .elementor-drop-cap{color:#69727d;border:3px solid;background-color:transparent}.elementor-widget-text-editor:not(.elementor-drop-cap-view-default) .elementor-drop-cap{margin-top:8px}.elementor-widget-text-editor:not(.elementor-drop-cap-view-default) .elementor-drop-cap-letter{width:1em;height:1em}.elementor-widget-text-editor .elementor-drop-cap{float:left;text-align:center;line-height:1;font-size:50px}.elementor-widget-text-editor .elementor-drop-cap-letter{display:inline-block}<\/style>\t\t\t\t<p>\u00c5tervinningsgalan \u00e4r resultatet av m\u00e5nga m\u00e4nniskors engagemang, kreativitet och h\u00e5llbarhetst\u00e4nk.<br \/>H\u00e4r m\u00f6ter du n\u00e5gra av dem som bidrar till att g\u00f6ra galan m\u00f6jlig \u2013 fr\u00e5n formgivare och poddprofiler till inspirerande r\u00f6ster p\u00e5 scenen.Tillsammans f\u00f6rvandlar de \u00e5tervinning till inspiration, och skapar en kv\u00e4ll som hyllar innovation, milj\u00f6 och framtidstro.<\/p>\t\t\t\t\t\t<\/div>\n\t\t\t\t<\/div>\n\t\t\t\t\t<\/div>\n\t\t\t\t<\/div>\n\t\t<div class=\"elementor-element elementor-element-d2dac3d e-flex e-con-boxed e-con e-parent\" data-id=\"d2dac3d\" data-element_type=\"container\" data-core-v316-plus=\"true\">\n\t\t\t\t\t<div class=\"e-con-inner\">\n\t\t\t\t<div class=\"elementor-element elementor-element-3e1ed2f elementor-widget-divider--view-line elementor-widget elementor-widget-divider\" data-id=\"3e1ed2f\" data-element_type=\"widget\" data-widget_type=\"divider.default\">\n\t\t\t\t<div class=\"elementor-widget-container\">\n\t\t\t<style>\/*! elementor - v3.20.0 - 20-03-2024 *\/\n.elementor-widget-divider{--divider-border-style:none;--divider-border-width:1px;--divider-color:#0c0d0e;--divider-icon-size:20px;--divider-element-spacing:10px;--divider-pattern-height:24px;--divider-pattern-size:20px;--divider-pattern-url:none;--divider-pattern-repeat:repeat-x}.elementor-widget-divider .elementor-divider{display:flex}.elementor-widget-divider .elementor-divider__text{font-size:15px;line-height:1;max-width:95%}.elementor-widget-divider .elementor-divider__element{margin:0 var(--divider-element-spacing);flex-shrink:0}.elementor-widget-divider .elementor-icon{font-size:var(--divider-icon-size)}.elementor-widget-divider .elementor-divider-separator{display:flex;margin:0;direction:ltr}.elementor-widget-divider--view-line_icon .elementor-divider-separator,.elementor-widget-divider--view-line_text .elementor-divider-separator{align-items:center}.elementor-widget-divider--view-line_icon .elementor-divider-separator:after,.elementor-widget-divider--view-line_icon .elementor-divider-separator:before,.elementor-widget-divider--view-line_text .elementor-divider-separator:after,.elementor-widget-divider--view-line_text .elementor-divider-separator:before{display:block;content:\"\";border-block-end:0;flex-grow:1;border-block-start:var(--divider-border-width) var(--divider-border-style) var(--divider-color)}.elementor-widget-divider--element-align-left .elementor-divider .elementor-divider-separator>.elementor-divider__svg:first-of-type{flex-grow:0;flex-shrink:100}.elementor-widget-divider--element-align-left .elementor-divider-separator:before{content:none}.elementor-widget-divider--element-align-left .elementor-divider__element{margin-left:0}.elementor-widget-divider--element-align-right .elementor-divider .elementor-divider-separator>.elementor-divider__svg:last-of-type{flex-grow:0;flex-shrink:100}.elementor-widget-divider--element-align-right .elementor-divider-separator:after{content:none}.elementor-widget-divider--element-align-right .elementor-divider__element{margin-right:0}.elementor-widget-divider--element-align-start .elementor-divider .elementor-divider-separator>.elementor-divider__svg:first-of-type{flex-grow:0;flex-shrink:100}.elementor-widget-divider--element-align-start .elementor-divider-separator:before{content:none}.elementor-widget-divider--element-align-start .elementor-divider__element{margin-inline-start:0}.elementor-widget-divider--element-align-end .elementor-divider .elementor-divider-separator>.elementor-divider__svg:last-of-type{flex-grow:0;flex-shrink:100}.elementor-widget-divider--element-align-end .elementor-divider-separator:after{content:none}.elementor-widget-divider--element-align-end .elementor-divider__element{margin-inline-end:0}.elementor-widget-divider:not(.elementor-widget-divider--view-line_text):not(.elementor-widget-divider--view-line_icon) .elementor-divider-separator{border-block-start:var(--divider-border-width) var(--divider-border-style) var(--divider-color)}.elementor-widget-divider--separator-type-pattern{--divider-border-style:none}.elementor-widget-divider--separator-type-pattern.elementor-widget-divider--view-line .elementor-divider-separator,.elementor-widget-divider--separator-type-pattern:not(.elementor-widget-divider--view-line) .elementor-divider-separator:after,.elementor-widget-divider--separator-type-pattern:not(.elementor-widget-divider--view-line) .elementor-divider-separator:before,.elementor-widget-divider--separator-type-pattern:not([class*=elementor-widget-divider--view]) .elementor-divider-separator{width:100%;min-height:var(--divider-pattern-height);-webkit-mask-size:var(--divider-pattern-size) 100%;mask-size:var(--divider-pattern-size) 100%;-webkit-mask-repeat:var(--divider-pattern-repeat);mask-repeat:var(--divider-pattern-repeat);background-color:var(--divider-color);-webkit-mask-image:var(--divider-pattern-url);mask-image:var(--divider-pattern-url)}.elementor-widget-divider--no-spacing{--divider-pattern-size:auto}.elementor-widget-divider--bg-round{--divider-pattern-repeat:round}.rtl .elementor-widget-divider .elementor-divider__text{direction:rtl}.e-con-inner>.elementor-widget-divider,.e-con>.elementor-widget-divider{width:var(--container-widget-width,100%);--flex-grow:var(--container-widget-flex-grow)}<\/style>\t\t<div class=\"elementor-divider\">\n\t\t\t<span class=\"elementor-divider-separator\">\n\t\t\t\t\t\t<\/span>\n\t\t<\/div>\n\t\t\t\t<\/div>\n\t\t\t\t<\/div>\n\t\t\t\t\t<\/div>\n\t\t\t\t<\/div>\n\t\t<div class=\"elementor-element elementor-element-ee6cb55 e-flex e-con-boxed e-con e-parent\" data-id=\"ee6cb55\" data-element_type=\"container\" data-core-v316-plus=\"true\">\n\t\t\t\t\t<div class=\"e-con-inner\">\n\t\t<div class=\"elementor-element elementor-element-5ed25d0 e-con-full e-flex e-con e-child\" data-id=\"5ed25d0\" data-element_type=\"container\">\n\t\t\t\t<div class=\"elementor-element elementor-element-ee43a2f elementor-widget elementor-widget-text-editor\" data-id=\"ee43a2f\" data-element_type=\"widget\" data-widget_type=\"text-editor.default\">\n\t\t\t\t<div class=\"elementor-widget-container\">\n\t\t\t\t\t\t\t<p><strong>En riktigt sopig podd p\u00e5 scen<\/strong><\/p>\t\t\t\t\t\t<\/div>\n\t\t\t\t<\/div>\n\t\t\t\t<div class=\"elementor-element elementor-element-85d7cb2 elementor-widget elementor-widget-text-editor\" data-id=\"85d7cb2\" data-element_type=\"widget\" data-widget_type=\"text-editor.default\">\n\t\t\t\t<div class=\"elementor-widget-container\">\n\t\t\t\t\t\t\t<p>Vinnarna p\u00e5 \u00c5tervinningsgalan kommer i \u00e5r att intervjuas direkt p\u00e5 scen av poddduon Ann Nerlund och Rustan Nilsson, milj\u00f6pedagoger vid Sysav och r\u00f6sterna bakom den popul\u00e4ra podden <em>En riktigt sopig podd<\/em>, \u00e4ven k\u00e4nd som <em>Avfallet<\/em>.<\/p><p>Med sin unika blandning av kunskap, humor och nyfikenhet m\u00f6ter Ann och Rustan pristagarna i spontana och insiktsfulla samtal om \u00e5tervinning, innovation och h\u00e5llbarhet.<\/p><p>Podden, som varje vecka <em>rotar i sopp\u00e5sen och hittar guldet<\/em>, utforskar hur v\u00e5ra vardagliga val \u2013 att sortera r\u00e4tt, sl\u00e4nga, laga eller l\u00e5na \u2013 h\u00e4nger ihop med st\u00f6rre fr\u00e5gor om klimat, resurser och ansvar.<\/p>\t\t\t\t\t\t<\/div>\n\t\t\t\t<\/div>\n\t\t\t\t<\/div>\n\t\t\t\t<div class=\"elementor-element elementor-element-8f71648 elementor-widget elementor-widget-spacer\" data-id=\"8f71648\" data-element_type=\"widget\" data-widget_type=\"spacer.default\">\n\t\t\t\t<div class=\"elementor-widget-container\">\n\t\t\t\t\t<div class=\"elementor-spacer\">\n\t\t\t<div class=\"elementor-spacer-inner\"><\/div>\n\t\t<\/div>\n\t\t\t\t<\/div>\n\t\t\t\t<\/div>\n\t\t<div class=\"elementor-element elementor-element-5a3b6dd e-con-full e-flex e-con e-child\" data-id=\"5a3b6dd\" data-element_type=\"container\">\n\t\t\t\t<div class=\"elementor-element elementor-element-5d08993 elementor-widget elementor-widget-image\" data-id=\"5d08993\" data-element_type=\"widget\" data-widget_type=\"image.default\">\n\t\t\t\t<div class=\"elementor-widget-container\">\n\t\t\t<style>\/*! elementor - v3.20.0 - 20-03-2024 *\/\n.elementor-widget-image{text-align:center}.elementor-widget-image a{display:inline-block}.elementor-widget-image a img[src$=\".svg\"]{width:48px}.elementor-widget-image img{vertical-align:middle;display:inline-block}<\/style>\t\t\t\t\t\t\t\t\t\t<img fetchpriority=\"high\" decoding=\"async\" width=\"640\" height=\"640\" src=\"https:\/\/nmevents.se\/atervinningsgalan\/wp-content\/uploads\/sites\/69\/2025\/11\/En-sopig-podd.jpg\" class=\"attachment-large size-large wp-image-4080\" alt=\"\" srcset=\"https:\/\/nmevents.se\/atervinningsgalan\/wp-content\/uploads\/sites\/69\/2025\/11\/En-sopig-podd.jpg 640w, https:\/\/nmevents.se\/atervinningsgalan\/wp-content\/uploads\/sites\/69\/2025\/11\/En-sopig-podd-300x300.jpg 300w, https:\/\/nmevents.se\/atervinningsgalan\/wp-content\/uploads\/sites\/69\/2025\/11\/En-sopig-podd-150x150.jpg 150w\" sizes=\"(max-width: 640px) 100vw, 640px\" \/>\t\t\t\t\t\t\t\t\t\t\t\t\t<\/div>\n\t\t\t\t<\/div>\n\t\t\t\t<\/div>\n\t\t\t\t\t<\/div>\n\t\t\t\t<\/div>\n\t\t<div class=\"elementor-element elementor-element-247fa54 e-flex e-con-boxed e-con e-parent\" data-id=\"247fa54\" data-element_type=\"container\" data-core-v316-plus=\"true\">\n\t\t\t\t\t<div class=\"e-con-inner\">\n\t\t\t\t<div class=\"elementor-element elementor-element-b1b087e elementor-widget-divider--view-line elementor-widget elementor-widget-divider\" data-id=\"b1b087e\" data-element_type=\"widget\" data-widget_type=\"divider.default\">\n\t\t\t\t<div class=\"elementor-widget-container\">\n\t\t\t\t\t<div class=\"elementor-divider\">\n\t\t\t<span class=\"elementor-divider-separator\">\n\t\t\t\t\t\t<\/span>\n\t\t<\/div>\n\t\t\t\t<\/div>\n\t\t\t\t<\/div>\n\t\t\t\t\t<\/div>\n\t\t\t\t<\/div>\n\t\t<div class=\"elementor-element elementor-element-2be997f e-flex e-con-boxed e-con e-parent\" data-id=\"2be997f\" data-element_type=\"container\" data-core-v316-plus=\"true\">\n\t\t\t\t\t<div class=\"e-con-inner\">\n\t\t<div class=\"elementor-element elementor-element-649959f e-con-full e-flex e-con e-child\" data-id=\"649959f\" data-element_type=\"container\">\n\t\t\t\t<div class=\"elementor-element elementor-element-8f5e802 elementor-widget elementor-widget-image\" data-id=\"8f5e802\" data-element_type=\"widget\" data-widget_type=\"image.default\">\n\t\t\t\t<div class=\"elementor-widget-container\">\n\t\t\t\t\t\t\t\t\t\t\t\t\t<img decoding=\"async\" width=\"640\" height=\"640\" src=\"https:\/\/nmevents.se\/atervinningsgalan\/wp-content\/uploads\/sites\/69\/2025\/11\/Jonas_T.jpg\" class=\"attachment-large size-large wp-image-4081\" alt=\"\" srcset=\"https:\/\/nmevents.se\/atervinningsgalan\/wp-content\/uploads\/sites\/69\/2025\/11\/Jonas_T.jpg 640w, https:\/\/nmevents.se\/atervinningsgalan\/wp-content\/uploads\/sites\/69\/2025\/11\/Jonas_T-300x300.jpg 300w, https:\/\/nmevents.se\/atervinningsgalan\/wp-content\/uploads\/sites\/69\/2025\/11\/Jonas_T-150x150.jpg 150w\" sizes=\"(max-width: 640px) 100vw, 640px\" \/>\t\t\t\t\t\t\t\t\t\t\t\t\t<\/div>\n\t\t\t\t<\/div>\n\t\t\t\t<div class=\"elementor-element elementor-element-d5f7362 elementor-widget elementor-widget-text-editor\" data-id=\"d5f7362\" data-element_type=\"widget\" data-widget_type=\"text-editor.default\">\n\t\t\t\t<div class=\"elementor-widget-container\">\n\t\t\t\t\t\t\t<p>Jonas driver Torstensson Art &amp; Design, ett design- och arkitektkontor p\u00e5 Liding\u00f6 med fyra anst\u00e4llda. Han har arbetat med \u00e5tervunnet material sedan 1991 och beskriver sig sj\u00e4lv som en formgivare som ser m\u00f6jligheter d\u00e4r andra ser avfall.<\/p>\t\t\t\t\t\t<\/div>\n\t\t\t\t<\/div>\n\t\t\t\t<\/div>\n\t\t\t\t<div class=\"elementor-element elementor-element-c613348 elementor-widget elementor-widget-spacer\" data-id=\"c613348\" data-element_type=\"widget\" data-widget_type=\"spacer.default\">\n\t\t\t\t<div class=\"elementor-widget-container\">\n\t\t\t\t\t<div class=\"elementor-spacer\">\n\t\t\t<div class=\"elementor-spacer-inner\"><\/div>\n\t\t<\/div>\n\t\t\t\t<\/div>\n\t\t\t\t<\/div>\n\t\t<div class=\"elementor-element elementor-element-fdb0156 e-con-full e-flex e-con e-child\" data-id=\"fdb0156\" data-element_type=\"container\">\n\t\t\t\t<div class=\"elementor-element elementor-element-5cf5926 elementor-widget elementor-widget-text-editor\" data-id=\"5cf5926\" data-element_type=\"widget\" data-widget_type=\"text-editor.default\">\n\t\t\t\t<div class=\"elementor-widget-container\">\n\t\t\t\t\t\t\t<p><strong>M\u00f6t Jonas Torstensson <br \/>\u2013 mannen bakom galapriserna<\/strong><\/p>\t\t\t\t\t\t<\/div>\n\t\t\t\t<\/div>\n\t\t\t\t<div class=\"elementor-element elementor-element-b0171f2 elementor-widget elementor-widget-text-editor\" data-id=\"b0171f2\" data-element_type=\"widget\" data-widget_type=\"text-editor.default\">\n\t\t\t\t<div class=\"elementor-widget-container\">\n\t\t\t\t\t\t\t<p><strong>Samarbetet med \u00c5tervinningsgalan b\u00f6rjade f\u00f6r flera \u00e5r sedan.<\/strong> <br \/>Jonas ber\u00e4ttar att han redan d\u00e5 var k\u00e4nd inom branschen f\u00f6r sitt arbete med returmaterial.<br \/>\u2013 De f\u00f6rsta priserna till galan var faktiskt gjorda av en bit j\u00e4rnv\u00e4gsr\u00e4ls \u2013 de var p\u00e5 tok f\u00f6r tunga! Eftersom vi redan tillverkade andra priser och utm\u00e4rkelser tyckte vi att vi skulle passa perfekt som leverant\u00f6r, och det visade sig st\u00e4mma.<\/p><p><strong>Tankarna bakom priset<\/strong><br \/>N\u00e4r Jonas b\u00f6rjade skissa p\u00e5 galans pris fanns det en tydlig vision.<\/p><p>\u2013 Jag ville h\u00e5lla det enkelt. Loggan med \u00e5tervinningspilarna var redan stark, s\u00e5 det fanns ingen anledning att \u00e4ndra den. Jag valde tr\u00e4 och st\u00e5l \u2013 rena material som dessutom \u00e4r enkla att \u00e5tervinna. Priset best\u00e5r faktiskt bara av tv\u00e5 skruvar!<\/p><p><strong>Symboliken i designen ligger i just \u00e5tervinningspilarna \u2013 och i k\u00e4nslan av att h\u00e5lla n\u00e5got v\u00e4rdefullt i handen.<\/strong><br \/>\u2013 Jag ville att den skulle ha lite samma k\u00e4nsla som en \u201dOskar\u201d. Enkla, rena material med ett v\u00e4rde \u00e4ven vid \u00e5tervinning.<\/p>\t\t\t\t\t\t<\/div>\n\t\t\t\t<\/div>\n\t\t\t\t<\/div>\n\t\t\t\t\t<\/div>\n\t\t\t\t<\/div>\n\t\t<div class=\"elementor-element elementor-element-240a6d9 e-flex e-con-boxed e-con e-parent\" data-id=\"240a6d9\" data-element_type=\"container\" data-core-v316-plus=\"true\">\n\t\t\t\t\t<div class=\"e-con-inner\">\n\t\t\t\t<div class=\"elementor-element elementor-element-c88cd69 elementor-widget elementor-widget-spacer\" data-id=\"c88cd69\" data-element_type=\"widget\" data-widget_type=\"spacer.default\">\n\t\t\t\t<div class=\"elementor-widget-container\">\n\t\t\t\t\t<div class=\"elementor-spacer\">\n\t\t\t<div class=\"elementor-spacer-inner\"><\/div>\n\t\t<\/div>\n\t\t\t\t<\/div>\n\t\t\t\t<\/div>\n\t\t\t\t\t<\/div>\n\t\t\t\t<\/div>\n\t\t\t\t<\/div>\n\t\t","protected":false},"excerpt":{"rendered":"<p>\u00c5tervinningsgalan \u00e4r resultatet av m\u00e5nga m\u00e4nniskors engagemang, kreativitet och h\u00e5llbarhetst\u00e4nk.H\u00e4r m\u00f6ter du n\u00e5gra av dem som bidrar till att g\u00f6ra galan m\u00f6jlig \u2013 fr\u00e5n formgivare och poddprofiler till inspirerande r\u00f6ster p\u00e5 scenen.Tillsammans f\u00f6rvandlar de \u00e5tervinning till inspiration, och skapar en kv\u00e4ll som hyllar innovation, milj\u00f6 och framtidstro. En riktigt sopig podd p\u00e5 scen Vinnarna p\u00e5 [&hellip;]<\/p>\n","protected":false},"author":12,"featured_media":0,"parent":0,"menu_order":0,"comment_status":"closed","ping_status":"closed","template":"","meta":{"_acf_changed":false,"inline_featured_image":false,"footnotes":""},"acf":[],"_links":{"self":[{"href":"https:\/\/nmevents.se\/atervinningsgalan\/wp-json\/wp\/v2\/pages\/4073"}],"collection":[{"href":"https:\/\/nmevents.se\/atervinningsgalan\/wp-json\/wp\/v2\/pages"}],"about":[{"href":"https:\/\/nmevents.se\/atervinningsgalan\/wp-json\/wp\/v2\/types\/page"}],"author":[{"embeddable":true,"href":"https:\/\/nmevents.se\/atervinningsgalan\/wp-json\/wp\/v2\/users\/12"}],"replies":[{"embeddable":true,"href":"https:\/\/nmevents.se\/atervinningsgalan\/wp-json\/wp\/v2\/comments?post=4073"}],"version-history":[{"count":12,"href":"https:\/\/nmevents.se\/atervinningsgalan\/wp-json\/wp\/v2\/pages\/4073\/revisions"}],"predecessor-version":[{"id":4090,"href":"https:\/\/nmevents.se\/atervinningsgalan\/wp-json\/wp\/v2\/pages\/4073\/revisions\/4090"}],"wp:attachment":[{"href":"https:\/\/nmevents.se\/atervinningsgalan\/wp-json\/wp\/v2\/media?parent=4073"}],"curies":[{"name":"wp","href":"https:\/\/api.w.org\/{rel}","templated":true}]}}