{"id":201,"date":"2023-11-08T13:46:21","date_gmt":"2023-11-08T11:46:21","guid":{"rendered":"https:\/\/eventdk.nordiske-medier.dk\/atervinningsgalan\/?page_id=201"},"modified":"2026-04-10T10:13:35","modified_gmt":"2026-04-10T08:13:35","slug":"om-oss","status":"publish","type":"page","link":"https:\/\/nmevents.se\/conveniencegalan\/om-oss\/","title":{"rendered":"Om oss"},"content":{"rendered":"\t\t<div data-elementor-type=\"wp-page\" data-elementor-id=\"201\" class=\"elementor elementor-201\" data-elementor-post-type=\"page\">\n\t\t\t\t<div class=\"elementor-element elementor-element-6162fca e-flex e-con-boxed e-con e-parent\" data-id=\"6162fca\" data-element_type=\"container\" data-core-v316-plus=\"true\">\n\t\t\t\t\t<div class=\"e-con-inner\">\n\t\t\t\t<div class=\"elementor-element elementor-element-b534818 elementor-widget elementor-widget-spacer\" data-id=\"b534818\" data-element_type=\"widget\" data-widget_type=\"spacer.default\">\n\t\t\t\t<div class=\"elementor-widget-container\">\n\t\t\t<style>\/*! elementor - v3.20.0 - 20-03-2024 *\/\n.elementor-column .elementor-spacer-inner{height:var(--spacer-size)}.e-con{--container-widget-width:100%}.e-con-inner>.elementor-widget-spacer,.e-con>.elementor-widget-spacer{width:var(--container-widget-width,var(--spacer-size));--align-self:var(--container-widget-align-self,initial);--flex-shrink:0}.e-con-inner>.elementor-widget-spacer>.elementor-widget-container,.e-con>.elementor-widget-spacer>.elementor-widget-container{height:100%;width:100%}.e-con-inner>.elementor-widget-spacer>.elementor-widget-container>.elementor-spacer,.e-con>.elementor-widget-spacer>.elementor-widget-container>.elementor-spacer{height:100%}.e-con-inner>.elementor-widget-spacer>.elementor-widget-container>.elementor-spacer>.elementor-spacer-inner,.e-con>.elementor-widget-spacer>.elementor-widget-container>.elementor-spacer>.elementor-spacer-inner{height:var(--container-widget-height,var(--spacer-size))}.e-con-inner>.elementor-widget-spacer.elementor-widget-empty,.e-con>.elementor-widget-spacer.elementor-widget-empty{position:relative;min-height:22px;min-width:22px}.e-con-inner>.elementor-widget-spacer.elementor-widget-empty .elementor-widget-empty-icon,.e-con>.elementor-widget-spacer.elementor-widget-empty .elementor-widget-empty-icon{position:absolute;top:0;bottom:0;left:0;right:0;margin:auto;padding:0;width:22px;height:22px}<\/style>\t\t<div class=\"elementor-spacer\">\n\t\t\t<div class=\"elementor-spacer-inner\"><\/div>\n\t\t<\/div>\n\t\t\t\t<\/div>\n\t\t\t\t<\/div>\n\t\t\t\t\t<\/div>\n\t\t\t\t<\/div>\n\t\t<div class=\"elementor-element elementor-element-8c133ac e-flex e-con-boxed e-con e-parent\" data-id=\"8c133ac\" data-element_type=\"container\" data-core-v316-plus=\"true\">\n\t\t\t\t\t<div class=\"e-con-inner\">\n\t\t<div class=\"elementor-element elementor-element-9cd82e9 e-con-full e-flex e-con e-child\" data-id=\"9cd82e9\" data-element_type=\"container\">\n\t\t\t\t<div class=\"elementor-element elementor-element-031f6e2 elementor-widget elementor-widget-text-editor\" data-id=\"031f6e2\" data-element_type=\"widget\" data-widget_type=\"text-editor.default\">\n\t\t\t\t<div class=\"elementor-widget-container\">\n\t\t\t<style>\/*! elementor - v3.20.0 - 20-03-2024 *\/\n.elementor-widget-text-editor.elementor-drop-cap-view-stacked .elementor-drop-cap{background-color:#69727d;color:#fff}.elementor-widget-text-editor.elementor-drop-cap-view-framed .elementor-drop-cap{color:#69727d;border:3px solid;background-color:transparent}.elementor-widget-text-editor:not(.elementor-drop-cap-view-default) .elementor-drop-cap{margin-top:8px}.elementor-widget-text-editor:not(.elementor-drop-cap-view-default) .elementor-drop-cap-letter{width:1em;height:1em}.elementor-widget-text-editor .elementor-drop-cap{float:left;text-align:center;line-height:1;font-size:50px}.elementor-widget-text-editor .elementor-drop-cap-letter{display:inline-block}<\/style>\t\t\t\t<p><strong>Varf\u00f6r Conveniencegalan<\/strong><\/p>\t\t\t\t\t\t<\/div>\n\t\t\t\t<\/div>\n\t\t\t\t<div class=\"elementor-element elementor-element-d347909 elementor-widget elementor-widget-text-editor\" data-id=\"d347909\" data-element_type=\"widget\" data-widget_type=\"text-editor.default\">\n\t\t\t\t<div class=\"elementor-widget-container\">\n\t\t\t\t\t\t\t<p class=\"\">Convenience-branschen har aldrig varit mer dynamisk \u00e4n nu, pr\u00e4glad av st\u00e4ndig f\u00f6r\u00e4ndring och nyskapande. Med nya innovationer, produkter och tj\u00e4nster som st\u00e4ndigt utvecklas \u00e4r det dags att lyfta fram de som driver branschen fram\u00e5t.<\/p><p>Conveniencegalan \u00e4r en unik m\u00f6jlighet f\u00f6r representanter fr\u00e5n alla delar av branschen att samlas, n\u00e4tverka och dela v\u00e4rdefulla erfarenheter. Det \u00e4r en chans att bygga starka relationer och samarbeten och skapa delaktighet som hj\u00e4lper till att forma convenience-branschens framtid.\u00a0Under kv\u00e4llen uppm\u00e4rksammas, hyllas och firas de f\u00f6retag och individer som verkligen g\u00f6r skillnad inom convenience-branschen. Dessa framst\u00e5ende akt\u00f6rer f\u00f6rtj\u00e4nar en plats i rampljuset f\u00f6r deras engagemang och bidrag till branschens positiva utveckling.<\/p><p>S\u00e5, markera den <strong>10 september 2026<\/strong>\u00a0i din kalender f\u00f6r \u00e5rets h\u00f6jdpunkt: Conveniencegalan! Det blir en kv\u00e4ll fylld med prisutdelningar, glitter och glamour, d\u00e4r vi tillsammans skapar en minnesv\u00e4rd upplevelse och ger v\u00e5r bransch den uppm\u00e4rksamhet den f\u00f6rtj\u00e4nar.\u00a0Tillsammans kommer vi att forts\u00e4tta att driva c<span class=\"\">onvenience-branschen\u00a0<\/span>mot nya h\u00f6jder och hedra de som g\u00f6r det m\u00f6jligt!<\/p>\t\t\t\t\t\t<\/div>\n\t\t\t\t<\/div>\n\t\t\t\t<\/div>\n\t\t\t\t<div class=\"elementor-element elementor-element-6cd85e6 elementor-widget elementor-widget-spacer\" data-id=\"6cd85e6\" data-element_type=\"widget\" data-widget_type=\"spacer.default\">\n\t\t\t\t<div class=\"elementor-widget-container\">\n\t\t\t\t\t<div class=\"elementor-spacer\">\n\t\t\t<div class=\"elementor-spacer-inner\"><\/div>\n\t\t<\/div>\n\t\t\t\t<\/div>\n\t\t\t\t<\/div>\n\t\t<div class=\"elementor-element elementor-element-8cfd81d e-con-full e-flex e-con e-child\" data-id=\"8cfd81d\" data-element_type=\"container\">\n\t\t\t\t<div class=\"elementor-element elementor-element-eb64c1a elementor-widget elementor-widget-image\" data-id=\"eb64c1a\" data-element_type=\"widget\" data-widget_type=\"image.default\">\n\t\t\t\t<div class=\"elementor-widget-container\">\n\t\t\t<style>\/*! elementor - v3.20.0 - 20-03-2024 *\/\n.elementor-widget-image{text-align:center}.elementor-widget-image a{display:inline-block}.elementor-widget-image a img[src$=\".svg\"]{width:48px}.elementor-widget-image img{vertical-align:middle;display:inline-block}<\/style>\t\t\t\t\t\t\t\t\t\t<img fetchpriority=\"high\" decoding=\"async\" width=\"1200\" height=\"800\" src=\"https:\/\/nmevents.se\/conveniencegalan\/wp-content\/uploads\/sites\/71\/2025\/05\/Conviniencegalan_240905_0434.jpg\" class=\"attachment-full size-full wp-image-3410\" alt=\"\" srcset=\"https:\/\/nmevents.se\/conveniencegalan\/wp-content\/uploads\/sites\/71\/2025\/05\/Conviniencegalan_240905_0434.jpg 1200w, https:\/\/nmevents.se\/conveniencegalan\/wp-content\/uploads\/sites\/71\/2025\/05\/Conviniencegalan_240905_0434-300x200.jpg 300w, https:\/\/nmevents.se\/conveniencegalan\/wp-content\/uploads\/sites\/71\/2025\/05\/Conviniencegalan_240905_0434-1024x683.jpg 1024w, https:\/\/nmevents.se\/conveniencegalan\/wp-content\/uploads\/sites\/71\/2025\/05\/Conviniencegalan_240905_0434-768x512.jpg 768w\" sizes=\"(max-width: 1200px) 100vw, 1200px\" \/>\t\t\t\t\t\t\t\t\t\t\t\t\t<\/div>\n\t\t\t\t<\/div>\n\t\t\t\t<\/div>\n\t\t\t\t\t<\/div>\n\t\t\t\t<\/div>\n\t\t<div class=\"elementor-element elementor-element-40e724b e-flex e-con-boxed e-con e-parent\" data-id=\"40e724b\" data-element_type=\"container\" data-core-v316-plus=\"true\">\n\t\t\t\t\t<div class=\"e-con-inner\">\n\t\t\t\t<div class=\"elementor-element elementor-element-1f185a5 elementor-widget-divider--view-line elementor-widget elementor-widget-divider\" data-id=\"1f185a5\" data-element_type=\"widget\" data-widget_type=\"divider.default\">\n\t\t\t\t<div class=\"elementor-widget-container\">\n\t\t\t<style>\/*! elementor - v3.20.0 - 20-03-2024 *\/\n.elementor-widget-divider{--divider-border-style:none;--divider-border-width:1px;--divider-color:#0c0d0e;--divider-icon-size:20px;--divider-element-spacing:10px;--divider-pattern-height:24px;--divider-pattern-size:20px;--divider-pattern-url:none;--divider-pattern-repeat:repeat-x}.elementor-widget-divider .elementor-divider{display:flex}.elementor-widget-divider .elementor-divider__text{font-size:15px;line-height:1;max-width:95%}.elementor-widget-divider .elementor-divider__element{margin:0 var(--divider-element-spacing);flex-shrink:0}.elementor-widget-divider .elementor-icon{font-size:var(--divider-icon-size)}.elementor-widget-divider .elementor-divider-separator{display:flex;margin:0;direction:ltr}.elementor-widget-divider--view-line_icon .elementor-divider-separator,.elementor-widget-divider--view-line_text .elementor-divider-separator{align-items:center}.elementor-widget-divider--view-line_icon .elementor-divider-separator:after,.elementor-widget-divider--view-line_icon .elementor-divider-separator:before,.elementor-widget-divider--view-line_text .elementor-divider-separator:after,.elementor-widget-divider--view-line_text .elementor-divider-separator:before{display:block;content:\"\";border-block-end:0;flex-grow:1;border-block-start:var(--divider-border-width) var(--divider-border-style) var(--divider-color)}.elementor-widget-divider--element-align-left .elementor-divider .elementor-divider-separator>.elementor-divider__svg:first-of-type{flex-grow:0;flex-shrink:100}.elementor-widget-divider--element-align-left .elementor-divider-separator:before{content:none}.elementor-widget-divider--element-align-left .elementor-divider__element{margin-left:0}.elementor-widget-divider--element-align-right .elementor-divider .elementor-divider-separator>.elementor-divider__svg:last-of-type{flex-grow:0;flex-shrink:100}.elementor-widget-divider--element-align-right .elementor-divider-separator:after{content:none}.elementor-widget-divider--element-align-right .elementor-divider__element{margin-right:0}.elementor-widget-divider--element-align-start .elementor-divider .elementor-divider-separator>.elementor-divider__svg:first-of-type{flex-grow:0;flex-shrink:100}.elementor-widget-divider--element-align-start .elementor-divider-separator:before{content:none}.elementor-widget-divider--element-align-start .elementor-divider__element{margin-inline-start:0}.elementor-widget-divider--element-align-end .elementor-divider .elementor-divider-separator>.elementor-divider__svg:last-of-type{flex-grow:0;flex-shrink:100}.elementor-widget-divider--element-align-end .elementor-divider-separator:after{content:none}.elementor-widget-divider--element-align-end .elementor-divider__element{margin-inline-end:0}.elementor-widget-divider:not(.elementor-widget-divider--view-line_text):not(.elementor-widget-divider--view-line_icon) .elementor-divider-separator{border-block-start:var(--divider-border-width) var(--divider-border-style) var(--divider-color)}.elementor-widget-divider--separator-type-pattern{--divider-border-style:none}.elementor-widget-divider--separator-type-pattern.elementor-widget-divider--view-line .elementor-divider-separator,.elementor-widget-divider--separator-type-pattern:not(.elementor-widget-divider--view-line) .elementor-divider-separator:after,.elementor-widget-divider--separator-type-pattern:not(.elementor-widget-divider--view-line) .elementor-divider-separator:before,.elementor-widget-divider--separator-type-pattern:not([class*=elementor-widget-divider--view]) .elementor-divider-separator{width:100%;min-height:var(--divider-pattern-height);-webkit-mask-size:var(--divider-pattern-size) 100%;mask-size:var(--divider-pattern-size) 100%;-webkit-mask-repeat:var(--divider-pattern-repeat);mask-repeat:var(--divider-pattern-repeat);background-color:var(--divider-color);-webkit-mask-image:var(--divider-pattern-url);mask-image:var(--divider-pattern-url)}.elementor-widget-divider--no-spacing{--divider-pattern-size:auto}.elementor-widget-divider--bg-round{--divider-pattern-repeat:round}.rtl .elementor-widget-divider .elementor-divider__text{direction:rtl}.e-con-inner>.elementor-widget-divider,.e-con>.elementor-widget-divider{width:var(--container-widget-width,100%);--flex-grow:var(--container-widget-flex-grow)}<\/style>\t\t<div class=\"elementor-divider\">\n\t\t\t<span class=\"elementor-divider-separator\">\n\t\t\t\t\t\t<\/span>\n\t\t<\/div>\n\t\t\t\t<\/div>\n\t\t\t\t<\/div>\n\t\t\t\t\t<\/div>\n\t\t\t\t<\/div>\n\t\t<div class=\"elementor-element elementor-element-cbe8f94 e-flex e-con-boxed e-con e-parent\" data-id=\"cbe8f94\" data-element_type=\"container\" data-core-v316-plus=\"true\">\n\t\t\t\t\t<div class=\"e-con-inner\">\n\t\t\t\t<div class=\"elementor-element elementor-element-f020b29 elementor-widget elementor-widget-spacer\" data-id=\"f020b29\" data-element_type=\"widget\" data-widget_type=\"spacer.default\">\n\t\t\t\t<div class=\"elementor-widget-container\">\n\t\t\t\t\t<div class=\"elementor-spacer\">\n\t\t\t<div class=\"elementor-spacer-inner\"><\/div>\n\t\t<\/div>\n\t\t\t\t<\/div>\n\t\t\t\t<\/div>\n\t\t\t\t\t<\/div>\n\t\t\t\t<\/div>\n\t\t<div class=\"elementor-element elementor-element-7cdb119 e-flex e-con-boxed e-con e-parent\" data-id=\"7cdb119\" data-element_type=\"container\" data-core-v316-plus=\"true\">\n\t\t\t\t\t<div class=\"e-con-inner\">\n\t\t<div class=\"elementor-element elementor-element-0d45d4e e-con-full e-flex e-con e-child\" data-id=\"0d45d4e\" data-element_type=\"container\">\n\t\t\t\t<div class=\"elementor-element elementor-element-29cc349 elementor-widget elementor-widget-image\" data-id=\"29cc349\" data-element_type=\"widget\" data-widget_type=\"image.default\">\n\t\t\t\t<div class=\"elementor-widget-container\">\n\t\t\t\t\t\t\t\t\t\t\t\t\t<img decoding=\"async\" width=\"800\" height=\"476\" src=\"https:\/\/nmevents.se\/conveniencegalan\/wp-content\/uploads\/sites\/71\/2025\/05\/Conviniencegalan_240905_0379-e1747226029436-1024x609.jpg\" class=\"attachment-large size-large wp-image-3427\" alt=\"\" srcset=\"https:\/\/nmevents.se\/conveniencegalan\/wp-content\/uploads\/sites\/71\/2025\/05\/Conviniencegalan_240905_0379-e1747226029436-1024x609.jpg 1024w, https:\/\/nmevents.se\/conveniencegalan\/wp-content\/uploads\/sites\/71\/2025\/05\/Conviniencegalan_240905_0379-e1747226029436-300x179.jpg 300w, https:\/\/nmevents.se\/conveniencegalan\/wp-content\/uploads\/sites\/71\/2025\/05\/Conviniencegalan_240905_0379-e1747226029436-768x457.jpg 768w, https:\/\/nmevents.se\/conveniencegalan\/wp-content\/uploads\/sites\/71\/2025\/05\/Conviniencegalan_240905_0379-e1747226029436.jpg 1200w\" sizes=\"(max-width: 800px) 100vw, 800px\" \/>\t\t\t\t\t\t\t\t\t\t\t\t\t<\/div>\n\t\t\t\t<\/div>\n\t\t\t\t<\/div>\n\t\t\t\t<div class=\"elementor-element elementor-element-135d1bd elementor-widget elementor-widget-spacer\" data-id=\"135d1bd\" data-element_type=\"widget\" data-widget_type=\"spacer.default\">\n\t\t\t\t<div class=\"elementor-widget-container\">\n\t\t\t\t\t<div class=\"elementor-spacer\">\n\t\t\t<div class=\"elementor-spacer-inner\"><\/div>\n\t\t<\/div>\n\t\t\t\t<\/div>\n\t\t\t\t<\/div>\n\t\t<div class=\"elementor-element elementor-element-32d8088 e-con-full e-flex e-con e-child\" data-id=\"32d8088\" data-element_type=\"container\">\n\t\t\t\t<div class=\"elementor-element elementor-element-02ef0d9 elementor-widget elementor-widget-text-editor\" data-id=\"02ef0d9\" data-element_type=\"widget\" data-widget_type=\"text-editor.default\">\n\t\t\t\t<div class=\"elementor-widget-container\">\n\t\t\t\t\t\t\t<p><strong>En hyllning till Convenience-branchens f\u00f6retag<\/strong><\/p>\t\t\t\t\t\t<\/div>\n\t\t\t\t<\/div>\n\t\t\t\t<div class=\"elementor-element elementor-element-77bfa31 elementor-widget elementor-widget-text-editor\" data-id=\"77bfa31\" data-element_type=\"widget\" data-widget_type=\"text-editor.default\">\n\t\t\t\t<div class=\"elementor-widget-container\">\n\t\t\t\t\t\t\t<p><strong>Conveniencegalan presenteras av tidningen RS Foodservice och Fri K\u00f6penskap tillsammans <br \/>med Convenience Stores Sweden (CSS).<br \/><\/strong><br \/>Conveniencegalan, som arrangeras av tidningen\u00a0<a href=\"https:\/\/www.foodnet.se\/\" target=\"_blank\" rel=\"noopener\"><strong>RS Fastfood <\/strong><\/a>\u00a0i samarbete med <a href=\"https:\/\/conveniencestores.se\/\" target=\"_blank\" rel=\"noopener\"><strong>Convenience Stores Sweden<\/strong><\/a>, och mediepartnern <a href=\"https:\/\/www.fri-kopenskap.se\/\" target=\"_blank\" rel=\"noopener\"><strong>Fri K\u00f6penskap<\/strong><\/a>\u00a0\u00e4r en hyllning till Convenience-branschens m\u00e5nga framg\u00e5ngsrika, insiktsfulla och modiga f\u00f6retag.<\/p><p>Galan utg\u00f6r en festlig h\u00f6jdpunkt d\u00e4r branschens mest framst\u00e5ende personer st\u00e5r i centrum. Det \u00e4r ett tillf\u00e4lle f\u00f6r alla delar av branschen att m\u00f6tas under en enda kv\u00e4ll, utbyta erfarenheter och gemensamt hylla sina hj\u00e4ltar.<\/p>\t\t\t\t\t\t<\/div>\n\t\t\t\t<\/div>\n\t\t\t\t<\/div>\n\t\t\t\t\t<\/div>\n\t\t\t\t<\/div>\n\t\t<div class=\"elementor-element elementor-element-0ccd106 e-flex e-con-boxed e-con e-parent\" data-id=\"0ccd106\" data-element_type=\"container\" data-core-v316-plus=\"true\">\n\t\t\t\t\t<div class=\"e-con-inner\">\n\t\t\t\t<div class=\"elementor-element elementor-element-a30c83b elementor-widget elementor-widget-spacer\" data-id=\"a30c83b\" data-element_type=\"widget\" data-widget_type=\"spacer.default\">\n\t\t\t\t<div class=\"elementor-widget-container\">\n\t\t\t\t\t<div class=\"elementor-spacer\">\n\t\t\t<div class=\"elementor-spacer-inner\"><\/div>\n\t\t<\/div>\n\t\t\t\t<\/div>\n\t\t\t\t<\/div>\n\t\t\t\t\t<\/div>\n\t\t\t\t<\/div>\n\t\t\t\t<\/div>\n\t\t","protected":false},"excerpt":{"rendered":"<p>Varf\u00f6r Conveniencegalan Convenience-branschen har aldrig varit mer dynamisk \u00e4n nu, pr\u00e4glad av st\u00e4ndig f\u00f6r\u00e4ndring och nyskapande. Med nya innovationer, produkter och tj\u00e4nster som st\u00e4ndigt utvecklas \u00e4r det dags att lyfta fram de som driver branschen fram\u00e5t. Conveniencegalan \u00e4r en unik m\u00f6jlighet f\u00f6r representanter fr\u00e5n alla delar av branschen att samlas, n\u00e4tverka och dela v\u00e4rdefulla erfarenheter. [&hellip;]<\/p>\n","protected":false},"author":1,"featured_media":0,"parent":0,"menu_order":0,"comment_status":"closed","ping_status":"closed","template":"elementor_header_footer","meta":{"_acf_changed":false,"inline_featured_image":false,"footnotes":""},"acf":[],"_links":{"self":[{"href":"https:\/\/nmevents.se\/conveniencegalan\/wp-json\/wp\/v2\/pages\/201"}],"collection":[{"href":"https:\/\/nmevents.se\/conveniencegalan\/wp-json\/wp\/v2\/pages"}],"about":[{"href":"https:\/\/nmevents.se\/conveniencegalan\/wp-json\/wp\/v2\/types\/page"}],"author":[{"embeddable":true,"href":"https:\/\/nmevents.se\/conveniencegalan\/wp-json\/wp\/v2\/users\/1"}],"replies":[{"embeddable":true,"href":"https:\/\/nmevents.se\/conveniencegalan\/wp-json\/wp\/v2\/comments?post=201"}],"version-history":[{"count":54,"href":"https:\/\/nmevents.se\/conveniencegalan\/wp-json\/wp\/v2\/pages\/201\/revisions"}],"predecessor-version":[{"id":4294,"href":"https:\/\/nmevents.se\/conveniencegalan\/wp-json\/wp\/v2\/pages\/201\/revisions\/4294"}],"wp:attachment":[{"href":"https:\/\/nmevents.se\/conveniencegalan\/wp-json\/wp\/v2\/media?parent=201"}],"curies":[{"name":"wp","href":"https:\/\/api.w.org\/{rel}","templated":true}]}}