{"id":17,"date":"2023-11-06T11:17:16","date_gmt":"2023-11-06T11:17:16","guid":{"rendered":"https:\/\/eventdk.nordiske-medier.dk\/?page_id=17"},"modified":"2026-03-25T14:23:21","modified_gmt":"2026-03-25T13:23:21","slug":"kontakt","status":"publish","type":"page","link":"https:\/\/nmevents.se\/dagligvarudagen\/kontakt\/","title":{"rendered":"Kontakt"},"content":{"rendered":"\t\t<div data-elementor-type=\"wp-page\" data-elementor-id=\"17\" class=\"elementor elementor-17\" data-elementor-post-type=\"page\">\n\t\t\t\t<div class=\"elementor-element elementor-element-0b4e317 e-flex e-con-boxed e-con e-parent\" data-id=\"0b4e317\" data-element_type=\"container\" data-core-v316-plus=\"true\">\n\t\t\t\t\t<div class=\"e-con-inner\">\n\t\t<div class=\"elementor-element elementor-element-e8af39a e-con-full e-flex e-con e-child\" data-id=\"e8af39a\" data-element_type=\"container\">\n\t\t\t\t<div class=\"elementor-element elementor-element-1ddc4ff elementor-widget elementor-widget-image\" data-id=\"1ddc4ff\" data-element_type=\"widget\" data-widget_type=\"image.default\">\n\t\t\t\t<div class=\"elementor-widget-container\">\n\t\t\t<style>\/*! elementor - v3.20.0 - 20-03-2024 *\/\n.elementor-widget-image{text-align:center}.elementor-widget-image a{display:inline-block}.elementor-widget-image a img[src$=\".svg\"]{width:48px}.elementor-widget-image img{vertical-align:middle;display:inline-block}<\/style>\t\t\t\t\t\t\t\t\t\t<img fetchpriority=\"high\" decoding=\"async\" width=\"768\" height=\"768\" src=\"https:\/\/nmevents.se\/dagligvarudagen\/wp-content\/uploads\/sites\/12\/2025\/01\/Foton-kontakt_runda_Carro-768x768.png\" class=\"attachment-medium_large size-medium_large wp-image-6442\" alt=\"\" srcset=\"https:\/\/nmevents.se\/dagligvarudagen\/wp-content\/uploads\/sites\/12\/2025\/01\/Foton-kontakt_runda_Carro-768x768.png 768w, https:\/\/nmevents.se\/dagligvarudagen\/wp-content\/uploads\/sites\/12\/2025\/01\/Foton-kontakt_runda_Carro-300x300.png 300w, https:\/\/nmevents.se\/dagligvarudagen\/wp-content\/uploads\/sites\/12\/2025\/01\/Foton-kontakt_runda_Carro-1024x1024.png 1024w, https:\/\/nmevents.se\/dagligvarudagen\/wp-content\/uploads\/sites\/12\/2025\/01\/Foton-kontakt_runda_Carro-150x150.png 150w, https:\/\/nmevents.se\/dagligvarudagen\/wp-content\/uploads\/sites\/12\/2025\/01\/Foton-kontakt_runda_Carro.png 1042w\" sizes=\"(max-width: 768px) 100vw, 768px\" \/>\t\t\t\t\t\t\t\t\t\t\t\t\t<\/div>\n\t\t\t\t<\/div>\n\t\t\t\t<div class=\"elementor-element elementor-element-ec97303 elementor-widget elementor-widget-heading\" data-id=\"ec97303\" data-element_type=\"widget\" data-widget_type=\"heading.default\">\n\t\t\t\t<div class=\"elementor-widget-container\">\n\t\t\t<style>\/*! elementor - v3.20.0 - 20-03-2024 *\/\n.elementor-heading-title{padding:0;margin:0;line-height:1}.elementor-widget-heading .elementor-heading-title[class*=elementor-size-]>a{color:inherit;font-size:inherit;line-height:inherit}.elementor-widget-heading .elementor-heading-title.elementor-size-small{font-size:15px}.elementor-widget-heading .elementor-heading-title.elementor-size-medium{font-size:19px}.elementor-widget-heading .elementor-heading-title.elementor-size-large{font-size:29px}.elementor-widget-heading .elementor-heading-title.elementor-size-xl{font-size:39px}.elementor-widget-heading .elementor-heading-title.elementor-size-xxl{font-size:59px}<\/style><h3 class=\"elementor-heading-title elementor-size-default\">Caroline Magn\u00e9li<\/h3>\t\t<\/div>\n\t\t\t\t<\/div>\n\t\t\t\t<div class=\"elementor-element elementor-element-60793f2 elementor-widget elementor-widget-text-editor\" data-id=\"60793f2\" data-element_type=\"widget\" data-widget_type=\"text-editor.default\">\n\t\t\t\t<div class=\"elementor-widget-container\">\n\t\t\t<style>\/*! elementor - v3.20.0 - 20-03-2024 *\/\n.elementor-widget-text-editor.elementor-drop-cap-view-stacked .elementor-drop-cap{background-color:#69727d;color:#fff}.elementor-widget-text-editor.elementor-drop-cap-view-framed .elementor-drop-cap{color:#69727d;border:3px solid;background-color:transparent}.elementor-widget-text-editor:not(.elementor-drop-cap-view-default) .elementor-drop-cap{margin-top:8px}.elementor-widget-text-editor:not(.elementor-drop-cap-view-default) .elementor-drop-cap-letter{width:1em;height:1em}.elementor-widget-text-editor .elementor-drop-cap{float:left;text-align:center;line-height:1;font-size:50px}.elementor-widget-text-editor .elementor-drop-cap-letter{display:inline-block}<\/style>\t\t\t\t<p>Projektledare<br \/><span style=\"text-align: var(--text-align);\">+46 (0) 73 682 53 77<br \/><a href=\"mailto:jens.osterstrom@nordiskemedier.se\">caroline.magneli.holm@nordiskemedier.se<\/a><\/span><br \/><strong>F\u00f6r fr\u00e5gor om eventet<\/strong><\/p>\t\t\t\t\t\t<\/div>\n\t\t\t\t<\/div>\n\t\t\t\t<\/div>\n\t\t<div class=\"elementor-element elementor-element-42a2759 e-con-full e-flex e-con e-child\" data-id=\"42a2759\" data-element_type=\"container\">\n\t\t\t\t<div class=\"elementor-element elementor-element-ad7fa11 elementor-widget elementor-widget-image\" data-id=\"ad7fa11\" data-element_type=\"widget\" data-widget_type=\"image.default\">\n\t\t\t\t<div class=\"elementor-widget-container\">\n\t\t\t\t\t\t\t\t\t\t\t\t\t<img decoding=\"async\" width=\"768\" height=\"768\" src=\"https:\/\/nmevents.se\/dagligvarudagen\/wp-content\/uploads\/sites\/12\/2025\/01\/Foton-kontakt_runda_Tobbe-1-768x768.png\" class=\"attachment-medium_large size-medium_large wp-image-6443\" alt=\"\" srcset=\"https:\/\/nmevents.se\/dagligvarudagen\/wp-content\/uploads\/sites\/12\/2025\/01\/Foton-kontakt_runda_Tobbe-1-768x768.png 768w, https:\/\/nmevents.se\/dagligvarudagen\/wp-content\/uploads\/sites\/12\/2025\/01\/Foton-kontakt_runda_Tobbe-1-300x300.png 300w, https:\/\/nmevents.se\/dagligvarudagen\/wp-content\/uploads\/sites\/12\/2025\/01\/Foton-kontakt_runda_Tobbe-1-1024x1024.png 1024w, https:\/\/nmevents.se\/dagligvarudagen\/wp-content\/uploads\/sites\/12\/2025\/01\/Foton-kontakt_runda_Tobbe-1-150x150.png 150w, https:\/\/nmevents.se\/dagligvarudagen\/wp-content\/uploads\/sites\/12\/2025\/01\/Foton-kontakt_runda_Tobbe-1.png 1042w\" sizes=\"(max-width: 768px) 100vw, 768px\" \/>\t\t\t\t\t\t\t\t\t\t\t\t\t<\/div>\n\t\t\t\t<\/div>\n\t\t\t\t<div class=\"elementor-element elementor-element-89a100c elementor-widget elementor-widget-heading\" data-id=\"89a100c\" data-element_type=\"widget\" data-widget_type=\"heading.default\">\n\t\t\t\t<div class=\"elementor-widget-container\">\n\t\t\t<h3 class=\"elementor-heading-title elementor-size-default\">Tobias Estlind<\/h3>\t\t<\/div>\n\t\t\t\t<\/div>\n\t\t\t\t<div class=\"elementor-element elementor-element-9c7d2d7 elementor-widget elementor-widget-text-editor\" data-id=\"9c7d2d7\" data-element_type=\"widget\" data-widget_type=\"text-editor.default\">\n\t\t\t\t<div class=\"elementor-widget-container\">\n\t\t\t\t\t\t\t<p>Key Account Manager<br>+46 (0)73 523 91 15<br><a class=\"staff-member-email\" title=\"Email Tobias Estlind\" href=\"mailto:tobias.estlind@nordiskemedier.se\">tobias.estlind@nordiskemedier.se<\/a><br><strong>F\u00f6r fr\u00e5gor bokning till Dagligvarudagarna<\/strong><\/p>\t\t\t\t\t\t<\/div>\n\t\t\t\t<\/div>\n\t\t\t\t<\/div>\n\t\t<div class=\"elementor-element elementor-element-080ffe5 e-con-full e-flex e-con e-child\" data-id=\"080ffe5\" data-element_type=\"container\">\n\t\t\t\t<div class=\"elementor-element elementor-element-1013c1a elementor-widget elementor-widget-image\" data-id=\"1013c1a\" data-element_type=\"widget\" data-widget_type=\"image.default\">\n\t\t\t\t<div class=\"elementor-widget-container\">\n\t\t\t\t\t\t\t\t\t\t\t\t\t<img decoding=\"async\" width=\"768\" height=\"768\" src=\"https:\/\/nmevents.se\/dagligvarudagen\/wp-content\/uploads\/sites\/12\/2025\/06\/Alfred_rund-768x768.png\" class=\"attachment-medium_large size-medium_large wp-image-7420\" alt=\"\" srcset=\"https:\/\/nmevents.se\/dagligvarudagen\/wp-content\/uploads\/sites\/12\/2025\/06\/Alfred_rund-768x768.png 768w, https:\/\/nmevents.se\/dagligvarudagen\/wp-content\/uploads\/sites\/12\/2025\/06\/Alfred_rund-300x300.png 300w, https:\/\/nmevents.se\/dagligvarudagen\/wp-content\/uploads\/sites\/12\/2025\/06\/Alfred_rund-1024x1024.png 1024w, https:\/\/nmevents.se\/dagligvarudagen\/wp-content\/uploads\/sites\/12\/2025\/06\/Alfred_rund-150x150.png 150w, https:\/\/nmevents.se\/dagligvarudagen\/wp-content\/uploads\/sites\/12\/2025\/06\/Alfred_rund.png 1042w\" sizes=\"(max-width: 768px) 100vw, 768px\" \/>\t\t\t\t\t\t\t\t\t\t\t\t\t<\/div>\n\t\t\t\t<\/div>\n\t\t\t\t<div class=\"elementor-element elementor-element-97b61b1 elementor-widget elementor-widget-heading\" data-id=\"97b61b1\" data-element_type=\"widget\" data-widget_type=\"heading.default\">\n\t\t\t\t<div class=\"elementor-widget-container\">\n\t\t\t<h3 class=\"elementor-heading-title elementor-size-default\">Alfred Dahlgren Antelius<\/h3>\t\t<\/div>\n\t\t\t\t<\/div>\n\t\t\t\t<div class=\"elementor-element elementor-element-51d165a elementor-widget elementor-widget-text-editor\" data-id=\"51d165a\" data-element_type=\"widget\" data-widget_type=\"text-editor.default\">\n\t\t\t\t<div class=\"elementor-widget-container\">\n\t\t\t\t\t\t\t<p>Medies\u00e4ljare<br \/>+46 (0)72 326 10 55<br \/><a href=\"mailto:alfred.antelius@nordiskemedier.se\">alfred.antelius@nordiskemedier.se<\/a><br \/><strong>F\u00f6r fr\u00e5gor bokning till Dagligvarudagarna<\/strong><\/p>\t\t\t\t\t\t<\/div>\n\t\t\t\t<\/div>\n\t\t\t\t<\/div>\n\t\t<div class=\"elementor-element elementor-element-5c70229 e-con-full e-flex e-con e-child\" data-id=\"5c70229\" data-element_type=\"container\">\n\t\t\t\t<div class=\"elementor-element elementor-element-e26c0c4 elementor-widget elementor-widget-image\" data-id=\"e26c0c4\" data-element_type=\"widget\" data-widget_type=\"image.default\">\n\t\t\t\t<div class=\"elementor-widget-container\">\n\t\t\t\t\t\t\t\t\t\t\t\t\t<img loading=\"lazy\" decoding=\"async\" width=\"768\" height=\"768\" src=\"https:\/\/nmevents.se\/dagligvarudagen\/wp-content\/uploads\/sites\/12\/2026\/03\/Foton-kontakt_runda_Simon-768x768.png\" class=\"attachment-medium_large size-medium_large wp-image-7990\" alt=\"\" srcset=\"https:\/\/nmevents.se\/dagligvarudagen\/wp-content\/uploads\/sites\/12\/2026\/03\/Foton-kontakt_runda_Simon-768x768.png 768w, https:\/\/nmevents.se\/dagligvarudagen\/wp-content\/uploads\/sites\/12\/2026\/03\/Foton-kontakt_runda_Simon-300x300.png 300w, https:\/\/nmevents.se\/dagligvarudagen\/wp-content\/uploads\/sites\/12\/2026\/03\/Foton-kontakt_runda_Simon-1024x1024.png 1024w, https:\/\/nmevents.se\/dagligvarudagen\/wp-content\/uploads\/sites\/12\/2026\/03\/Foton-kontakt_runda_Simon-150x150.png 150w, https:\/\/nmevents.se\/dagligvarudagen\/wp-content\/uploads\/sites\/12\/2026\/03\/Foton-kontakt_runda_Simon.png 1042w\" sizes=\"(max-width: 768px) 100vw, 768px\" \/>\t\t\t\t\t\t\t\t\t\t\t\t\t<\/div>\n\t\t\t\t<\/div>\n\t\t\t\t<div class=\"elementor-element elementor-element-85a56e7 elementor-widget elementor-widget-heading\" data-id=\"85a56e7\" data-element_type=\"widget\" data-widget_type=\"heading.default\">\n\t\t\t\t<div class=\"elementor-widget-container\">\n\t\t\t<h3 class=\"elementor-heading-title elementor-size-default\">Simon Kron\u00f6<\/h3>\t\t<\/div>\n\t\t\t\t<\/div>\n\t\t\t\t<div class=\"elementor-element elementor-element-a5337d8 elementor-widget elementor-widget-text-editor\" data-id=\"a5337d8\" data-element_type=\"widget\" data-widget_type=\"text-editor.default\">\n\t\t\t\t<div class=\"elementor-widget-container\">\n\t\t\t\t\t\t\t<p>Redaktionschef<br \/>+46 (0) 736825396<br \/><a href=\"mailto:simon.krono@nordiskemedier.se\">simon.krono@nordiskemedier.se<\/a><br \/><strong>F\u00f6r fr\u00e5gor g\u00e4llande pressmeddelanden\u00a0<\/strong><\/p>\t\t\t\t\t\t<\/div>\n\t\t\t\t<\/div>\n\t\t\t\t<\/div>\n\t\t\t\t\t<\/div>\n\t\t\t\t<\/div>\n\t\t<div class=\"elementor-element elementor-element-a484233 e-flex e-con-boxed e-con e-parent\" data-id=\"a484233\" data-element_type=\"container\" data-core-v316-plus=\"true\">\n\t\t\t\t\t<div class=\"e-con-inner\">\n\t\t\t\t<div class=\"elementor-element elementor-element-39a061d elementor-widget elementor-widget-spacer\" data-id=\"39a061d\" data-element_type=\"widget\" data-widget_type=\"spacer.default\">\n\t\t\t\t<div class=\"elementor-widget-container\">\n\t\t\t<style>\/*! elementor - v3.20.0 - 20-03-2024 *\/\n.elementor-column .elementor-spacer-inner{height:var(--spacer-size)}.e-con{--container-widget-width:100%}.e-con-inner>.elementor-widget-spacer,.e-con>.elementor-widget-spacer{width:var(--container-widget-width,var(--spacer-size));--align-self:var(--container-widget-align-self,initial);--flex-shrink:0}.e-con-inner>.elementor-widget-spacer>.elementor-widget-container,.e-con>.elementor-widget-spacer>.elementor-widget-container{height:100%;width:100%}.e-con-inner>.elementor-widget-spacer>.elementor-widget-container>.elementor-spacer,.e-con>.elementor-widget-spacer>.elementor-widget-container>.elementor-spacer{height:100%}.e-con-inner>.elementor-widget-spacer>.elementor-widget-container>.elementor-spacer>.elementor-spacer-inner,.e-con>.elementor-widget-spacer>.elementor-widget-container>.elementor-spacer>.elementor-spacer-inner{height:var(--container-widget-height,var(--spacer-size))}.e-con-inner>.elementor-widget-spacer.elementor-widget-empty,.e-con>.elementor-widget-spacer.elementor-widget-empty{position:relative;min-height:22px;min-width:22px}.e-con-inner>.elementor-widget-spacer.elementor-widget-empty .elementor-widget-empty-icon,.e-con>.elementor-widget-spacer.elementor-widget-empty .elementor-widget-empty-icon{position:absolute;top:0;bottom:0;left:0;right:0;margin:auto;padding:0;width:22px;height:22px}<\/style>\t\t<div class=\"elementor-spacer\">\n\t\t\t<div class=\"elementor-spacer-inner\"><\/div>\n\t\t<\/div>\n\t\t\t\t<\/div>\n\t\t\t\t<\/div>\n\t\t\t\t\t<\/div>\n\t\t\t\t<\/div>\n\t\t\t\t<\/div>\n\t\t","protected":false},"excerpt":{"rendered":"<p>Caroline Magn\u00e9li Projektledare+46 (0) 73 682 53 77caroline.magneli.holm@nordiskemedier.seF\u00f6r fr\u00e5gor om eventet Tobias Estlind Key Account Manager+46 (0)73 523 91 15tobias.estlind@nordiskemedier.seF\u00f6r fr\u00e5gor bokning till Dagligvarudagarna Alfred Dahlgren Antelius Medies\u00e4ljare+46 (0)72 326 10 55alfred.antelius@nordiskemedier.seF\u00f6r fr\u00e5gor bokning till Dagligvarudagarna Simon Kron\u00f6 Redaktionschef+46 (0) 736825396simon.krono@nordiskemedier.seF\u00f6r fr\u00e5gor g\u00e4llande pressmeddelanden\u00a0<\/p>\n","protected":false},"author":1,"featured_media":0,"parent":0,"menu_order":0,"comment_status":"closed","ping_status":"closed","template":"elementor_header_footer","meta":{"_acf_changed":false,"footnotes":""},"acf":[],"_links":{"self":[{"href":"https:\/\/nmevents.se\/dagligvarudagen\/wp-json\/wp\/v2\/pages\/17"}],"collection":[{"href":"https:\/\/nmevents.se\/dagligvarudagen\/wp-json\/wp\/v2\/pages"}],"about":[{"href":"https:\/\/nmevents.se\/dagligvarudagen\/wp-json\/wp\/v2\/types\/page"}],"author":[{"embeddable":true,"href":"https:\/\/nmevents.se\/dagligvarudagen\/wp-json\/wp\/v2\/users\/1"}],"replies":[{"embeddable":true,"href":"https:\/\/nmevents.se\/dagligvarudagen\/wp-json\/wp\/v2\/comments?post=17"}],"version-history":[{"count":105,"href":"https:\/\/nmevents.se\/dagligvarudagen\/wp-json\/wp\/v2\/pages\/17\/revisions"}],"predecessor-version":[{"id":7997,"href":"https:\/\/nmevents.se\/dagligvarudagen\/wp-json\/wp\/v2\/pages\/17\/revisions\/7997"}],"wp:attachment":[{"href":"https:\/\/nmevents.se\/dagligvarudagen\/wp-json\/wp\/v2\/media?parent=17"}],"curies":[{"name":"wp","href":"https:\/\/api.w.org\/{rel}","templated":true}]}}