{"id":17,"date":"2023-11-06T11:17:16","date_gmt":"2023-11-06T11:17:16","guid":{"rendered":"https:\/\/eventdk4_.nordiske-medier.dk4_\/?page_id=17"},"modified":"2024-09-18T22:22:55","modified_gmt":"2024-09-18T20:22:55","slug":"kontakt","status":"publish","type":"page","link":"https:\/\/nmevents.se\/habitfashionforum\/kontakt\/","title":{"rendered":"Contact"},"content":{"rendered":"\t\t<div data-elementor-type=\"wp-page\" data-elementor-id=\"17\" class=\"elementor elementor-17\" data-elementor-post-type=\"page\">\n\t\t\t\t<div class=\"elementor-element elementor-element-bbdf963 e-flex e-con-boxed e-con e-parent\" data-id=\"bbdf963\" data-element_type=\"container\" data-core-v316-plus=\"true\">\n\t\t\t\t\t<div class=\"e-con-inner\">\n\t\t<div class=\"elementor-element elementor-element-f9ce19b e-con-full e-flex e-con e-child\" data-id=\"f9ce19b\" data-element_type=\"container\">\n\t\t\t\t<div class=\"elementor-element elementor-element-61022a1 elementor-widget elementor-widget-heading\" data-id=\"61022a1\" data-element_type=\"widget\" data-widget_type=\"heading.default\">\n\t\t\t\t<div class=\"elementor-widget-container\">\n\t\t\t<style>\/*! elementor - v3.20.0 - 20-03-2024 *\/\n.elementor-heading-title{padding:0;margin:0;line-height:1}.elementor-widget-heading .elementor-heading-title[class*=elementor-size-]>a{color:inherit;font-size:inherit;line-height:inherit}.elementor-widget-heading .elementor-heading-title.elementor-size-small{font-size:15px}.elementor-widget-heading .elementor-heading-title.elementor-size-medium{font-size:19px}.elementor-widget-heading .elementor-heading-title.elementor-size-large{font-size:29px}.elementor-widget-heading .elementor-heading-title.elementor-size-xl{font-size:39px}.elementor-widget-heading .elementor-heading-title.elementor-size-xxl{font-size:59px}<\/style><h1 class=\"elementor-heading-title elementor-size-default\">Kontakt<\/h1>\t\t<\/div>\n\t\t\t\t<\/div>\n\t\t\t\t<\/div>\n\t\t\t\t\t<\/div>\n\t\t\t\t<\/div>\n\t\t<div class=\"elementor-element elementor-element-1df7320 e-flex e-con-boxed e-con e-parent\" data-id=\"1df7320\" data-element_type=\"container\" data-core-v316-plus=\"true\">\n\t\t\t\t\t<div class=\"e-con-inner\">\n\t\t<div class=\"elementor-element elementor-element-36d6a53 e-con-full e-flex e-con e-child\" data-id=\"36d6a53\" data-element_type=\"container\">\n\t\t\t\t<div class=\"elementor-element elementor-element-9112124 elementor-widget elementor-widget-image\" data-id=\"9112124\" data-element_type=\"widget\" data-widget_type=\"image.default\">\n\t\t\t\t<div class=\"elementor-widget-container\">\n\t\t\t<style>\/*! elementor - v3.20.0 - 20-03-2024 *\/\n.elementor-widget-image{text-align:center}.elementor-widget-image a{display:inline-block}.elementor-widget-image a img[src$=\".svg\"]{width:48px}.elementor-widget-image img{vertical-align:middle;display:inline-block}<\/style>\t\t\t\t\t\t\t\t\t\t<img fetchpriority=\"high\" decoding=\"async\" width=\"398\" height=\"450\" src=\"https:\/\/nmevents.se\/habitfashionforum\/wp-content\/uploads\/sites\/29\/2024\/09\/Kajsa-bild_retouch.jpg\" class=\"attachment-full size-full wp-image-2240\" alt=\"\" srcset=\"https:\/\/nmevents.se\/habitfashionforum\/wp-content\/uploads\/sites\/29\/2024\/09\/Kajsa-bild_retouch.jpg 398w, https:\/\/nmevents.se\/habitfashionforum\/wp-content\/uploads\/sites\/29\/2024\/09\/Kajsa-bild_retouch-265x300.jpg 265w\" sizes=\"(max-width: 398px) 100vw, 398px\" \/>\t\t\t\t\t\t\t\t\t\t\t\t\t<\/div>\n\t\t\t\t<\/div>\n\t\t\t\t<div class=\"elementor-element elementor-element-24b9c99 elementor-widget elementor-widget-heading\" data-id=\"24b9c99\" data-element_type=\"widget\" data-widget_type=\"heading.default\">\n\t\t\t\t<div class=\"elementor-widget-container\">\n\t\t\t<h3 class=\"elementor-heading-title elementor-size-default\">Kajsa \u00c5str\u00f6m<\/h3>\t\t<\/div>\n\t\t\t\t<\/div>\n\t\t\t\t<div class=\"elementor-element elementor-element-1d3ed8f elementor-widget elementor-widget-text-editor\" data-id=\"1d3ed8f\" data-element_type=\"widget\" data-widget_type=\"text-editor.default\">\n\t\t\t\t<div class=\"elementor-widget-container\">\n\t\t\t<style>\/*! elementor - v3.20.0 - 20-03-2024 *\/\n.elementor-widget-text-editor.elementor-drop-cap-view-stacked .elementor-drop-cap{background-color:#69727d;color:#fff}.elementor-widget-text-editor.elementor-drop-cap-view-framed .elementor-drop-cap{color:#69727d;border:3px solid;background-color:transparent}.elementor-widget-text-editor:not(.elementor-drop-cap-view-default) .elementor-drop-cap{margin-top:8px}.elementor-widget-text-editor:not(.elementor-drop-cap-view-default) .elementor-drop-cap-letter{width:1em;height:1em}.elementor-widget-text-editor .elementor-drop-cap{float:left;text-align:center;line-height:1;font-size:50px}.elementor-widget-text-editor .elementor-drop-cap-letter{display:inline-block}<\/style>\t\t\t\t<p>Chefredakt\u00f6r, Habit<\/p><p>+46 (0)73 682 53 91 <br \/><a href=\"mailto:birgitta.tangnander@nordiskemedier.se\">kajsa.astrom@nordiskemedier.se<\/a><\/p>\t\t\t\t\t\t<\/div>\n\t\t\t\t<\/div>\n\t\t\t\t<\/div>\n\t\t<div class=\"elementor-element elementor-element-ac9732f e-con-full e-flex e-con e-child\" data-id=\"ac9732f\" data-element_type=\"container\">\n\t\t\t\t<div class=\"elementor-element elementor-element-9ae02e4 elementor-widget elementor-widget-image\" data-id=\"9ae02e4\" data-element_type=\"widget\" data-widget_type=\"image.default\">\n\t\t\t\t<div class=\"elementor-widget-container\">\n\t\t\t\t\t\t\t\t\t\t\t\t\t<img decoding=\"async\" width=\"1000\" height=\"1000\" src=\"https:\/\/nmevents.se\/habitfashionforum\/wp-content\/uploads\/sites\/29\/2024\/09\/DSC02262_VALD_fix-kopiera.jpg\" class=\"attachment-full size-full wp-image-1606\" alt=\"\" srcset=\"https:\/\/nmevents.se\/habitfashionforum\/wp-content\/uploads\/sites\/29\/2024\/09\/DSC02262_VALD_fix-kopiera.jpg 1000w, https:\/\/nmevents.se\/habitfashionforum\/wp-content\/uploads\/sites\/29\/2024\/09\/DSC02262_VALD_fix-kopiera-300x300.jpg 300w, https:\/\/nmevents.se\/habitfashionforum\/wp-content\/uploads\/sites\/29\/2024\/09\/DSC02262_VALD_fix-kopiera-150x150.jpg 150w, https:\/\/nmevents.se\/habitfashionforum\/wp-content\/uploads\/sites\/29\/2024\/09\/DSC02262_VALD_fix-kopiera-768x768.jpg 768w\" sizes=\"(max-width: 1000px) 100vw, 1000px\" \/>\t\t\t\t\t\t\t\t\t\t\t\t\t<\/div>\n\t\t\t\t<\/div>\n\t\t\t\t<div class=\"elementor-element elementor-element-7802752 elementor-widget elementor-widget-heading\" data-id=\"7802752\" data-element_type=\"widget\" data-widget_type=\"heading.default\">\n\t\t\t\t<div class=\"elementor-widget-container\">\n\t\t\t<h3 class=\"elementor-heading-title elementor-size-default\">Martin G\u00f6rhed<\/h3>\t\t<\/div>\n\t\t\t\t<\/div>\n\t\t\t\t<div class=\"elementor-element elementor-element-fe9ce8e elementor-widget elementor-widget-text-editor\" data-id=\"fe9ce8e\" data-element_type=\"widget\" data-widget_type=\"text-editor.default\">\n\t\t\t\t<div class=\"elementor-widget-container\">\n\t\t\t\t\t\t\t<p><span style=\"text-align: var(--text-align);\">Partneransvarig<\/span><\/p><p>+46 (0)70 995 13 37<br \/><a style=\"text-align: var(--text-align); background-color: #ffffff;\" href=\"mailto:johan.sandin@nordiskemedier.se\">martin.gorhed@nordiskemedier.se<\/a><\/p>\t\t\t\t\t\t<\/div>\n\t\t\t\t<\/div>\n\t\t\t\t<\/div>\n\t\t<div class=\"elementor-element elementor-element-8721ae5 e-con-full e-flex e-con e-child\" data-id=\"8721ae5\" data-element_type=\"container\">\n\t\t\t\t<div class=\"elementor-element elementor-element-f2f46be elementor-widget elementor-widget-image\" data-id=\"f2f46be\" data-element_type=\"widget\" data-widget_type=\"image.default\">\n\t\t\t\t<div class=\"elementor-widget-container\">\n\t\t\t\t\t\t\t\t\t\t\t\t\t<img decoding=\"async\" width=\"2482\" height=\"2482\" src=\"https:\/\/nmevents.se\/habitfashionforum\/wp-content\/uploads\/sites\/29\/2024\/09\/Jens_Osterstrom_farg-1till1.jpg\" class=\"attachment-full size-full wp-image-1733\" alt=\"\" srcset=\"https:\/\/nmevents.se\/habitfashionforum\/wp-content\/uploads\/sites\/29\/2024\/09\/Jens_Osterstrom_farg-1till1.jpg 2482w, https:\/\/nmevents.se\/habitfashionforum\/wp-content\/uploads\/sites\/29\/2024\/09\/Jens_Osterstrom_farg-1till1-300x300.jpg 300w, https:\/\/nmevents.se\/habitfashionforum\/wp-content\/uploads\/sites\/29\/2024\/09\/Jens_Osterstrom_farg-1till1-1024x1024.jpg 1024w, https:\/\/nmevents.se\/habitfashionforum\/wp-content\/uploads\/sites\/29\/2024\/09\/Jens_Osterstrom_farg-1till1-150x150.jpg 150w, https:\/\/nmevents.se\/habitfashionforum\/wp-content\/uploads\/sites\/29\/2024\/09\/Jens_Osterstrom_farg-1till1-768x768.jpg 768w, https:\/\/nmevents.se\/habitfashionforum\/wp-content\/uploads\/sites\/29\/2024\/09\/Jens_Osterstrom_farg-1till1-1536x1536.jpg 1536w, https:\/\/nmevents.se\/habitfashionforum\/wp-content\/uploads\/sites\/29\/2024\/09\/Jens_Osterstrom_farg-1till1-2048x2048.jpg 2048w\" sizes=\"(max-width: 2482px) 100vw, 2482px\" \/>\t\t\t\t\t\t\t\t\t\t\t\t\t<\/div>\n\t\t\t\t<\/div>\n\t\t\t\t<div class=\"elementor-element elementor-element-4a1d8e7 elementor-widget elementor-widget-heading\" data-id=\"4a1d8e7\" data-element_type=\"widget\" data-widget_type=\"heading.default\">\n\t\t\t\t<div class=\"elementor-widget-container\">\n\t\t\t<h3 class=\"elementor-heading-title elementor-size-default\">Jens \u00d6sterstr\u00f6m<\/h3>\t\t<\/div>\n\t\t\t\t<\/div>\n\t\t\t\t<div class=\"elementor-element elementor-element-8e605e6 elementor-widget elementor-widget-text-editor\" data-id=\"8e605e6\" data-element_type=\"widget\" data-widget_type=\"text-editor.default\">\n\t\t\t\t<div class=\"elementor-widget-container\">\n\t\t\t\t\t\t\t<p>Projektledare<\/p><p><a href=\"tel:+46 (0)736825312\" style=\"text-align: var(--text-align); background-color: rgb(255, 255, 255);\">+46 (0)73 682 53 12<\/a><br><a href=\"mailto:johan.sandin@nordiskemedier.se\" style=\"text-align: var(--text-align); background-color: rgb(255, 255, 255);\">jens.osterstrom@nordiskemedier.se<\/a><\/p>\t\t\t\t\t\t<\/div>\n\t\t\t\t<\/div>\n\t\t\t\t<\/div>\n\t\t\t\t\t<\/div>\n\t\t\t\t<\/div>\n\t\t\t\t<\/div>\n\t\t","protected":false},"excerpt":{"rendered":"<p>Kontakt Kajsa \u00c5str\u00f6m Chefredakt\u00f6r, Habit +46 (0)73 682 53 91 kajsa.astrom@nordiskemedier.se Martin G\u00f6rhed Partneransvarig +46 (0)70 995 13 37martin.gorhed@nordiskemedier.se Jens \u00d6sterstr\u00f6m Projektledare +46 (0)73 682 53 12jens.osterstrom@nordiskemedier.se<\/p>\n","protected":false},"author":1,"featured_media":0,"parent":0,"menu_order":0,"comment_status":"closed","ping_status":"closed","template":"elementor_header_footer","meta":{"_acf_changed":false,"footnotes":""},"acf":[],"_links":{"self":[{"href":"https:\/\/nmevents.se\/habitfashionforum\/wp-json\/wp\/v2\/pages\/17"}],"collection":[{"href":"https:\/\/nmevents.se\/habitfashionforum\/wp-json\/wp\/v2\/pages"}],"about":[{"href":"https:\/\/nmevents.se\/habitfashionforum\/wp-json\/wp\/v2\/types\/page"}],"author":[{"embeddable":true,"href":"https:\/\/nmevents.se\/habitfashionforum\/wp-json\/wp\/v2\/users\/1"}],"replies":[{"embeddable":true,"href":"https:\/\/nmevents.se\/habitfashionforum\/wp-json\/wp\/v2\/comments?post=17"}],"version-history":[{"count":31,"href":"https:\/\/nmevents.se\/habitfashionforum\/wp-json\/wp\/v2\/pages\/17\/revisions"}],"predecessor-version":[{"id":2246,"href":"https:\/\/nmevents.se\/habitfashionforum\/wp-json\/wp\/v2\/pages\/17\/revisions\/2246"}],"wp:attachment":[{"href":"https:\/\/nmevents.se\/habitfashionforum\/wp-json\/wp\/v2\/media?parent=17"}],"curies":[{"name":"wp","href":"https:\/\/api.w.org\/{rel}","templated":true}]}}