{"id":201,"date":"2023-11-08T13:46:21","date_gmt":"2023-11-08T11:46:21","guid":{"rendered":"https:\/\/eventdk.nordiske-medier.dk\/pack-point-nordic\/?page_id=201"},"modified":"2025-05-20T16:59:02","modified_gmt":"2025-05-20T14:59:02","slug":"om-oss","status":"publish","type":"page","link":"https:\/\/nmevents.se\/habitimpactday\/om-oss\/","title":{"rendered":"Om oss"},"content":{"rendered":"\t\t<div data-elementor-type=\"wp-page\" data-elementor-id=\"201\" class=\"elementor elementor-201\" data-elementor-post-type=\"page\">\n\t\t\t\t<div class=\"elementor-element elementor-element-e990f04 e-flex e-con-boxed e-con e-parent\" data-id=\"e990f04\" data-element_type=\"container\" data-core-v316-plus=\"true\">\n\t\t\t\t\t<div class=\"e-con-inner\">\n\t\t\t\t<div class=\"elementor-element elementor-element-2d9ea82 elementor-widget elementor-widget-spacer\" data-id=\"2d9ea82\" data-element_type=\"widget\" data-widget_type=\"spacer.default\">\n\t\t\t\t<div class=\"elementor-widget-container\">\n\t\t\t<style>\/*! elementor - v3.20.0 - 20-03-2024 *\/\n.elementor-column .elementor-spacer-inner{height:var(--spacer-size)}.e-con{--container-widget-width:100%}.e-con-inner>.elementor-widget-spacer,.e-con>.elementor-widget-spacer{width:var(--container-widget-width,var(--spacer-size));--align-self:var(--container-widget-align-self,initial);--flex-shrink:0}.e-con-inner>.elementor-widget-spacer>.elementor-widget-container,.e-con>.elementor-widget-spacer>.elementor-widget-container{height:100%;width:100%}.e-con-inner>.elementor-widget-spacer>.elementor-widget-container>.elementor-spacer,.e-con>.elementor-widget-spacer>.elementor-widget-container>.elementor-spacer{height:100%}.e-con-inner>.elementor-widget-spacer>.elementor-widget-container>.elementor-spacer>.elementor-spacer-inner,.e-con>.elementor-widget-spacer>.elementor-widget-container>.elementor-spacer>.elementor-spacer-inner{height:var(--container-widget-height,var(--spacer-size))}.e-con-inner>.elementor-widget-spacer.elementor-widget-empty,.e-con>.elementor-widget-spacer.elementor-widget-empty{position:relative;min-height:22px;min-width:22px}.e-con-inner>.elementor-widget-spacer.elementor-widget-empty .elementor-widget-empty-icon,.e-con>.elementor-widget-spacer.elementor-widget-empty .elementor-widget-empty-icon{position:absolute;top:0;bottom:0;left:0;right:0;margin:auto;padding:0;width:22px;height:22px}<\/style>\t\t<div class=\"elementor-spacer\">\n\t\t\t<div class=\"elementor-spacer-inner\"><\/div>\n\t\t<\/div>\n\t\t\t\t<\/div>\n\t\t\t\t<\/div>\n\t\t\t\t\t<\/div>\n\t\t\t\t<\/div>\n\t\t<div class=\"elementor-element elementor-element-1e9c533 e-flex e-con-boxed e-con e-parent\" data-id=\"1e9c533\" data-element_type=\"container\" data-core-v316-plus=\"true\">\n\t\t\t\t\t<div class=\"e-con-inner\">\n\t\t<div class=\"elementor-element elementor-element-40402a5 e-flex e-con-boxed e-con e-child\" data-id=\"40402a5\" data-element_type=\"container\">\n\t\t\t\t\t<div class=\"e-con-inner\">\n\t\t<div class=\"elementor-element elementor-element-fd25a99 e-con-full e-flex e-con e-child\" data-id=\"fd25a99\" data-element_type=\"container\">\n\t\t\t\t<div class=\"elementor-element elementor-element-39242f0 elementor-widget elementor-widget-text-editor\" data-id=\"39242f0\" data-element_type=\"widget\" data-widget_type=\"text-editor.default\">\n\t\t\t\t<div class=\"elementor-widget-container\">\n\t\t\t<style>\/*! elementor - v3.20.0 - 20-03-2024 *\/\n.elementor-widget-text-editor.elementor-drop-cap-view-stacked .elementor-drop-cap{background-color:#69727d;color:#fff}.elementor-widget-text-editor.elementor-drop-cap-view-framed .elementor-drop-cap{color:#69727d;border:3px solid;background-color:transparent}.elementor-widget-text-editor:not(.elementor-drop-cap-view-default) .elementor-drop-cap{margin-top:8px}.elementor-widget-text-editor:not(.elementor-drop-cap-view-default) .elementor-drop-cap-letter{width:1em;height:1em}.elementor-widget-text-editor .elementor-drop-cap{float:left;text-align:center;line-height:1;font-size:50px}.elementor-widget-text-editor .elementor-drop-cap-letter{display:inline-block}<\/style>\t\t\t\t<p>Om Habit Sko&amp;Mode<\/p>\t\t\t\t\t\t<\/div>\n\t\t\t\t<\/div>\n\t\t\t\t<div class=\"elementor-element elementor-element-ffc80c6 elementor-widget elementor-widget-text-editor\" data-id=\"ffc80c6\" data-element_type=\"widget\" data-widget_type=\"text-editor.default\">\n\t\t\t\t<div class=\"elementor-widget-container\">\n\t\t\t\t\t\t\t<p>Habit Sko&amp;Mode \u00e4r en skandinavisk industriplattform f\u00f6r modebranschen, ursprungligen lanserad som en tidning 1961. Sedan dess har Habit bevakat sko- och kl\u00e4dbranschen och \u00e4r idag en renodlad digital plattform. Med nyhetsbrev som skickas ut till branschen fyra g\u00e5nger i veckan och n\u00e4rvaro p\u00e5 LinkedIn och Instagram, h\u00e5ller Habit modeindustrin uppdaterad.<\/p><p>Ut\u00f6ver nyhetsrapportering arrangerar Habit en rad branschevent, inklusive Habit Fashion Forum och Habit Fashion Awards. \u00c5r 2022 lanserades Habit Impact Day, en dag med fokus p\u00e5 modeindustrins h\u00e5llbara omst\u00e4llning.<\/p>\t\t\t\t\t\t<\/div>\n\t\t\t\t<\/div>\n\t\t\t\t<div class=\"elementor-element elementor-element-b63cd3b elementor-widget elementor-widget-text-editor\" data-id=\"b63cd3b\" data-element_type=\"widget\" data-widget_type=\"text-editor.default\">\n\t\t\t\t<div class=\"elementor-widget-container\">\n\t\t\t\t\t\t\t<p><strong>Kontakt <br \/>Kajsa \u00c5str\u00f6m<br \/><\/strong>Chefredakt\u00f6r Habit Sko&amp;Mode<br \/>+46 (0)73 682 53 91<br \/><a class=\"\" href=\"mailto:kajsa.astrom@nordiskemedier.se\">kajsa.astrom@nordiskemedier.se<\/a><\/p><p><strong>\u00a0<\/strong><\/p>\t\t\t\t\t\t<\/div>\n\t\t\t\t<\/div>\n\t\t\t\t<\/div>\n\t\t<div class=\"elementor-element elementor-element-2713432 e-con-full e-flex e-con e-child\" data-id=\"2713432\" data-element_type=\"container\">\n\t\t\t\t<div class=\"elementor-element elementor-element-74861ab elementor-widget elementor-widget-image\" data-id=\"74861ab\" data-element_type=\"widget\" data-widget_type=\"image.default\">\n\t\t\t\t<div class=\"elementor-widget-container\">\n\t\t\t<style>\/*! elementor - v3.20.0 - 20-03-2024 *\/\n.elementor-widget-image{text-align:center}.elementor-widget-image a{display:inline-block}.elementor-widget-image a img[src$=\".svg\"]{width:48px}.elementor-widget-image img{vertical-align:middle;display:inline-block}<\/style>\t\t\t\t\t\t\t\t\t\t<img fetchpriority=\"high\" decoding=\"async\" width=\"800\" height=\"620\" src=\"https:\/\/nmevents.se\/habitimpactday\/wp-content\/uploads\/sites\/20\/2025\/01\/Omslag-1024x794.png\" class=\"attachment-large size-large wp-image-1190\" alt=\"\" srcset=\"https:\/\/nmevents.se\/habitimpactday\/wp-content\/uploads\/sites\/20\/2025\/01\/Omslag-1024x794.png 1024w, https:\/\/nmevents.se\/habitimpactday\/wp-content\/uploads\/sites\/20\/2025\/01\/Omslag-300x233.png 300w, https:\/\/nmevents.se\/habitimpactday\/wp-content\/uploads\/sites\/20\/2025\/01\/Omslag-768x596.png 768w, https:\/\/nmevents.se\/habitimpactday\/wp-content\/uploads\/sites\/20\/2025\/01\/Omslag-1536x1192.png 1536w, https:\/\/nmevents.se\/habitimpactday\/wp-content\/uploads\/sites\/20\/2025\/01\/Omslag.png 1632w\" sizes=\"(max-width: 800px) 100vw, 800px\" \/>\t\t\t\t\t\t\t\t\t\t\t\t\t<\/div>\n\t\t\t\t<\/div>\n\t\t\t\t<\/div>\n\t\t\t\t\t<\/div>\n\t\t\t\t<\/div>\n\t\t\t\t\t<\/div>\n\t\t\t\t<\/div>\n\t\t<div class=\"elementor-element elementor-element-d0a2ccc e-flex e-con-boxed e-con e-parent\" data-id=\"d0a2ccc\" data-element_type=\"container\" data-core-v316-plus=\"true\">\n\t\t\t\t\t<div class=\"e-con-inner\">\n\t\t\t\t<div class=\"elementor-element elementor-element-a10577b elementor-widget elementor-widget-spacer\" data-id=\"a10577b\" data-element_type=\"widget\" data-widget_type=\"spacer.default\">\n\t\t\t\t<div class=\"elementor-widget-container\">\n\t\t\t\t\t<div class=\"elementor-spacer\">\n\t\t\t<div class=\"elementor-spacer-inner\"><\/div>\n\t\t<\/div>\n\t\t\t\t<\/div>\n\t\t\t\t<\/div>\n\t\t\t\t\t<\/div>\n\t\t\t\t<\/div>\n\t\t\t\t<\/div>\n\t\t","protected":false},"excerpt":{"rendered":"<p>Om Habit Sko&amp;Mode Habit Sko&amp;Mode \u00e4r en skandinavisk industriplattform f\u00f6r modebranschen, ursprungligen lanserad som en tidning 1961. Sedan dess har Habit bevakat sko- och kl\u00e4dbranschen och \u00e4r idag en renodlad digital plattform. Med nyhetsbrev som skickas ut till branschen fyra g\u00e5nger i veckan och n\u00e4rvaro p\u00e5 LinkedIn och Instagram, h\u00e5ller Habit modeindustrin uppdaterad. Ut\u00f6ver nyhetsrapportering [&hellip;]<\/p>\n","protected":false},"author":1,"featured_media":0,"parent":0,"menu_order":5,"comment_status":"closed","ping_status":"closed","template":"elementor_header_footer","meta":{"_acf_changed":false,"footnotes":""},"acf":[],"_links":{"self":[{"href":"https:\/\/nmevents.se\/habitimpactday\/wp-json\/wp\/v2\/pages\/201"}],"collection":[{"href":"https:\/\/nmevents.se\/habitimpactday\/wp-json\/wp\/v2\/pages"}],"about":[{"href":"https:\/\/nmevents.se\/habitimpactday\/wp-json\/wp\/v2\/types\/page"}],"author":[{"embeddable":true,"href":"https:\/\/nmevents.se\/habitimpactday\/wp-json\/wp\/v2\/users\/1"}],"replies":[{"embeddable":true,"href":"https:\/\/nmevents.se\/habitimpactday\/wp-json\/wp\/v2\/comments?post=201"}],"version-history":[{"count":28,"href":"https:\/\/nmevents.se\/habitimpactday\/wp-json\/wp\/v2\/pages\/201\/revisions"}],"predecessor-version":[{"id":2492,"href":"https:\/\/nmevents.se\/habitimpactday\/wp-json\/wp\/v2\/pages\/201\/revisions\/2492"}],"wp:attachment":[{"href":"https:\/\/nmevents.se\/habitimpactday\/wp-json\/wp\/v2\/media?parent=201"}],"curies":[{"name":"wp","href":"https:\/\/api.w.org\/{rel}","templated":true}]}}