{"id":1555,"date":"2024-11-19T15:01:02","date_gmt":"2024-11-19T14:01:02","guid":{"rendered":"https:\/\/nmevents.se\/kollektivtrafikdagen\/?page_id=1555"},"modified":"2025-01-15T15:36:14","modified_gmt":"2025-01-15T14:36:14","slug":"kollektivtrafikdagen","status":"publish","type":"page","link":"https:\/\/nmevents.se\/kollektivtrafikdagen\/kollektivtrafikdagen\/","title":{"rendered":"Om Kollektivtrafikdagen"},"content":{"rendered":"\t\t<div data-elementor-type=\"wp-page\" data-elementor-id=\"1555\" class=\"elementor elementor-1555\" data-elementor-post-type=\"page\">\n\t\t\t\t<div class=\"elementor-element elementor-element-b68f6f1 e-flex e-con-boxed e-con e-parent\" data-id=\"b68f6f1\" data-element_type=\"container\" data-core-v316-plus=\"true\">\n\t\t\t\t\t<div class=\"e-con-inner\">\n\t\t\t\t<div class=\"elementor-element elementor-element-2526144 elementor-widget elementor-widget-spacer\" data-id=\"2526144\" data-element_type=\"widget\" data-widget_type=\"spacer.default\">\n\t\t\t\t<div class=\"elementor-widget-container\">\n\t\t\t<style>\/*! elementor - v3.20.0 - 20-03-2024 *\/\n.elementor-column .elementor-spacer-inner{height:var(--spacer-size)}.e-con{--container-widget-width:100%}.e-con-inner>.elementor-widget-spacer,.e-con>.elementor-widget-spacer{width:var(--container-widget-width,var(--spacer-size));--align-self:var(--container-widget-align-self,initial);--flex-shrink:0}.e-con-inner>.elementor-widget-spacer>.elementor-widget-container,.e-con>.elementor-widget-spacer>.elementor-widget-container{height:100%;width:100%}.e-con-inner>.elementor-widget-spacer>.elementor-widget-container>.elementor-spacer,.e-con>.elementor-widget-spacer>.elementor-widget-container>.elementor-spacer{height:100%}.e-con-inner>.elementor-widget-spacer>.elementor-widget-container>.elementor-spacer>.elementor-spacer-inner,.e-con>.elementor-widget-spacer>.elementor-widget-container>.elementor-spacer>.elementor-spacer-inner{height:var(--container-widget-height,var(--spacer-size))}.e-con-inner>.elementor-widget-spacer.elementor-widget-empty,.e-con>.elementor-widget-spacer.elementor-widget-empty{position:relative;min-height:22px;min-width:22px}.e-con-inner>.elementor-widget-spacer.elementor-widget-empty .elementor-widget-empty-icon,.e-con>.elementor-widget-spacer.elementor-widget-empty .elementor-widget-empty-icon{position:absolute;top:0;bottom:0;left:0;right:0;margin:auto;padding:0;width:22px;height:22px}<\/style>\t\t<div class=\"elementor-spacer\">\n\t\t\t<div class=\"elementor-spacer-inner\"><\/div>\n\t\t<\/div>\n\t\t\t\t<\/div>\n\t\t\t\t<\/div>\n\t\t\t\t<div class=\"elementor-element elementor-element-791889d elementor-widget elementor-widget-text-editor\" data-id=\"791889d\" data-element_type=\"widget\" data-widget_type=\"text-editor.default\">\n\t\t\t\t<div class=\"elementor-widget-container\">\n\t\t\t<style>\/*! elementor - v3.20.0 - 20-03-2024 *\/\n.elementor-widget-text-editor.elementor-drop-cap-view-stacked .elementor-drop-cap{background-color:#69727d;color:#fff}.elementor-widget-text-editor.elementor-drop-cap-view-framed .elementor-drop-cap{color:#69727d;border:3px solid;background-color:transparent}.elementor-widget-text-editor:not(.elementor-drop-cap-view-default) .elementor-drop-cap{margin-top:8px}.elementor-widget-text-editor:not(.elementor-drop-cap-view-default) .elementor-drop-cap-letter{width:1em;height:1em}.elementor-widget-text-editor .elementor-drop-cap{float:left;text-align:center;line-height:1;font-size:50px}.elementor-widget-text-editor .elementor-drop-cap-letter{display:inline-block}<\/style>\t\t\t\t\t\t\t\t\t\t<\/div>\n\t\t\t\t<\/div>\n\t\t\t\t\t<\/div>\n\t\t\t\t<\/div>\n\t\t<div class=\"elementor-element elementor-element-bdd69fb e-flex e-con-boxed e-con e-parent\" data-id=\"bdd69fb\" data-element_type=\"container\" data-core-v316-plus=\"true\">\n\t\t\t\t\t<div class=\"e-con-inner\">\n\t\t<div class=\"elementor-element elementor-element-449d4c0 e-con-full e-flex e-con e-child\" data-id=\"449d4c0\" data-element_type=\"container\">\n\t\t\t\t<div class=\"elementor-element elementor-element-0c65914 elementor-widget elementor-widget-text-editor\" data-id=\"0c65914\" data-element_type=\"widget\" data-widget_type=\"text-editor.default\">\n\t\t\t\t<div class=\"elementor-widget-container\">\n\t\t\t\t\t\t\t<p><strong class=\"\">Var med d\u00e4r branschen m\u00f6ts!<\/strong><\/p>\t\t\t\t\t\t<\/div>\n\t\t\t\t<\/div>\n\t\t\t\t<div class=\"elementor-element elementor-element-7855dd1 elementor-widget elementor-widget-text-editor\" data-id=\"7855dd1\" data-element_type=\"widget\" data-widget_type=\"text-editor.default\">\n\t\t\t\t<div class=\"elementor-widget-container\">\n\t\t\t\t\t\t\t<p><span class=\"\">Sedan 2008 har Trafikforum arrangerat en av branschens sj\u00e4lvklara <br>m\u00f6tesplatser; Kollektivtrafikdagen. H\u00e4r m\u00f6ts varje \u00e5r de beslutsfattare som <br>verkar f\u00f6r&nbsp;<\/span><span style=\"text-align: var(--text-align); font-size: 1rem;\">kollektivtrafikbranschens utveckling. Under dagen f\u00e5r deltagarna<br>ta del av branschaktuella f\u00f6redrag, tr\u00e4ffa kollegor, representanter fr\u00e5n olika <br>branschorganisationer, politiker, operat\u00f6rer och leverant\u00f6rer.<br><\/span><\/p>\n<p><span class=\"\">Tidningen Trafikforum bevakar persontrafikbranschen. En sp\u00e4nnande <br>bransch med m\u00e5nga viktiga fr\u00e5gor, som p\u00e5verkar hela samh\u00e4llet. <br>Kollektivtrafiken ses som samh\u00e4llets ryggrad och m\u00e5ste st\u00e4ndigt utvecklas. <br>De fr\u00e5gor som bevakas i Trafikforums kanaler; tryckta och digitala medier, <br>driver utvecklingen fram\u00e5t.<\/span><\/p>\t\t\t\t\t\t<\/div>\n\t\t\t\t<\/div>\n\t\t\t\t<\/div>\n\t\t<div class=\"elementor-element elementor-element-dfadc64 e-con-full e-flex e-con e-child\" data-id=\"dfadc64\" data-element_type=\"container\">\n\t\t\t\t<div class=\"elementor-element elementor-element-b2a6c22 elementor-widget elementor-widget-image\" data-id=\"b2a6c22\" data-element_type=\"widget\" data-widget_type=\"image.default\">\n\t\t\t\t<div class=\"elementor-widget-container\">\n\t\t\t<style>\/*! elementor - v3.20.0 - 20-03-2024 *\/\n.elementor-widget-image{text-align:center}.elementor-widget-image a{display:inline-block}.elementor-widget-image a img[src$=\".svg\"]{width:48px}.elementor-widget-image img{vertical-align:middle;display:inline-block}<\/style>\t\t\t\t\t\t\t\t\t\t<img fetchpriority=\"high\" decoding=\"async\" width=\"800\" height=\"450\" src=\"https:\/\/nmevents.se\/kollektivtrafikdagen\/wp-content\/uploads\/sites\/53\/2024\/12\/image00011-1024x576.jpeg\" class=\"attachment-large size-large wp-image-1965\" alt=\"\" srcset=\"https:\/\/nmevents.se\/kollektivtrafikdagen\/wp-content\/uploads\/sites\/53\/2024\/12\/image00011-1024x576.jpeg 1024w, https:\/\/nmevents.se\/kollektivtrafikdagen\/wp-content\/uploads\/sites\/53\/2024\/12\/image00011-300x169.jpeg 300w, https:\/\/nmevents.se\/kollektivtrafikdagen\/wp-content\/uploads\/sites\/53\/2024\/12\/image00011-768x432.jpeg 768w, https:\/\/nmevents.se\/kollektivtrafikdagen\/wp-content\/uploads\/sites\/53\/2024\/12\/image00011-1536x864.jpeg 1536w, https:\/\/nmevents.se\/kollektivtrafikdagen\/wp-content\/uploads\/sites\/53\/2024\/12\/image00011-2048x1152.jpeg 2048w\" sizes=\"(max-width: 800px) 100vw, 800px\" \/>\t\t\t\t\t\t\t\t\t\t\t\t\t<\/div>\n\t\t\t\t<\/div>\n\t\t\t\t<\/div>\n\t\t\t\t\t<\/div>\n\t\t\t\t<\/div>\n\t\t\t\t<\/div>\n\t\t","protected":false},"excerpt":{"rendered":"<p>Var med d\u00e4r branschen m\u00f6ts! Sedan 2008 har Trafikforum arrangerat en av branschens sj\u00e4lvklara m\u00f6tesplatser; Kollektivtrafikdagen. H\u00e4r m\u00f6ts varje \u00e5r de beslutsfattare som verkar f\u00f6r&nbsp;kollektivtrafikbranschens utveckling. Under dagen f\u00e5r deltagarnata del av branschaktuella f\u00f6redrag, tr\u00e4ffa kollegor, representanter fr\u00e5n olika branschorganisationer, politiker, operat\u00f6rer och leverant\u00f6rer. Tidningen Trafikforum bevakar persontrafikbranschen. En sp\u00e4nnande bransch med m\u00e5nga viktiga fr\u00e5gor, [&hellip;]<\/p>\n","protected":false},"author":21,"featured_media":0,"parent":0,"menu_order":0,"comment_status":"closed","ping_status":"closed","template":"elementor_header_footer","meta":{"_acf_changed":false,"footnotes":""},"acf":[],"_links":{"self":[{"href":"https:\/\/nmevents.se\/kollektivtrafikdagen\/wp-json\/wp\/v2\/pages\/1555"}],"collection":[{"href":"https:\/\/nmevents.se\/kollektivtrafikdagen\/wp-json\/wp\/v2\/pages"}],"about":[{"href":"https:\/\/nmevents.se\/kollektivtrafikdagen\/wp-json\/wp\/v2\/types\/page"}],"author":[{"embeddable":true,"href":"https:\/\/nmevents.se\/kollektivtrafikdagen\/wp-json\/wp\/v2\/users\/21"}],"replies":[{"embeddable":true,"href":"https:\/\/nmevents.se\/kollektivtrafikdagen\/wp-json\/wp\/v2\/comments?post=1555"}],"version-history":[{"count":44,"href":"https:\/\/nmevents.se\/kollektivtrafikdagen\/wp-json\/wp\/v2\/pages\/1555\/revisions"}],"predecessor-version":[{"id":2170,"href":"https:\/\/nmevents.se\/kollektivtrafikdagen\/wp-json\/wp\/v2\/pages\/1555\/revisions\/2170"}],"wp:attachment":[{"href":"https:\/\/nmevents.se\/kollektivtrafikdagen\/wp-json\/wp\/v2\/media?parent=1555"}],"curies":[{"name":"wp","href":"https:\/\/api.w.org\/{rel}","templated":true}]}}

<div data-elementor-type="wp-page" data-elementor-id="1555" class="elementor elementor-1555" data-elementor-post-type="page">
				<div class="elementor-element elementor-element-b68f6f1 e-flex e-con-boxed e-con e-parent" data-id="b68f6f1" data-element_type="container" data-core-v316-plus="true">
					<div class="e-con-inner">
				<div class="elementor-element elementor-element-2526144 elementor-widget elementor-widget-spacer" data-id="2526144" data-element_type="widget" data-widget_type="spacer.default">
				<div class="elementor-widget-container">
			<style>/*! elementor - v3.20.0 - 20-03-2024 */
.elementor-column .elementor-spacer-inner{height:var(--spacer-size)}.e-con{--container-widget-width:100%}.e-con-inner>.elementor-widget-spacer,.e-con>.elementor-widget-spacer{width:var(--container-widget-width,var(--spacer-size));--align-self:var(--container-widget-align-self,initial);--flex-shrink:0}.e-con-inner>.elementor-widget-spacer>.elementor-widget-container,.e-con>.elementor-widget-spacer>.elementor-widget-container{height:100%;width:100%}.e-con-inner>.elementor-widget-spacer>.elementor-widget-container>.elementor-spacer,.e-con>.elementor-widget-spacer>.elementor-widget-container>.elementor-spacer{height:100%}.e-con-inner>.elementor-widget-spacer>.elementor-widget-container>.elementor-spacer>.elementor-spacer-inner,.e-con>.elementor-widget-spacer>.elementor-widget-container>.elementor-spacer>.elementor-spacer-inner{height:var(--container-widget-height,var(--spacer-size))}.e-con-inner>.elementor-widget-spacer.elementor-widget-empty,.e-con>.elementor-widget-spacer.elementor-widget-empty{position:relative;min-height:22px;min-width:22px}.e-con-inner>.elementor-widget-spacer.elementor-widget-empty .elementor-widget-empty-icon,.e-con>.elementor-widget-spacer.elementor-widget-empty .elementor-widget-empty-icon{position:absolute;top:0;bottom:0;left:0;right:0;margin:auto;padding:0;width:22px;height:22px}</style>		<div class="elementor-spacer">
			<div class="elementor-spacer-inner"></div>
		</div>
				</div>
				</div>
				<div class="elementor-element elementor-element-791889d elementor-widget elementor-widget-text-editor" data-id="791889d" data-element_type="widget" data-widget_type="text-editor.default">
				<div class="elementor-widget-container">
			<style>/*! elementor - v3.20.0 - 20-03-2024 */
.elementor-widget-text-editor.elementor-drop-cap-view-stacked .elementor-drop-cap{background-color:#69727d;color:#fff}.elementor-widget-text-editor.elementor-drop-cap-view-framed .elementor-drop-cap{color:#69727d;border:3px solid;background-color:transparent}.elementor-widget-text-editor:not(.elementor-drop-cap-view-default) .elementor-drop-cap{margin-top:8px}.elementor-widget-text-editor:not(.elementor-drop-cap-view-default) .elementor-drop-cap-letter{width:1em;height:1em}.elementor-widget-text-editor .elementor-drop-cap{float:left;text-align:center;line-height:1;font-size:50px}.elementor-widget-text-editor .elementor-drop-cap-letter{display:inline-block}</style>										</div>
				</div>
					</div>
				</div>
		<div class="elementor-element elementor-element-bdd69fb e-flex e-con-boxed e-con e-parent" data-id="bdd69fb" data-element_type="container" data-core-v316-plus="true">
					<div class="e-con-inner">
		<div class="elementor-element elementor-element-449d4c0 e-con-full e-flex e-con e-child" data-id="449d4c0" data-element_type="container">
				<div class="elementor-element elementor-element-0c65914 elementor-widget elementor-widget-text-editor" data-id="0c65914" data-element_type="widget" data-widget_type="text-editor.default">
				<div class="elementor-widget-container">
							<p><strong class="">Var med där branschen möts!</strong></p>						</div>
				</div>
				<div class="elementor-element elementor-element-7855dd1 elementor-widget elementor-widget-text-editor" data-id="7855dd1" data-element_type="widget" data-widget_type="text-editor.default">
				<div class="elementor-widget-container">
							<p><span class="">Sedan 2008 har Trafikforum arrangerat en av branschens självklara <br>mötesplatser; Kollektivtrafikdagen. Här möts varje år de beslutsfattare som <br>verkar för&nbsp;</span><span style="text-align: var(--text-align); font-size: 1rem;">kollektivtrafikbranschens utveckling. Under dagen får deltagarna<br>ta del av branschaktuella föredrag, träffa kollegor, representanter från olika <br>branschorganisationer, politiker, operatörer och leverantörer.<br></span></p>
<p><span class="">Tidningen Trafikforum bevakar persontrafikbranschen. En spännande <br>bransch med många viktiga frågor, som påverkar hela samhället. <br>Kollektivtrafiken ses som samhällets ryggrad och måste ständigt utvecklas. <br>De frågor som bevakas i Trafikforums kanaler; tryckta och digitala medier, <br>driver utvecklingen framåt.</span></p>						</div>
				</div>
				</div>
		<div class="elementor-element elementor-element-dfadc64 e-con-full e-flex e-con e-child" data-id="dfadc64" data-element_type="container">
				<div class="elementor-element elementor-element-b2a6c22 elementor-widget elementor-widget-image" data-id="b2a6c22" data-element_type="widget" data-widget_type="image.default">
				<div class="elementor-widget-container">
			<style>/*! elementor - v3.20.0 - 20-03-2024 */
.elementor-widget-image{text-align:center}.elementor-widget-image a{display:inline-block}.elementor-widget-image a img[src$=".svg"]{width:48px}.elementor-widget-image img{vertical-align:middle;display:inline-block}</style>										<img fetchpriority="high" decoding="async" width="800" height="450" src="https://nmevents.se/kollektivtrafikdagen/wp-content/uploads/sites/53/2024/12/image00011-1024x576.jpeg" class="attachment-large size-large wp-image-1965" alt="" srcset="https://nmevents.se/kollektivtrafikdagen/wp-content/uploads/sites/53/2024/12/image00011-1024x576.jpeg 1024w, https://nmevents.se/kollektivtrafikdagen/wp-content/uploads/sites/53/2024/12/image00011-300x169.jpeg 300w, https://nmevents.se/kollektivtrafikdagen/wp-content/uploads/sites/53/2024/12/image00011-768x432.jpeg 768w, https://nmevents.se/kollektivtrafikdagen/wp-content/uploads/sites/53/2024/12/image00011-1536x864.jpeg 1536w, https://nmevents.se/kollektivtrafikdagen/wp-content/uploads/sites/53/2024/12/image00011-2048x1152.jpeg 2048w" sizes="(max-width: 800px) 100vw, 800px" />													</div>
				</div>
				</div>
					</div>
				</div>
				</div>

<p>Var med där branschen möts! Sedan 2008 har Trafikforum arrangerat en av branschens självklara mötesplatser; Kollektivtrafikdagen. Här möts varje år de beslutsfattare som verkar för&nbsp;kollektivtrafikbranschens utveckling. Under dagen får deltagarnata del av branschaktuella föredrag, träffa kollegor, representanter från olika branschorganisationer, politiker, operatörer och leverantörer. Tidningen Trafikforum bevakar persontrafikbranschen. En spännande bransch med många viktiga frågor, [&hellip;]</p>
