{"id":17,"date":"2023-11-06T11:17:16","date_gmt":"2023-11-06T11:17:16","guid":{"rendered":"https:\/\/eventdk4_.nordiske-medier.dk4_\/?page_id=17"},"modified":"2026-02-16T09:35:33","modified_gmt":"2026-02-16T08:35:33","slug":"kontakt","status":"publish","type":"page","link":"https:\/\/nmevents.se\/motordagenlive\/kontakt\/","title":{"rendered":"Kontakt"},"content":{"rendered":"\t\t<div data-elementor-type=\"wp-page\" data-elementor-id=\"17\" class=\"elementor elementor-17\" data-elementor-post-type=\"page\">\n\t\t\t\t<div class=\"elementor-element elementor-element-62a3501 e-flex e-con-boxed e-con e-parent\" data-id=\"62a3501\" data-element_type=\"container\" data-core-v316-plus=\"true\">\n\t\t\t\t\t<div class=\"e-con-inner\">\n\t\t\t\t<div class=\"elementor-element elementor-element-d358302 elementor-widget elementor-widget-spacer\" data-id=\"d358302\" data-element_type=\"widget\" data-widget_type=\"spacer.default\">\n\t\t\t\t<div class=\"elementor-widget-container\">\n\t\t\t<style>\/*! elementor - v3.20.0 - 20-03-2024 *\/\n.elementor-column .elementor-spacer-inner{height:var(--spacer-size)}.e-con{--container-widget-width:100%}.e-con-inner>.elementor-widget-spacer,.e-con>.elementor-widget-spacer{width:var(--container-widget-width,var(--spacer-size));--align-self:var(--container-widget-align-self,initial);--flex-shrink:0}.e-con-inner>.elementor-widget-spacer>.elementor-widget-container,.e-con>.elementor-widget-spacer>.elementor-widget-container{height:100%;width:100%}.e-con-inner>.elementor-widget-spacer>.elementor-widget-container>.elementor-spacer,.e-con>.elementor-widget-spacer>.elementor-widget-container>.elementor-spacer{height:100%}.e-con-inner>.elementor-widget-spacer>.elementor-widget-container>.elementor-spacer>.elementor-spacer-inner,.e-con>.elementor-widget-spacer>.elementor-widget-container>.elementor-spacer>.elementor-spacer-inner{height:var(--container-widget-height,var(--spacer-size))}.e-con-inner>.elementor-widget-spacer.elementor-widget-empty,.e-con>.elementor-widget-spacer.elementor-widget-empty{position:relative;min-height:22px;min-width:22px}.e-con-inner>.elementor-widget-spacer.elementor-widget-empty .elementor-widget-empty-icon,.e-con>.elementor-widget-spacer.elementor-widget-empty .elementor-widget-empty-icon{position:absolute;top:0;bottom:0;left:0;right:0;margin:auto;padding:0;width:22px;height:22px}<\/style>\t\t<div class=\"elementor-spacer\">\n\t\t\t<div class=\"elementor-spacer-inner\"><\/div>\n\t\t<\/div>\n\t\t\t\t<\/div>\n\t\t\t\t<\/div>\n\t\t\t\t\t<\/div>\n\t\t\t\t<\/div>\n\t\t<div class=\"elementor-element elementor-element-4f8633f e-flex e-con-boxed e-con e-parent\" data-id=\"4f8633f\" data-element_type=\"container\" data-core-v316-plus=\"true\">\n\t\t\t\t\t<div class=\"e-con-inner\">\n\t\t<div class=\"elementor-element elementor-element-f9439c3 e-con-full e-flex e-con e-child\" data-id=\"f9439c3\" data-element_type=\"container\">\n\t\t<div class=\"elementor-element elementor-element-01b8f76 e-con-full e-flex e-con e-child\" data-id=\"01b8f76\" data-element_type=\"container\">\n\t\t\t\t<div class=\"elementor-element elementor-element-1234e9d elementor-widget elementor-widget-image\" data-id=\"1234e9d\" data-element_type=\"widget\" data-widget_type=\"image.default\">\n\t\t\t\t<div class=\"elementor-widget-container\">\n\t\t\t<style>\/*! elementor - v3.20.0 - 20-03-2024 *\/\n.elementor-widget-image{text-align:center}.elementor-widget-image a{display:inline-block}.elementor-widget-image a img[src$=\".svg\"]{width:48px}.elementor-widget-image img{vertical-align:middle;display:inline-block}<\/style>\t\t\t\t\t\t\t\t\t\t<img fetchpriority=\"high\" decoding=\"async\" width=\"1042\" height=\"1042\" src=\"https:\/\/nmevents.se\/motordagenlive\/wp-content\/uploads\/sites\/56\/2026\/02\/kontaktbild-emil.png\" class=\"attachment-full size-full wp-image-3214\" alt=\"\" srcset=\"https:\/\/nmevents.se\/motordagenlive\/wp-content\/uploads\/sites\/56\/2026\/02\/kontaktbild-emil.png 1042w, https:\/\/nmevents.se\/motordagenlive\/wp-content\/uploads\/sites\/56\/2026\/02\/kontaktbild-emil-300x300.png 300w, https:\/\/nmevents.se\/motordagenlive\/wp-content\/uploads\/sites\/56\/2026\/02\/kontaktbild-emil-1024x1024.png 1024w, https:\/\/nmevents.se\/motordagenlive\/wp-content\/uploads\/sites\/56\/2026\/02\/kontaktbild-emil-150x150.png 150w, https:\/\/nmevents.se\/motordagenlive\/wp-content\/uploads\/sites\/56\/2026\/02\/kontaktbild-emil-768x768.png 768w\" sizes=\"(max-width: 1042px) 100vw, 1042px\" \/>\t\t\t\t\t\t\t\t\t\t\t\t\t<\/div>\n\t\t\t\t<\/div>\n\t\t\t\t<div class=\"elementor-element elementor-element-8caa693 elementor-widget elementor-widget-heading\" data-id=\"8caa693\" data-element_type=\"widget\" data-widget_type=\"heading.default\">\n\t\t\t\t<div class=\"elementor-widget-container\">\n\t\t\t<style>\/*! elementor - v3.20.0 - 20-03-2024 *\/\n.elementor-heading-title{padding:0;margin:0;line-height:1}.elementor-widget-heading .elementor-heading-title[class*=elementor-size-]>a{color:inherit;font-size:inherit;line-height:inherit}.elementor-widget-heading .elementor-heading-title.elementor-size-small{font-size:15px}.elementor-widget-heading .elementor-heading-title.elementor-size-medium{font-size:19px}.elementor-widget-heading .elementor-heading-title.elementor-size-large{font-size:29px}.elementor-widget-heading .elementor-heading-title.elementor-size-xl{font-size:39px}.elementor-widget-heading .elementor-heading-title.elementor-size-xxl{font-size:59px}<\/style><h3 class=\"elementor-heading-title elementor-size-default\">Emil Sj\u00f6str\u00f6m<\/h3>\t\t<\/div>\n\t\t\t\t<\/div>\n\t\t\t\t<div class=\"elementor-element elementor-element-666ee3f elementor-widget elementor-widget-text-editor\" data-id=\"666ee3f\" data-element_type=\"widget\" data-widget_type=\"text-editor.default\">\n\t\t\t\t<div class=\"elementor-widget-container\">\n\t\t\t<style>\/*! elementor - v3.20.0 - 20-03-2024 *\/\n.elementor-widget-text-editor.elementor-drop-cap-view-stacked .elementor-drop-cap{background-color:#69727d;color:#fff}.elementor-widget-text-editor.elementor-drop-cap-view-framed .elementor-drop-cap{color:#69727d;border:3px solid;background-color:transparent}.elementor-widget-text-editor:not(.elementor-drop-cap-view-default) .elementor-drop-cap{margin-top:8px}.elementor-widget-text-editor:not(.elementor-drop-cap-view-default) .elementor-drop-cap-letter{width:1em;height:1em}.elementor-widget-text-editor .elementor-drop-cap{float:left;text-align:center;line-height:1;font-size:50px}.elementor-widget-text-editor .elementor-drop-cap-letter{display:inline-block}<\/style>\t\t\t\t<p>Projektledare<br \/>+46 (0)70 024 61 89<br \/>emil.sjostrom@nordiskemedier.se<strong><br \/>F\u00f6r fr\u00e5gor om eventet<\/strong><\/p>\t\t\t\t\t\t<\/div>\n\t\t\t\t<\/div>\n\t\t\t\t<\/div>\n\t\t\t\t<\/div>\n\t\t<div class=\"elementor-element elementor-element-9e0e9ce e-con-full e-flex e-con e-child\" data-id=\"9e0e9ce\" data-element_type=\"container\">\n\t\t\t\t<div class=\"elementor-element elementor-element-da04dc4 elementor-widget elementor-widget-image\" data-id=\"da04dc4\" data-element_type=\"widget\" data-widget_type=\"image.default\">\n\t\t\t\t<div class=\"elementor-widget-container\">\n\t\t\t\t\t\t\t\t\t\t\t\t\t<img decoding=\"async\" width=\"1389\" height=\"1389\" src=\"https:\/\/nmevents.se\/motordagenlive\/wp-content\/uploads\/sites\/56\/2025\/01\/Kontaktbilder_jorgen.png\" class=\"attachment-full size-full wp-image-2236\" alt=\"\" srcset=\"https:\/\/nmevents.se\/motordagenlive\/wp-content\/uploads\/sites\/56\/2025\/01\/Kontaktbilder_jorgen.png 1389w, https:\/\/nmevents.se\/motordagenlive\/wp-content\/uploads\/sites\/56\/2025\/01\/Kontaktbilder_jorgen-300x300.png 300w, https:\/\/nmevents.se\/motordagenlive\/wp-content\/uploads\/sites\/56\/2025\/01\/Kontaktbilder_jorgen-1024x1024.png 1024w, https:\/\/nmevents.se\/motordagenlive\/wp-content\/uploads\/sites\/56\/2025\/01\/Kontaktbilder_jorgen-150x150.png 150w, https:\/\/nmevents.se\/motordagenlive\/wp-content\/uploads\/sites\/56\/2025\/01\/Kontaktbilder_jorgen-768x768.png 768w\" sizes=\"(max-width: 1389px) 100vw, 1389px\" \/>\t\t\t\t\t\t\t\t\t\t\t\t\t<\/div>\n\t\t\t\t<\/div>\n\t\t\t\t<div class=\"elementor-element elementor-element-19e1e2b elementor-widget elementor-widget-heading\" data-id=\"19e1e2b\" data-element_type=\"widget\" data-widget_type=\"heading.default\">\n\t\t\t\t<div class=\"elementor-widget-container\">\n\t\t\t<h3 class=\"elementor-heading-title elementor-size-default\">J\u00f6rgen Schiller<\/h3>\t\t<\/div>\n\t\t\t\t<\/div>\n\t\t\t\t<div class=\"elementor-element elementor-element-a3967ec elementor-widget elementor-widget-text-editor\" data-id=\"a3967ec\" data-element_type=\"widget\" data-widget_type=\"text-editor.default\">\n\t\t\t\t<div class=\"elementor-widget-container\">\n\t\t\t\t\t\t\t<p>Mediechef<br \/>+46 (0)73 682 53 83<br \/>jorgen.schiller@nordiskemedier.se<br \/><strong>F\u00f6r fr\u00e5gor om partnerskap<\/strong><\/p>\t\t\t\t\t\t<\/div>\n\t\t\t\t<\/div>\n\t\t\t\t<\/div>\n\t\t<div class=\"elementor-element elementor-element-13e4355 e-con-full e-flex e-con e-child\" data-id=\"13e4355\" data-element_type=\"container\">\n\t\t\t\t<div class=\"elementor-element elementor-element-0c68ab7 elementor-widget elementor-widget-image\" data-id=\"0c68ab7\" data-element_type=\"widget\" data-widget_type=\"image.default\">\n\t\t\t\t<div class=\"elementor-widget-container\">\n\t\t\t\t\t\t\t\t\t\t\t\t\t<img decoding=\"async\" width=\"1389\" height=\"1389\" src=\"https:\/\/nmevents.se\/motordagenlive\/wp-content\/uploads\/sites\/56\/2025\/01\/Kontaktbilder_Jimmy.png\" class=\"attachment-full size-full wp-image-2237\" alt=\"\" srcset=\"https:\/\/nmevents.se\/motordagenlive\/wp-content\/uploads\/sites\/56\/2025\/01\/Kontaktbilder_Jimmy.png 1389w, https:\/\/nmevents.se\/motordagenlive\/wp-content\/uploads\/sites\/56\/2025\/01\/Kontaktbilder_Jimmy-300x300.png 300w, https:\/\/nmevents.se\/motordagenlive\/wp-content\/uploads\/sites\/56\/2025\/01\/Kontaktbilder_Jimmy-1024x1024.png 1024w, https:\/\/nmevents.se\/motordagenlive\/wp-content\/uploads\/sites\/56\/2025\/01\/Kontaktbilder_Jimmy-150x150.png 150w, https:\/\/nmevents.se\/motordagenlive\/wp-content\/uploads\/sites\/56\/2025\/01\/Kontaktbilder_Jimmy-768x768.png 768w\" sizes=\"(max-width: 1389px) 100vw, 1389px\" \/>\t\t\t\t\t\t\t\t\t\t\t\t\t<\/div>\n\t\t\t\t<\/div>\n\t\t\t\t<div class=\"elementor-element elementor-element-e1acb3f elementor-widget elementor-widget-heading\" data-id=\"e1acb3f\" data-element_type=\"widget\" data-widget_type=\"heading.default\">\n\t\t\t\t<div class=\"elementor-widget-container\">\n\t\t\t<h3 class=\"elementor-heading-title elementor-size-default\">Jimmy Karlsson<\/h3>\t\t<\/div>\n\t\t\t\t<\/div>\n\t\t\t\t<div class=\"elementor-element elementor-element-5a30356 elementor-widget elementor-widget-text-editor\" data-id=\"5a30356\" data-element_type=\"widget\" data-widget_type=\"text-editor.default\">\n\t\t\t\t<div class=\"elementor-widget-container\">\n\t\t\t\t\t\t\t<p>Key Account Manager<br \/><span data-teams=\"true\">+46 (0)70-995 13 41<\/span><br \/><span data-teams=\"true\">jimmy.karlsson@nordiskemedier.se<\/span><br \/><strong>F\u00f6r fr\u00e5gor om partnerskap<\/strong><\/p>\t\t\t\t\t\t<\/div>\n\t\t\t\t<\/div>\n\t\t\t\t<\/div>\n\t\t<div class=\"elementor-element elementor-element-b00d761 e-con-full e-flex e-con e-child\" data-id=\"b00d761\" data-element_type=\"container\">\n\t\t\t\t<div class=\"elementor-element elementor-element-d2c1bc7 elementor-widget elementor-widget-image\" data-id=\"d2c1bc7\" data-element_type=\"widget\" data-widget_type=\"image.default\">\n\t\t\t\t<div class=\"elementor-widget-container\">\n\t\t\t\t\t\t\t\t\t\t\t\t\t<img loading=\"lazy\" decoding=\"async\" width=\"1389\" height=\"1389\" src=\"https:\/\/nmevents.se\/motordagenlive\/wp-content\/uploads\/sites\/56\/2025\/01\/Kontaktbilder_Marcus.png\" class=\"attachment-full size-full wp-image-2238\" alt=\"\" srcset=\"https:\/\/nmevents.se\/motordagenlive\/wp-content\/uploads\/sites\/56\/2025\/01\/Kontaktbilder_Marcus.png 1389w, https:\/\/nmevents.se\/motordagenlive\/wp-content\/uploads\/sites\/56\/2025\/01\/Kontaktbilder_Marcus-300x300.png 300w, https:\/\/nmevents.se\/motordagenlive\/wp-content\/uploads\/sites\/56\/2025\/01\/Kontaktbilder_Marcus-1024x1024.png 1024w, https:\/\/nmevents.se\/motordagenlive\/wp-content\/uploads\/sites\/56\/2025\/01\/Kontaktbilder_Marcus-150x150.png 150w, https:\/\/nmevents.se\/motordagenlive\/wp-content\/uploads\/sites\/56\/2025\/01\/Kontaktbilder_Marcus-768x768.png 768w\" sizes=\"(max-width: 1389px) 100vw, 1389px\" \/>\t\t\t\t\t\t\t\t\t\t\t\t\t<\/div>\n\t\t\t\t<\/div>\n\t\t\t\t<div class=\"elementor-element elementor-element-0ecfa6d elementor-widget elementor-widget-heading\" data-id=\"0ecfa6d\" data-element_type=\"widget\" data-widget_type=\"heading.default\">\n\t\t\t\t<div class=\"elementor-widget-container\">\n\t\t\t<h3 class=\"elementor-heading-title elementor-size-default\">Marcus Nyberg<\/h3>\t\t<\/div>\n\t\t\t\t<\/div>\n\t\t\t\t<div class=\"elementor-element elementor-element-a22afcf elementor-widget elementor-widget-text-editor\" data-id=\"a22afcf\" data-element_type=\"widget\" data-widget_type=\"text-editor.default\">\n\t\t\t\t<div class=\"elementor-widget-container\">\n\t\t\t\t\t\t\t<p>Chefredakt\u00f6r, Motormagasinet<br \/>+46 (0)70 947 16 31<br \/>marcus.nyberg@nordiskemedier.se<br \/><strong>F\u00f6r fr\u00e5gor om pressmeddelanden<\/strong><\/p>\t\t\t\t\t\t<\/div>\n\t\t\t\t<\/div>\n\t\t\t\t<\/div>\n\t\t\t\t\t<\/div>\n\t\t\t\t<\/div>\n\t\t\t\t<\/div>\n\t\t","protected":false},"excerpt":{"rendered":"<p>Emil Sj\u00f6str\u00f6m Projektledare+46 (0)70 024 61 89emil.sjostrom@nordiskemedier.seF\u00f6r fr\u00e5gor om eventet J\u00f6rgen Schiller Mediechef+46 (0)73 682 53 83jorgen.schiller@nordiskemedier.seF\u00f6r fr\u00e5gor om partnerskap Jimmy Karlsson Key Account Manager+46 (0)70-995 13 41jimmy.karlsson@nordiskemedier.seF\u00f6r fr\u00e5gor om partnerskap Marcus Nyberg Chefredakt\u00f6r, Motormagasinet+46 (0)70 947 16 31marcus.nyberg@nordiskemedier.seF\u00f6r fr\u00e5gor om pressmeddelanden<\/p>\n","protected":false},"author":1,"featured_media":0,"parent":0,"menu_order":0,"comment_status":"closed","ping_status":"closed","template":"elementor_header_footer","meta":{"_acf_changed":false,"footnotes":""},"acf":[],"_links":{"self":[{"href":"https:\/\/nmevents.se\/motordagenlive\/wp-json\/wp\/v2\/pages\/17"}],"collection":[{"href":"https:\/\/nmevents.se\/motordagenlive\/wp-json\/wp\/v2\/pages"}],"about":[{"href":"https:\/\/nmevents.se\/motordagenlive\/wp-json\/wp\/v2\/types\/page"}],"author":[{"embeddable":true,"href":"https:\/\/nmevents.se\/motordagenlive\/wp-json\/wp\/v2\/users\/1"}],"replies":[{"embeddable":true,"href":"https:\/\/nmevents.se\/motordagenlive\/wp-json\/wp\/v2\/comments?post=17"}],"version-history":[{"count":109,"href":"https:\/\/nmevents.se\/motordagenlive\/wp-json\/wp\/v2\/pages\/17\/revisions"}],"predecessor-version":[{"id":3217,"href":"https:\/\/nmevents.se\/motordagenlive\/wp-json\/wp\/v2\/pages\/17\/revisions\/3217"}],"wp:attachment":[{"href":"https:\/\/nmevents.se\/motordagenlive\/wp-json\/wp\/v2\/media?parent=17"}],"curies":[{"name":"wp","href":"https:\/\/api.w.org\/{rel}","templated":true}]}}