{"id":201,"date":"2023-11-08T13:46:21","date_gmt":"2023-11-08T11:46:21","guid":{"rendered":"https:\/\/eventdk.nordiske-medier.dk\/clean-facility\/?page_id=201"},"modified":"2025-12-02T15:11:19","modified_gmt":"2025-12-02T14:11:19","slug":"om-oss","status":"publish","type":"page","link":"https:\/\/nmevents.se\/nordicgrocerystoreexpo\/om-oss\/","title":{"rendered":"Om oss"},"content":{"rendered":"\t\t<div data-elementor-type=\"wp-page\" data-elementor-id=\"201\" class=\"elementor elementor-201\" data-elementor-post-type=\"page\">\n\t\t\t\t<div class=\"elementor-element elementor-element-ce6dac2 e-flex e-con-boxed e-con e-parent\" data-id=\"ce6dac2\" data-element_type=\"container\" data-core-v316-plus=\"true\">\n\t\t\t\t\t<div class=\"e-con-inner\">\n\t\t\t\t<div class=\"elementor-element elementor-element-f54afce elementor-widget elementor-widget-spacer\" data-id=\"f54afce\" data-element_type=\"widget\" data-widget_type=\"spacer.default\">\n\t\t\t\t<div class=\"elementor-widget-container\">\n\t\t\t<style>\/*! elementor - v3.20.0 - 20-03-2024 *\/\n.elementor-column .elementor-spacer-inner{height:var(--spacer-size)}.e-con{--container-widget-width:100%}.e-con-inner>.elementor-widget-spacer,.e-con>.elementor-widget-spacer{width:var(--container-widget-width,var(--spacer-size));--align-self:var(--container-widget-align-self,initial);--flex-shrink:0}.e-con-inner>.elementor-widget-spacer>.elementor-widget-container,.e-con>.elementor-widget-spacer>.elementor-widget-container{height:100%;width:100%}.e-con-inner>.elementor-widget-spacer>.elementor-widget-container>.elementor-spacer,.e-con>.elementor-widget-spacer>.elementor-widget-container>.elementor-spacer{height:100%}.e-con-inner>.elementor-widget-spacer>.elementor-widget-container>.elementor-spacer>.elementor-spacer-inner,.e-con>.elementor-widget-spacer>.elementor-widget-container>.elementor-spacer>.elementor-spacer-inner{height:var(--container-widget-height,var(--spacer-size))}.e-con-inner>.elementor-widget-spacer.elementor-widget-empty,.e-con>.elementor-widget-spacer.elementor-widget-empty{position:relative;min-height:22px;min-width:22px}.e-con-inner>.elementor-widget-spacer.elementor-widget-empty .elementor-widget-empty-icon,.e-con>.elementor-widget-spacer.elementor-widget-empty .elementor-widget-empty-icon{position:absolute;top:0;bottom:0;left:0;right:0;margin:auto;padding:0;width:22px;height:22px}<\/style>\t\t<div class=\"elementor-spacer\">\n\t\t\t<div class=\"elementor-spacer-inner\"><\/div>\n\t\t<\/div>\n\t\t\t\t<\/div>\n\t\t\t\t<\/div>\n\t\t\t\t\t<\/div>\n\t\t\t\t<\/div>\n\t\t<div class=\"elementor-element elementor-element-8d5195a e-flex e-con-boxed e-con e-parent\" data-id=\"8d5195a\" data-element_type=\"container\" data-core-v316-plus=\"true\">\n\t\t\t\t\t<div class=\"e-con-inner\">\n\t\t<div class=\"elementor-element elementor-element-243a48f e-con-full e-flex e-con e-child\" data-id=\"243a48f\" data-element_type=\"container\">\n\t\t\t\t<div class=\"elementor-element elementor-element-9306b11 elementor-widget elementor-widget-heading\" data-id=\"9306b11\" data-element_type=\"widget\" data-widget_type=\"heading.default\">\n\t\t\t\t<div class=\"elementor-widget-container\">\n\t\t\t<style>\/*! elementor - v3.20.0 - 20-03-2024 *\/\n.elementor-heading-title{padding:0;margin:0;line-height:1}.elementor-widget-heading .elementor-heading-title[class*=elementor-size-]>a{color:inherit;font-size:inherit;line-height:inherit}.elementor-widget-heading .elementor-heading-title.elementor-size-small{font-size:15px}.elementor-widget-heading .elementor-heading-title.elementor-size-medium{font-size:19px}.elementor-widget-heading .elementor-heading-title.elementor-size-large{font-size:29px}.elementor-widget-heading .elementor-heading-title.elementor-size-xl{font-size:39px}.elementor-widget-heading .elementor-heading-title.elementor-size-xxl{font-size:59px}<\/style><h2 class=\"elementor-heading-title elementor-size-default\">Om Fri K\u00f6penskap<\/h2>\t\t<\/div>\n\t\t\t\t<\/div>\n\t\t\t\t<div class=\"elementor-element elementor-element-98b056a elementor-widget elementor-widget-text-editor\" data-id=\"98b056a\" data-element_type=\"widget\" data-widget_type=\"text-editor.default\">\n\t\t\t\t<div class=\"elementor-widget-container\">\n\t\t\t<style>\/*! elementor - v3.20.0 - 20-03-2024 *\/\n.elementor-widget-text-editor.elementor-drop-cap-view-stacked .elementor-drop-cap{background-color:#69727d;color:#fff}.elementor-widget-text-editor.elementor-drop-cap-view-framed .elementor-drop-cap{color:#69727d;border:3px solid;background-color:transparent}.elementor-widget-text-editor:not(.elementor-drop-cap-view-default) .elementor-drop-cap{margin-top:8px}.elementor-widget-text-editor:not(.elementor-drop-cap-view-default) .elementor-drop-cap-letter{width:1em;height:1em}.elementor-widget-text-editor .elementor-drop-cap{float:left;text-align:center;line-height:1;font-size:50px}.elementor-widget-text-editor .elementor-drop-cap-letter{display:inline-block}<\/style>\t\t\t\t<p><span style=\"text-align: var(--text-align)\">Fri K\u00f6penskap \u00e4r dagligvaruhandelns oberoende B2B-tidning som bevakat branschen sedan 1943. I Fri K\u00f6penskap bevakas, granskas, analyseras och debatteras allt viktigt som h\u00e4nder inom dagligvarubranschen. L\u00e4sarna \u00e4r handlare och anst\u00e4llda i butiker samt beslutsfattare hos kedjorna, handelns organisationer, livsmedelsf\u00f6retagen och grossisterna.<\/span><\/p><p>Tidningen Fri K\u00f6penskap utkommer med omkring 30 utg\u00e5vor per \u00e5r. P\u00e5 n\u00e4tet n\u00e5r vi cirka 12 000 unika anv\u00e4ndare i veckan rakt in i m\u00e5lgruppen. Digitalt jobbar vi i n\u00e4ra samarbete med v\u00e5r systersajt Food Supply. Nyhetsbrev med h\u00f6g \u00f6ppningsfrekvens skickas ut alla vardagar till n\u00e4rmare 9 500 mottagare. Fri K\u00f6penskap \u00e4r ocks\u00e5 arrang\u00f6r av \u00e5rets st\u00f6rsta och viktigaste branschevent, Dagligvarugalan.<\/p>\t\t\t\t\t\t<\/div>\n\t\t\t\t<\/div>\n\t\t\t\t<div class=\"elementor-element elementor-element-9a3e848 elementor-widget elementor-widget-image\" data-id=\"9a3e848\" data-element_type=\"widget\" data-widget_type=\"image.default\">\n\t\t\t\t<div class=\"elementor-widget-container\">\n\t\t\t<style>\/*! elementor - v3.20.0 - 20-03-2024 *\/\n.elementor-widget-image{text-align:center}.elementor-widget-image a{display:inline-block}.elementor-widget-image a img[src$=\".svg\"]{width:48px}.elementor-widget-image img{vertical-align:middle;display:inline-block}<\/style>\t\t\t\t\t\t\t\t\t\t\t<a href=\"https:\/\/www.fri-kopenskap.se\/products\/subscription.html\" target=\"_blank\">\n\t\t\t\t\t\t\t<img fetchpriority=\"high\" decoding=\"async\" width=\"800\" height=\"209\" src=\"https:\/\/nmevents.se\/nordicgrocerystoreexpo\/wp-content\/uploads\/sites\/40\/2025\/10\/NGSE26_knapp_Prenumerera-1024x267.png\" class=\"attachment-large size-large wp-image-3250\" alt=\"\" srcset=\"https:\/\/nmevents.se\/nordicgrocerystoreexpo\/wp-content\/uploads\/sites\/40\/2025\/10\/NGSE26_knapp_Prenumerera-1024x267.png 1024w, https:\/\/nmevents.se\/nordicgrocerystoreexpo\/wp-content\/uploads\/sites\/40\/2025\/10\/NGSE26_knapp_Prenumerera-300x78.png 300w, https:\/\/nmevents.se\/nordicgrocerystoreexpo\/wp-content\/uploads\/sites\/40\/2025\/10\/NGSE26_knapp_Prenumerera-768x201.png 768w, https:\/\/nmevents.se\/nordicgrocerystoreexpo\/wp-content\/uploads\/sites\/40\/2025\/10\/NGSE26_knapp_Prenumerera-1536x401.png 1536w, https:\/\/nmevents.se\/nordicgrocerystoreexpo\/wp-content\/uploads\/sites\/40\/2025\/10\/NGSE26_knapp_Prenumerera.png 1846w\" sizes=\"(max-width: 800px) 100vw, 800px\" \/>\t\t\t\t\t\t\t\t<\/a>\n\t\t\t\t\t\t\t\t\t\t\t\t\t<\/div>\n\t\t\t\t<\/div>\n\t\t\t\t<\/div>\n\t\t\t\t<div class=\"elementor-element elementor-element-0d45ce8 elementor-widget elementor-widget-spacer\" data-id=\"0d45ce8\" data-element_type=\"widget\" data-widget_type=\"spacer.default\">\n\t\t\t\t<div class=\"elementor-widget-container\">\n\t\t\t\t\t<div class=\"elementor-spacer\">\n\t\t\t<div class=\"elementor-spacer-inner\"><\/div>\n\t\t<\/div>\n\t\t\t\t<\/div>\n\t\t\t\t<\/div>\n\t\t<div class=\"elementor-element elementor-element-be5b0ce e-con-full e-flex e-con e-child\" data-id=\"be5b0ce\" data-element_type=\"container\">\n\t\t\t\t<div class=\"elementor-element elementor-element-b0d783a elementor-widget elementor-widget-image\" data-id=\"b0d783a\" data-element_type=\"widget\" data-widget_type=\"image.default\">\n\t\t\t\t<div class=\"elementor-widget-container\">\n\t\t\t\t\t\t\t\t\t\t\t\t\t<img decoding=\"async\" width=\"776\" height=\"492\" src=\"https:\/\/nmevents.se\/nordicgrocerystoreexpo\/wp-content\/uploads\/sites\/40\/2025\/10\/NGSE_Webb_2.png\" class=\"attachment-large size-large wp-image-3251\" alt=\"\" srcset=\"https:\/\/nmevents.se\/nordicgrocerystoreexpo\/wp-content\/uploads\/sites\/40\/2025\/10\/NGSE_Webb_2.png 776w, https:\/\/nmevents.se\/nordicgrocerystoreexpo\/wp-content\/uploads\/sites\/40\/2025\/10\/NGSE_Webb_2-300x190.png 300w, https:\/\/nmevents.se\/nordicgrocerystoreexpo\/wp-content\/uploads\/sites\/40\/2025\/10\/NGSE_Webb_2-768x487.png 768w\" sizes=\"(max-width: 776px) 100vw, 776px\" \/>\t\t\t\t\t\t\t\t\t\t\t\t\t<\/div>\n\t\t\t\t<\/div>\n\t\t\t\t<\/div>\n\t\t\t\t\t<\/div>\n\t\t\t\t<\/div>\n\t\t<div class=\"elementor-element elementor-element-f693578 e-flex e-con-boxed e-con e-parent\" data-id=\"f693578\" data-element_type=\"container\" data-settings=\"{&quot;background_background&quot;:&quot;gradient&quot;}\" data-core-v316-plus=\"true\">\n\t\t\t\t\t<div class=\"e-con-inner\">\n\t\t\t\t<div class=\"elementor-element elementor-element-bcbc2c8 elementor-widget elementor-widget-text-editor\" data-id=\"bcbc2c8\" data-element_type=\"widget\" data-widget_type=\"text-editor.default\">\n\t\t\t\t<div class=\"elementor-widget-container\">\n\t\t\t\t\t\t\t<p>V\u00e5ra event<\/p>\t\t\t\t\t\t<\/div>\n\t\t\t\t<\/div>\n\t\t\t\t\t<\/div>\n\t\t\t\t<\/div>\n\t\t<div class=\"elementor-element elementor-element-5eb2708 e-flex e-con-boxed e-con e-parent\" data-id=\"5eb2708\" data-element_type=\"container\" data-core-v316-plus=\"true\">\n\t\t\t\t\t<div class=\"e-con-inner\">\n\t\t\t\t<div class=\"elementor-element elementor-element-e3a3afd elementor-widget elementor-widget-spacer\" data-id=\"e3a3afd\" data-element_type=\"widget\" data-widget_type=\"spacer.default\">\n\t\t\t\t<div class=\"elementor-widget-container\">\n\t\t\t\t\t<div class=\"elementor-spacer\">\n\t\t\t<div class=\"elementor-spacer-inner\"><\/div>\n\t\t<\/div>\n\t\t\t\t<\/div>\n\t\t\t\t<\/div>\n\t\t\t\t\t<\/div>\n\t\t\t\t<\/div>\n\t\t<div class=\"elementor-element elementor-element-162bb7c e-flex e-con-boxed e-con e-parent\" data-id=\"162bb7c\" data-element_type=\"container\" data-core-v316-plus=\"true\">\n\t\t\t\t\t<div class=\"e-con-inner\">\n\t\t<div class=\"elementor-element elementor-element-2e0d14e e-con-full e-flex e-con e-child\" data-id=\"2e0d14e\" data-element_type=\"container\">\n\t\t\t\t<div class=\"elementor-element elementor-element-c54bfff elementor-widget elementor-widget-text-editor\" data-id=\"c54bfff\" data-element_type=\"widget\" data-widget_type=\"text-editor.default\">\n\t\t\t\t<div class=\"elementor-widget-container\">\n\t\t\t\t\t\t\t<p>Dagligvarugalan<\/p>\t\t\t\t\t\t<\/div>\n\t\t\t\t<\/div>\n\t\t\t\t<div class=\"elementor-element elementor-element-3ae5efa elementor-widget elementor-widget-text-editor\" data-id=\"3ae5efa\" data-element_type=\"widget\" data-widget_type=\"text-editor.default\">\n\t\t\t\t<div class=\"elementor-widget-container\">\n\t\t\t\t\t\t\t<p>Dagligvarugalan \u00e4r branschens stora galakv\u00e4ll d\u00e4r alla duktiga medarbetare i dagligvarubranschen runt om i landet st\u00e5r i fokus och f\u00e5r en v\u00e4lf\u00f6rtj\u00e4nt plats i rampljuset. Under kv\u00e4llen uppm\u00e4rksammas och bel\u00f6nas branschens alla hj\u00e4ltar som i det tysta ser till att den svenska livsmedelsf\u00f6rs\u00f6rjningen fungerar och att konsumenterna b\u00e5de inspireras till stord\u00e5d i k\u00f6ket och vid middagsbordet.\u00a0<br \/>Dagligvarugalan g\u00e5r av staplen 12 november 2026 i Stockholms stadshus.<\/p>\t\t\t\t\t\t<\/div>\n\t\t\t\t<\/div>\n\t\t\t\t<div class=\"elementor-element elementor-element-3511c39 elementor-widget elementor-widget-button\" data-id=\"3511c39\" data-element_type=\"widget\" data-widget_type=\"button.default\">\n\t\t\t\t<div class=\"elementor-widget-container\">\n\t\t\t\t\t<div class=\"elementor-button-wrapper\">\n\t\t\t<a class=\"elementor-button elementor-button-link elementor-size-sm\" href=\"https:\/\/nmevents.se\/dagligvarugalan\/\" target=\"_blank\">\n\t\t\t\t\t\t<span class=\"elementor-button-content-wrapper\">\n\t\t\t\t\t\t<span class=\"elementor-button-text\">F\u00f6r mer info & anm\u00e4lan<\/span>\n\t\t<\/span>\n\t\t\t\t\t<\/a>\n\t\t<\/div>\n\t\t\t\t<\/div>\n\t\t\t\t<\/div>\n\t\t\t\t<\/div>\n\t\t<div class=\"elementor-element elementor-element-60cfbed e-con-full e-flex e-con e-child\" data-id=\"60cfbed\" data-element_type=\"container\">\n\t\t\t\t<div class=\"elementor-element elementor-element-6100366 elementor-widget elementor-widget-text-editor\" data-id=\"6100366\" data-element_type=\"widget\" data-widget_type=\"text-editor.default\">\n\t\t\t\t<div class=\"elementor-widget-container\">\n\t\t\t\t\t\t\t<p>Dagligvarudagen\u00a0<\/p>\t\t\t\t\t\t<\/div>\n\t\t\t\t<\/div>\n\t\t\t\t<div class=\"elementor-element elementor-element-2fd2685 elementor-widget elementor-widget-text-editor\" data-id=\"2fd2685\" data-element_type=\"widget\" data-widget_type=\"text-editor.default\">\n\t\t\t\t<div class=\"elementor-widget-container\">\n\t\t\t\t\t\t\t<p>I \u00e5r kommer Dagligvarudagen integreras med Nordic Groecery Store Expo i form av Bubbelscenen powered by Dagligvaru\u00addagen. P\u00e5 scen kommer du ta del av sp\u00e4nnande inspirationstalare, panelsamtal och prisutdelning i Dagligvarugalans regionfinaler direkt fr\u00e5n m\u00e4ssgolvet. Vi kommer bland annat dela ut regionpris i \u00c5rets \u00c4ggavdelning d\u00e5 vi utser b\u00e4sta \u00e4ggavdelningen i Norrland, Svealand och G\u00f6taland. Vinnarna tar sig direkt till finalen i Stockholms stadshus den 12 november 2026. Pris till \u00c5rets Hemmakontor delas ocks\u00e5 ut i Dagligvarugalans namn.<\/p>\t\t\t\t\t\t<\/div>\n\t\t\t\t<\/div>\n\t\t\t\t<div class=\"elementor-element elementor-element-69bc604 elementor-widget elementor-widget-button\" data-id=\"69bc604\" data-element_type=\"widget\" data-widget_type=\"button.default\">\n\t\t\t\t<div class=\"elementor-widget-container\">\n\t\t\t\t\t<div class=\"elementor-button-wrapper\">\n\t\t\t<a class=\"elementor-button elementor-button-link elementor-size-sm\" href=\"https:\/\/nmevents.se\/dagligvarudagen\/\" target=\"_blank\">\n\t\t\t\t\t\t<span class=\"elementor-button-content-wrapper\">\n\t\t\t\t\t\t<span class=\"elementor-button-text\">F\u00f6r mer info & anm\u00e4lan<\/span>\n\t\t<\/span>\n\t\t\t\t\t<\/a>\n\t\t<\/div>\n\t\t\t\t<\/div>\n\t\t\t\t<\/div>\n\t\t\t\t<\/div>\n\t\t\t\t\t<\/div>\n\t\t\t\t<\/div>\n\t\t\t\t<\/div>\n\t\t","protected":false},"excerpt":{"rendered":"<p>Om Fri K\u00f6penskap Fri K\u00f6penskap \u00e4r dagligvaruhandelns oberoende B2B-tidning som bevakat branschen sedan 1943. I Fri K\u00f6penskap bevakas, granskas, analyseras och debatteras allt viktigt som h\u00e4nder inom dagligvarubranschen. L\u00e4sarna \u00e4r handlare och anst\u00e4llda i butiker samt beslutsfattare hos kedjorna, handelns organisationer, livsmedelsf\u00f6retagen och grossisterna. Tidningen Fri K\u00f6penskap utkommer med omkring 30 utg\u00e5vor per \u00e5r. P\u00e5 [&hellip;]<\/p>\n","protected":false},"author":1,"featured_media":0,"parent":0,"menu_order":0,"comment_status":"closed","ping_status":"closed","template":"elementor_header_footer","meta":{"_acf_changed":false,"footnotes":""},"acf":[],"_links":{"self":[{"href":"https:\/\/nmevents.se\/nordicgrocerystoreexpo\/wp-json\/wp\/v2\/pages\/201"}],"collection":[{"href":"https:\/\/nmevents.se\/nordicgrocerystoreexpo\/wp-json\/wp\/v2\/pages"}],"about":[{"href":"https:\/\/nmevents.se\/nordicgrocerystoreexpo\/wp-json\/wp\/v2\/types\/page"}],"author":[{"embeddable":true,"href":"https:\/\/nmevents.se\/nordicgrocerystoreexpo\/wp-json\/wp\/v2\/users\/1"}],"replies":[{"embeddable":true,"href":"https:\/\/nmevents.se\/nordicgrocerystoreexpo\/wp-json\/wp\/v2\/comments?post=201"}],"version-history":[{"count":87,"href":"https:\/\/nmevents.se\/nordicgrocerystoreexpo\/wp-json\/wp\/v2\/pages\/201\/revisions"}],"predecessor-version":[{"id":3325,"href":"https:\/\/nmevents.se\/nordicgrocerystoreexpo\/wp-json\/wp\/v2\/pages\/201\/revisions\/3325"}],"wp:attachment":[{"href":"https:\/\/nmevents.se\/nordicgrocerystoreexpo\/wp-json\/wp\/v2\/media?parent=201"}],"curies":[{"name":"wp","href":"https:\/\/api.w.org\/{rel}","templated":true}]}}