{"id":1536,"date":"2025-04-23T14:22:18","date_gmt":"2025-04-23T12:22:18","guid":{"rendered":"https:\/\/nmevents.se\/packpointnordic\/?page_id=1536"},"modified":"2025-12-16T13:20:16","modified_gmt":"2025-12-16T12:20:16","slug":"bli-partner","status":"publish","type":"page","link":"https:\/\/nmevents.se\/packpointnordic\/bli-partner\/","title":{"rendered":"Bli Partner"},"content":{"rendered":"\t\t<div data-elementor-type=\"wp-page\" data-elementor-id=\"1536\" class=\"elementor elementor-1536\" data-elementor-post-type=\"page\">\n\t\t\t\t<div class=\"elementor-element elementor-element-1fab016 e-flex e-con-boxed e-con e-parent\" data-id=\"1fab016\" data-element_type=\"container\" data-core-v316-plus=\"true\">\n\t\t\t\t\t<div class=\"e-con-inner\">\n\t\t\t\t<div class=\"elementor-element elementor-element-99901a5 elementor-widget elementor-widget-spacer\" data-id=\"99901a5\" data-element_type=\"widget\" data-widget_type=\"spacer.default\">\n\t\t\t\t<div class=\"elementor-widget-container\">\n\t\t\t<style>\/*! elementor - v3.20.0 - 20-03-2024 *\/\n.elementor-column .elementor-spacer-inner{height:var(--spacer-size)}.e-con{--container-widget-width:100%}.e-con-inner>.elementor-widget-spacer,.e-con>.elementor-widget-spacer{width:var(--container-widget-width,var(--spacer-size));--align-self:var(--container-widget-align-self,initial);--flex-shrink:0}.e-con-inner>.elementor-widget-spacer>.elementor-widget-container,.e-con>.elementor-widget-spacer>.elementor-widget-container{height:100%;width:100%}.e-con-inner>.elementor-widget-spacer>.elementor-widget-container>.elementor-spacer,.e-con>.elementor-widget-spacer>.elementor-widget-container>.elementor-spacer{height:100%}.e-con-inner>.elementor-widget-spacer>.elementor-widget-container>.elementor-spacer>.elementor-spacer-inner,.e-con>.elementor-widget-spacer>.elementor-widget-container>.elementor-spacer>.elementor-spacer-inner{height:var(--container-widget-height,var(--spacer-size))}.e-con-inner>.elementor-widget-spacer.elementor-widget-empty,.e-con>.elementor-widget-spacer.elementor-widget-empty{position:relative;min-height:22px;min-width:22px}.e-con-inner>.elementor-widget-spacer.elementor-widget-empty .elementor-widget-empty-icon,.e-con>.elementor-widget-spacer.elementor-widget-empty .elementor-widget-empty-icon{position:absolute;top:0;bottom:0;left:0;right:0;margin:auto;padding:0;width:22px;height:22px}<\/style>\t\t<div class=\"elementor-spacer\">\n\t\t\t<div class=\"elementor-spacer-inner\"><\/div>\n\t\t<\/div>\n\t\t\t\t<\/div>\n\t\t\t\t<\/div>\n\t\t\t\t\t<\/div>\n\t\t\t\t<\/div>\n\t\t<div class=\"elementor-element elementor-element-b6868be e-flex e-con-boxed e-con e-parent\" data-id=\"b6868be\" data-element_type=\"container\" data-core-v316-plus=\"true\">\n\t\t\t\t\t<div class=\"e-con-inner\">\n\t\t\t\t<div class=\"elementor-element elementor-element-6b6b0ab elementor-widget elementor-widget-spacer\" data-id=\"6b6b0ab\" data-element_type=\"widget\" data-widget_type=\"spacer.default\">\n\t\t\t\t<div class=\"elementor-widget-container\">\n\t\t\t\t\t<div class=\"elementor-spacer\">\n\t\t\t<div class=\"elementor-spacer-inner\"><\/div>\n\t\t<\/div>\n\t\t\t\t<\/div>\n\t\t\t\t<\/div>\n\t\t\t\t\t<\/div>\n\t\t\t\t<\/div>\n\t\t<div class=\"elementor-element elementor-element-e4bb8e6 e-flex e-con-boxed e-con e-parent\" data-id=\"e4bb8e6\" data-element_type=\"container\" data-core-v316-plus=\"true\">\n\t\t\t\t\t<div class=\"e-con-inner\">\n\t\t<div class=\"elementor-element elementor-element-6e46e86 e-con-full e-flex e-con e-child\" data-id=\"6e46e86\" data-element_type=\"container\">\n\t\t\t\t<div class=\"elementor-element elementor-element-a864861 elementor-widget elementor-widget-text-editor\" data-id=\"a864861\" data-element_type=\"widget\" data-widget_type=\"text-editor.default\">\n\t\t\t\t<div class=\"elementor-widget-container\">\n\t\t\t<style>\/*! elementor - v3.20.0 - 20-03-2024 *\/\n.elementor-widget-text-editor.elementor-drop-cap-view-stacked .elementor-drop-cap{background-color:#69727d;color:#fff}.elementor-widget-text-editor.elementor-drop-cap-view-framed .elementor-drop-cap{color:#69727d;border:3px solid;background-color:transparent}.elementor-widget-text-editor:not(.elementor-drop-cap-view-default) .elementor-drop-cap{margin-top:8px}.elementor-widget-text-editor:not(.elementor-drop-cap-view-default) .elementor-drop-cap-letter{width:1em;height:1em}.elementor-widget-text-editor .elementor-drop-cap{float:left;text-align:center;line-height:1;font-size:50px}.elementor-widget-text-editor .elementor-drop-cap-letter{display:inline-block}<\/style>\t\t\t\t<p>Delta som partner<\/p>\t\t\t\t\t\t<\/div>\n\t\t\t\t<\/div>\n\t\t\t\t<div class=\"elementor-element elementor-element-858a179 elementor-widget elementor-widget-text-editor\" data-id=\"858a179\" data-element_type=\"widget\" data-widget_type=\"text-editor.default\">\n\t\t\t\t<div class=\"elementor-widget-container\">\n\t\t\t\t\t\t\t<p>Med ett partnerskap p\u00e5 Pack Point Nordic f\u00e5r ert f\u00f6retag en unik m\u00f6jlighet att skapa nya aff\u00e4rsm\u00f6jligheter, st\u00e4rka relationerna med era kunder samt knyta v\u00e4rdefulla kontakter med nya partners och deltagare. Genom att delta som partner hj\u00e4lper ni \u00e4ven branschens beslutsfattare att bilda framtidens f\u00f6rpackningsbransch.<\/p>\t\t\t\t\t\t<\/div>\n\t\t\t\t<\/div>\n\t\t\t\t<div class=\"elementor-element elementor-element-601baa5 elementor-align-left elementor-widget elementor-widget-button\" data-id=\"601baa5\" data-element_type=\"widget\" data-widget_type=\"button.default\">\n\t\t\t\t<div class=\"elementor-widget-container\">\n\t\t\t\t\t<div class=\"elementor-button-wrapper\">\n\t\t\t<a class=\"elementor-button elementor-button-link elementor-size-sm\" href=\"https:\/\/www.packnet.se\/article\/view\/1165091\/pack_point_nordic_stockholm_rekorden_rok_igen_del_1\" target=\"_blank\">\n\t\t\t\t\t\t<span class=\"elementor-button-content-wrapper\">\n\t\t\t\t\t\t<span class=\"elementor-button-text\">L\u00e4s mer om konferensen h\u00e4r!<\/span>\n\t\t<\/span>\n\t\t\t\t\t<\/a>\n\t\t<\/div>\n\t\t\t\t<\/div>\n\t\t\t\t<\/div>\n\t\t\t\t<div class=\"elementor-element elementor-element-4251c16 elementor-widget elementor-widget-text-editor\" data-id=\"4251c16\" data-element_type=\"widget\" data-widget_type=\"text-editor.default\">\n\t\t\t\t<div class=\"elementor-widget-container\">\n\t\t\t\t\t\t\t<p>F\u00f6r mer information om partnerskap, kontakta:<\/p>\t\t\t\t\t\t<\/div>\n\t\t\t\t<\/div>\n\t\t\t\t<div class=\"elementor-element elementor-element-f5cefe8 elementor-widget elementor-widget-text-editor\" data-id=\"f5cefe8\" data-element_type=\"widget\" data-widget_type=\"text-editor.default\">\n\t\t\t\t<div class=\"elementor-widget-container\">\n\t\t\t\t\t\t\t<p><strong class=\"\"><span class=\"\"><strong>Jerker Evaldsson<\/strong><\/span><\/strong><br \/>F\u00f6rs\u00e4ljningschef<br \/>+ 46 (0) 70 975 99 40<br class=\"\" \/><a class=\"\" href=\"mailto:jerker.evaldsson@nordiskemedier.se\" target=\"_blank\" rel=\"noopener\">jerker.evaldsson@nordiskemedier.se<\/a><\/p>\t\t\t\t\t\t<\/div>\n\t\t\t\t<\/div>\n\t\t\t\t<div class=\"elementor-element elementor-element-c40e49e elementor-widget elementor-widget-text-editor\" data-id=\"c40e49e\" data-element_type=\"widget\" data-widget_type=\"text-editor.default\">\n\t\t\t\t<div class=\"elementor-widget-container\">\n\t\t\t\t\t\t\t<p><strong class=\"\">Magnus Wrigert<\/strong><br \/><span class=\"\">Medies\u00e4ljare<\/span>, Packmarknaden<br \/>+ 46 (0) 73 682 53 37<br class=\"\" \/><a class=\"\" href=\"mailto:magnus.wrigert@nordiskemedier.se\" target=\"_blank\" rel=\"noopener\">magnus.wrigert@nordiskemedier.se<\/a>\u00a0<\/p>\t\t\t\t\t\t<\/div>\n\t\t\t\t<\/div>\n\t\t\t\t<\/div>\n\t\t<div class=\"elementor-element elementor-element-2db7d74 e-con-full e-flex e-con e-child\" data-id=\"2db7d74\" data-element_type=\"container\">\n\t\t\t\t<div class=\"elementor-element elementor-element-62eb737 elementor-widget elementor-widget-image\" data-id=\"62eb737\" data-element_type=\"widget\" data-widget_type=\"image.default\">\n\t\t\t\t<div class=\"elementor-widget-container\">\n\t\t\t<style>\/*! elementor - v3.20.0 - 20-03-2024 *\/\n.elementor-widget-image{text-align:center}.elementor-widget-image a{display:inline-block}.elementor-widget-image a img[src$=\".svg\"]{width:48px}.elementor-widget-image img{vertical-align:middle;display:inline-block}<\/style>\t\t\t\t\t\t\t\t\t\t<img fetchpriority=\"high\" decoding=\"async\" width=\"2560\" height=\"1920\" src=\"https:\/\/nmevents.se\/packpointnordic\/wp-content\/uploads\/sites\/62\/2025\/04\/PPN_STHLM-24-mingel-scaled.jpg\" class=\"attachment-full size-full wp-image-1582\" alt=\"\" srcset=\"https:\/\/nmevents.se\/packpointnordic\/wp-content\/uploads\/sites\/62\/2025\/04\/PPN_STHLM-24-mingel-scaled.jpg 2560w, https:\/\/nmevents.se\/packpointnordic\/wp-content\/uploads\/sites\/62\/2025\/04\/PPN_STHLM-24-mingel-300x225.jpg 300w, https:\/\/nmevents.se\/packpointnordic\/wp-content\/uploads\/sites\/62\/2025\/04\/PPN_STHLM-24-mingel-1024x768.jpg 1024w, https:\/\/nmevents.se\/packpointnordic\/wp-content\/uploads\/sites\/62\/2025\/04\/PPN_STHLM-24-mingel-768x576.jpg 768w, https:\/\/nmevents.se\/packpointnordic\/wp-content\/uploads\/sites\/62\/2025\/04\/PPN_STHLM-24-mingel-1536x1152.jpg 1536w, https:\/\/nmevents.se\/packpointnordic\/wp-content\/uploads\/sites\/62\/2025\/04\/PPN_STHLM-24-mingel-2048x1536.jpg 2048w\" sizes=\"(max-width: 2560px) 100vw, 2560px\" \/>\t\t\t\t\t\t\t\t\t\t\t\t\t<\/div>\n\t\t\t\t<\/div>\n\t\t\t\t<\/div>\n\t\t\t\t\t<\/div>\n\t\t\t\t<\/div>\n\t\t<div class=\"elementor-element elementor-element-682c675 e-flex e-con-boxed e-con e-parent\" data-id=\"682c675\" data-element_type=\"container\" data-core-v316-plus=\"true\">\n\t\t\t\t\t<div class=\"e-con-inner\">\n\t\t\t\t<div class=\"elementor-element elementor-element-d902a8f elementor-widget elementor-widget-spacer\" data-id=\"d902a8f\" data-element_type=\"widget\" data-widget_type=\"spacer.default\">\n\t\t\t\t<div class=\"elementor-widget-container\">\n\t\t\t\t\t<div class=\"elementor-spacer\">\n\t\t\t<div class=\"elementor-spacer-inner\"><\/div>\n\t\t<\/div>\n\t\t\t\t<\/div>\n\t\t\t\t<\/div>\n\t\t\t\t\t<\/div>\n\t\t\t\t<\/div>\n\t\t<div class=\"elementor-element elementor-element-5bd7a4a e-flex e-con-boxed e-con e-parent\" data-id=\"5bd7a4a\" data-element_type=\"container\" data-settings=\"{&quot;background_background&quot;:&quot;gradient&quot;}\" data-core-v316-plus=\"true\">\n\t\t\t\t\t<div class=\"e-con-inner\">\n\t\t<div class=\"elementor-element elementor-element-fff1ce2 e-con-full e-flex e-con e-child\" data-id=\"fff1ce2\" data-element_type=\"container\" data-settings=\"{&quot;background_background&quot;:&quot;gradient&quot;}\">\n\t\t\t\t<div class=\"elementor-element elementor-element-6690b8f elementor-widget elementor-widget-text-editor\" data-id=\"6690b8f\" data-element_type=\"widget\" data-widget_type=\"text-editor.default\">\n\t\t\t\t<div class=\"elementor-widget-container\">\n\t\t\t\t\t\t\t<p><strong>PREMIUMPARTNER<\/strong><\/p>\t\t\t\t\t\t<\/div>\n\t\t\t\t<\/div>\n\t\t\t\t<div class=\"elementor-element elementor-element-4a40af0 elementor-widget elementor-widget-text-editor\" data-id=\"4a40af0\" data-element_type=\"widget\" data-widget_type=\"text-editor.default\">\n\t\t\t\t<div class=\"elementor-widget-container\">\n\t\t\t\t\t\t\t<ul><li>1 plats i diskussionspanelerna p\u00e5 scen.<\/li><li>St\u00f6rre Table top utst\u00e4llningsplats inkl 2 st\u00e5bord.<\/li><li>\u00a0Film\/presentation max 60 sek visas f\u00f6re<br \/>och mellan blocken.<\/li><li>\u00a0St\u00f6rre logotype i all marknadsf\u00f6ring som g\u00f6rs<br \/>f\u00f6re, under och efter konferensen.<\/li><li>\u00a0Tillg\u00e5ng till deltagarlista.<\/li><li>\u00a05 deltagare (v\u00e4rde 4.995:-\/pers)<\/li><\/ul>\t\t\t\t\t\t<\/div>\n\t\t\t\t<\/div>\n\t\t\t\t<div class=\"elementor-element elementor-element-a5163ce elementor-widget elementor-widget-text-editor\" data-id=\"a5163ce\" data-element_type=\"widget\" data-widget_type=\"text-editor.default\">\n\t\t\t\t<div class=\"elementor-widget-container\">\n\t\t\t\t\t\t\t<p>PRIS: 52 000 KR<\/p>\t\t\t\t\t\t<\/div>\n\t\t\t\t<\/div>\n\t\t\t\t<\/div>\n\t\t<div class=\"elementor-element elementor-element-2a7b371 e-con-full e-flex e-con e-child\" data-id=\"2a7b371\" data-element_type=\"container\">\n\t\t<div class=\"elementor-element elementor-element-7010c4a e-con-full e-flex e-con e-child\" data-id=\"7010c4a\" data-element_type=\"container\">\n\t\t\t\t<div class=\"elementor-element elementor-element-e223aeb elementor-widget elementor-widget-text-editor\" data-id=\"e223aeb\" data-element_type=\"widget\" data-widget_type=\"text-editor.default\">\n\t\t\t\t<div class=\"elementor-widget-container\">\n\t\t\t\t\t\t\t<p><strong>PARTNER<\/strong><\/p>\t\t\t\t\t\t<\/div>\n\t\t\t\t<\/div>\n\t\t\t\t<div class=\"elementor-element elementor-element-0514532 elementor-widget elementor-widget-text-editor\" data-id=\"0514532\" data-element_type=\"widget\" data-widget_type=\"text-editor.default\">\n\t\t\t\t<div class=\"elementor-widget-container\">\n\t\t\t\t\t\t\t<ul>\n<li>Logotype i all marknadsf\u00f6ring som<br>g\u00f6rs f\u00f6re, under och efter konferensen.<\/li>\n<li>&nbsp;Table top utst\u00e4llningsplats inkl 1 st\u00e5bord.<\/li>\n<li>Tillg\u00e5ng till deltagarlista.<\/li>\n<li>&nbsp;3 deltagare (v\u00e4rde 4.995:-\/pers)<\/li>\n<\/ul>\t\t\t\t\t\t<\/div>\n\t\t\t\t<\/div>\n\t\t\t\t<div class=\"elementor-element elementor-element-2b4a219 elementor-widget elementor-widget-text-editor\" data-id=\"2b4a219\" data-element_type=\"widget\" data-widget_type=\"text-editor.default\">\n\t\t\t\t<div class=\"elementor-widget-container\">\n\t\t\t\t\t\t\t<p>PRIS: 32 000 KR<\/p>\t\t\t\t\t\t<\/div>\n\t\t\t\t<\/div>\n\t\t\t\t<\/div>\n\t\t\t\t<\/div>\n\t\t<div class=\"elementor-element elementor-element-d747683 e-con-full e-flex e-con e-child\" data-id=\"d747683\" data-element_type=\"container\">\n\t\t<div class=\"elementor-element elementor-element-31928c6 e-con-full e-flex e-con e-child\" data-id=\"31928c6\" data-element_type=\"container\">\n\t\t\t\t<div class=\"elementor-element elementor-element-bb0d1cb elementor-widget elementor-widget-text-editor\" data-id=\"bb0d1cb\" data-element_type=\"widget\" data-widget_type=\"text-editor.default\">\n\t\t\t\t<div class=\"elementor-widget-container\">\n\t\t\t\t\t\t\t<p><strong>SUPPORTPARTNER<\/strong><\/p>\t\t\t\t\t\t<\/div>\n\t\t\t\t<\/div>\n\t\t\t\t<div class=\"elementor-element elementor-element-0fd0ab0 elementor-widget elementor-widget-text-editor\" data-id=\"0fd0ab0\" data-element_type=\"widget\" data-widget_type=\"text-editor.default\">\n\t\t\t\t<div class=\"elementor-widget-container\">\n\t\t\t\t\t\t\t<ul>\n<li>Logotyp i all marknadsf\u00f6ring som g\u00f6rs f\u00f6re, under och efter konferensen.<\/li>\n<li>Logotyp p\u00e5 packpointnordic.se med klickbar l\u00e4nk.<\/li>\n<li>Tv\u00e5 inf\u00f6randen med toppannonser i v\u00e5rt nyhetsbrev<br>inf\u00f6r konferensen.<\/li>\n<li>1 deltagare (v\u00e4rde 4 995:-\/pers).<br><br><\/li>\n<\/ul>\t\t\t\t\t\t<\/div>\n\t\t\t\t<\/div>\n\t\t\t\t<div class=\"elementor-element elementor-element-f05b3a8 elementor-widget elementor-widget-text-editor\" data-id=\"f05b3a8\" data-element_type=\"widget\" data-widget_type=\"text-editor.default\">\n\t\t\t\t<div class=\"elementor-widget-container\">\n\t\t\t\t\t\t\t<p>PRIS: 15 000 KR<\/p>\t\t\t\t\t\t<\/div>\n\t\t\t\t<\/div>\n\t\t\t\t<\/div>\n\t\t\t\t<\/div>\n\t\t\t\t\t<\/div>\n\t\t\t\t<\/div>\n\t\t<div class=\"elementor-element elementor-element-43b51fa e-flex e-con-boxed e-con e-parent\" data-id=\"43b51fa\" data-element_type=\"container\" data-core-v316-plus=\"true\">\n\t\t\t\t\t<div class=\"e-con-inner\">\n\t\t\t\t<div class=\"elementor-element elementor-element-ae16da8 elementor-widget elementor-widget-spacer\" data-id=\"ae16da8\" data-element_type=\"widget\" data-widget_type=\"spacer.default\">\n\t\t\t\t<div class=\"elementor-widget-container\">\n\t\t\t\t\t<div class=\"elementor-spacer\">\n\t\t\t<div class=\"elementor-spacer-inner\"><\/div>\n\t\t<\/div>\n\t\t\t\t<\/div>\n\t\t\t\t<\/div>\n\t\t\t\t\t<\/div>\n\t\t\t\t<\/div>\n\t\t<div class=\"elementor-element elementor-element-4c13355 e-flex e-con-boxed e-con e-parent\" data-id=\"4c13355\" data-element_type=\"container\" data-core-v316-plus=\"true\">\n\t\t\t\t\t<div class=\"e-con-inner\">\n\t\t\t\t<div class=\"elementor-element elementor-element-cb02faa elementor-widget elementor-widget-text-editor\" data-id=\"cb02faa\" data-element_type=\"widget\" data-widget_type=\"text-editor.default\">\n\t\t\t\t<div class=\"elementor-widget-container\">\n\t\t\t\t\t\t\t<p>F\u00f6r mer information om partnerskap, f\u00f6lj l\u00e4nkarna:\u00a0<\/p>\t\t\t\t\t\t<\/div>\n\t\t\t\t<\/div>\n\t\t\t\t\t<\/div>\n\t\t\t\t<\/div>\n\t\t<div class=\"elementor-element elementor-element-684aa18 e-flex e-con-boxed e-con e-parent\" data-id=\"684aa18\" data-element_type=\"container\" data-core-v316-plus=\"true\">\n\t\t\t\t\t<div class=\"e-con-inner\">\n\t\t\t\t<div class=\"elementor-element elementor-element-19c324f elementor-widget elementor-widget-text-editor\" data-id=\"19c324f\" data-element_type=\"widget\" data-widget_type=\"text-editor.default\">\n\t\t\t\t<div class=\"elementor-widget-container\">\n\t\t\t\t\t\t\t<p><strong><a href=\"https:\/\/f.nordiskemedier.dk\/22kwpmynfka286ca.pdf\" target=\"_blank\" rel=\"noopener\"><span style=\"text-decoration: underline;\">Boka ert partnerskap \u2013 l\u00e4s mer h\u00e4r &gt;&gt;<\/span><\/a><\/strong><\/p><p><a href=\"https:\/\/f.nordiskemedier.dk\/2ivipzhe5yap054a.pdf\" target=\"_blank\" rel=\"noopener\"><strong><span style=\"text-decoration: underline;\">Allm\u00e4nna best\u00e4mmelser &gt;&gt;<\/span><\/strong><\/a><\/p>\t\t\t\t\t\t<\/div>\n\t\t\t\t<\/div>\n\t\t\t\t\t<\/div>\n\t\t\t\t<\/div>\n\t\t<div class=\"elementor-element elementor-element-7887984 e-flex e-con-boxed e-con e-parent\" data-id=\"7887984\" data-element_type=\"container\" data-core-v316-plus=\"true\">\n\t\t\t\t\t<div class=\"e-con-inner\">\n\t\t\t\t<div class=\"elementor-element elementor-element-7f4a146 elementor-widget elementor-widget-text-editor\" data-id=\"7f4a146\" data-element_type=\"widget\" data-widget_type=\"text-editor.default\">\n\t\t\t\t<div class=\"elementor-widget-container\">\n\t\t\t\t\t\t\t\t\t\t\t\t\t<\/div>\n\t\t\t\t<\/div>\n\t\t\t\t\t<\/div>\n\t\t\t\t<\/div>\n\t\t<div class=\"elementor-element elementor-element-6929941 e-flex e-con-boxed e-con e-parent\" data-id=\"6929941\" data-element_type=\"container\" data-core-v316-plus=\"true\">\n\t\t\t\t\t<div class=\"e-con-inner\">\n\t\t\t\t<div class=\"elementor-element elementor-element-b80b7c8 elementor-widget elementor-widget-spacer\" data-id=\"b80b7c8\" data-element_type=\"widget\" data-widget_type=\"spacer.default\">\n\t\t\t\t<div class=\"elementor-widget-container\">\n\t\t\t\t\t<div class=\"elementor-spacer\">\n\t\t\t<div class=\"elementor-spacer-inner\"><\/div>\n\t\t<\/div>\n\t\t\t\t<\/div>\n\t\t\t\t<\/div>\n\t\t\t\t\t<\/div>\n\t\t\t\t<\/div>\n\t\t\t\t<\/div>\n\t\t","protected":false},"excerpt":{"rendered":"<p>Delta som partner Med ett partnerskap p\u00e5 Pack Point Nordic f\u00e5r ert f\u00f6retag en unik m\u00f6jlighet att skapa nya aff\u00e4rsm\u00f6jligheter, st\u00e4rka relationerna med era kunder samt knyta v\u00e4rdefulla kontakter med nya partners och deltagare. Genom att delta som partner hj\u00e4lper ni \u00e4ven branschens beslutsfattare att bilda framtidens f\u00f6rpackningsbransch. L\u00e4s mer om konferensen h\u00e4r! F\u00f6r mer [&hellip;]<\/p>\n","protected":false},"author":21,"featured_media":0,"parent":0,"menu_order":0,"comment_status":"closed","ping_status":"closed","template":"","meta":{"_acf_changed":false,"footnotes":""},"acf":[],"_links":{"self":[{"href":"https:\/\/nmevents.se\/packpointnordic\/wp-json\/wp\/v2\/pages\/1536"}],"collection":[{"href":"https:\/\/nmevents.se\/packpointnordic\/wp-json\/wp\/v2\/pages"}],"about":[{"href":"https:\/\/nmevents.se\/packpointnordic\/wp-json\/wp\/v2\/types\/page"}],"author":[{"embeddable":true,"href":"https:\/\/nmevents.se\/packpointnordic\/wp-json\/wp\/v2\/users\/21"}],"replies":[{"embeddable":true,"href":"https:\/\/nmevents.se\/packpointnordic\/wp-json\/wp\/v2\/comments?post=1536"}],"version-history":[{"count":110,"href":"https:\/\/nmevents.se\/packpointnordic\/wp-json\/wp\/v2\/pages\/1536\/revisions"}],"predecessor-version":[{"id":1904,"href":"https:\/\/nmevents.se\/packpointnordic\/wp-json\/wp\/v2\/pages\/1536\/revisions\/1904"}],"wp:attachment":[{"href":"https:\/\/nmevents.se\/packpointnordic\/wp-json\/wp\/v2\/media?parent=1536"}],"curies":[{"name":"wp","href":"https:\/\/api.w.org\/{rel}","templated":true}]}}