{"id":17,"date":"2023-11-06T11:17:16","date_gmt":"2023-11-06T11:17:16","guid":{"rendered":"https:\/\/eventdk4_.nordiske-medier.dk4_\/?page_id=17"},"modified":"2026-02-12T14:03:55","modified_gmt":"2026-02-12T13:03:55","slug":"kontakt","status":"publish","type":"page","link":"https:\/\/nmevents.se\/recyclingdagen\/kontakt\/","title":{"rendered":"Kontakta oss"},"content":{"rendered":"\t\t<div data-elementor-type=\"wp-page\" data-elementor-id=\"17\" class=\"elementor elementor-17\" data-elementor-post-type=\"page\">\n\t\t\t\t<div class=\"elementor-element elementor-element-a85b009 e-flex e-con-boxed e-con e-parent\" data-id=\"a85b009\" data-element_type=\"container\" data-core-v316-plus=\"true\">\n\t\t\t\t\t<div class=\"e-con-inner\">\n\t\t\t\t<div class=\"elementor-element elementor-element-986acce elementor-widget elementor-widget-spacer\" data-id=\"986acce\" data-element_type=\"widget\" data-widget_type=\"spacer.default\">\n\t\t\t\t<div class=\"elementor-widget-container\">\n\t\t\t<style>\/*! elementor - v3.20.0 - 20-03-2024 *\/\n.elementor-column .elementor-spacer-inner{height:var(--spacer-size)}.e-con{--container-widget-width:100%}.e-con-inner>.elementor-widget-spacer,.e-con>.elementor-widget-spacer{width:var(--container-widget-width,var(--spacer-size));--align-self:var(--container-widget-align-self,initial);--flex-shrink:0}.e-con-inner>.elementor-widget-spacer>.elementor-widget-container,.e-con>.elementor-widget-spacer>.elementor-widget-container{height:100%;width:100%}.e-con-inner>.elementor-widget-spacer>.elementor-widget-container>.elementor-spacer,.e-con>.elementor-widget-spacer>.elementor-widget-container>.elementor-spacer{height:100%}.e-con-inner>.elementor-widget-spacer>.elementor-widget-container>.elementor-spacer>.elementor-spacer-inner,.e-con>.elementor-widget-spacer>.elementor-widget-container>.elementor-spacer>.elementor-spacer-inner{height:var(--container-widget-height,var(--spacer-size))}.e-con-inner>.elementor-widget-spacer.elementor-widget-empty,.e-con>.elementor-widget-spacer.elementor-widget-empty{position:relative;min-height:22px;min-width:22px}.e-con-inner>.elementor-widget-spacer.elementor-widget-empty .elementor-widget-empty-icon,.e-con>.elementor-widget-spacer.elementor-widget-empty .elementor-widget-empty-icon{position:absolute;top:0;bottom:0;left:0;right:0;margin:auto;padding:0;width:22px;height:22px}<\/style>\t\t<div class=\"elementor-spacer\">\n\t\t\t<div class=\"elementor-spacer-inner\"><\/div>\n\t\t<\/div>\n\t\t\t\t<\/div>\n\t\t\t\t<\/div>\n\t\t\t\t\t<\/div>\n\t\t\t\t<\/div>\n\t\t<div class=\"elementor-element elementor-element-fc96ba0 e-con-full e-flex e-con e-parent\" data-id=\"fc96ba0\" data-element_type=\"container\" data-core-v316-plus=\"true\">\n\t\t<div class=\"elementor-element elementor-element-bcb3c6c e-con-full e-flex e-con e-child\" data-id=\"bcb3c6c\" data-element_type=\"container\" data-settings=\"{&quot;background_background&quot;:&quot;gradient&quot;}\">\n\t\t\t\t<div class=\"elementor-element elementor-element-f690f0e elementor-widget elementor-widget-text-editor\" data-id=\"f690f0e\" data-element_type=\"widget\" data-widget_type=\"text-editor.default\">\n\t\t\t\t<div class=\"elementor-widget-container\">\n\t\t\t<style>\/*! elementor - v3.20.0 - 20-03-2024 *\/\n.elementor-widget-text-editor.elementor-drop-cap-view-stacked .elementor-drop-cap{background-color:#69727d;color:#fff}.elementor-widget-text-editor.elementor-drop-cap-view-framed .elementor-drop-cap{color:#69727d;border:3px solid;background-color:transparent}.elementor-widget-text-editor:not(.elementor-drop-cap-view-default) .elementor-drop-cap{margin-top:8px}.elementor-widget-text-editor:not(.elementor-drop-cap-view-default) .elementor-drop-cap-letter{width:1em;height:1em}.elementor-widget-text-editor .elementor-drop-cap{float:left;text-align:center;line-height:1;font-size:50px}.elementor-widget-text-editor .elementor-drop-cap-letter{display:inline-block}<\/style>\t\t\t\t<p>Kontakta oss<\/p>\t\t\t\t\t\t<\/div>\n\t\t\t\t<\/div>\n\t\t\t\t<\/div>\n\t\t\t\t<\/div>\n\t\t<div class=\"elementor-element elementor-element-e753aa2 e-flex e-con-boxed e-con e-parent\" data-id=\"e753aa2\" data-element_type=\"container\" data-core-v316-plus=\"true\">\n\t\t\t\t\t<div class=\"e-con-inner\">\n\t\t<div class=\"elementor-element elementor-element-a0e8210 e-con-full e-flex e-con e-child\" data-id=\"a0e8210\" data-element_type=\"container\">\n\t\t\t\t<div class=\"elementor-element elementor-element-9112124 elementor-widget elementor-widget-image\" data-id=\"9112124\" data-element_type=\"widget\" data-widget_type=\"image.default\">\n\t\t\t\t<div class=\"elementor-widget-container\">\n\t\t\t<style>\/*! elementor - v3.20.0 - 20-03-2024 *\/\n.elementor-widget-image{text-align:center}.elementor-widget-image a{display:inline-block}.elementor-widget-image a img[src$=\".svg\"]{width:48px}.elementor-widget-image img{vertical-align:middle;display:inline-block}<\/style>\t\t\t\t\t\t\t\t\t\t<img fetchpriority=\"high\" decoding=\"async\" width=\"1000\" height=\"1000\" src=\"https:\/\/nmevents.se\/recyclingdagen\/wp-content\/uploads\/sites\/17\/2025\/02\/Peter-Olofsson_frilagd.png\" class=\"attachment-full size-full wp-image-3251\" alt=\"\" srcset=\"https:\/\/nmevents.se\/recyclingdagen\/wp-content\/uploads\/sites\/17\/2025\/02\/Peter-Olofsson_frilagd.png 1000w, https:\/\/nmevents.se\/recyclingdagen\/wp-content\/uploads\/sites\/17\/2025\/02\/Peter-Olofsson_frilagd-300x300.png 300w, https:\/\/nmevents.se\/recyclingdagen\/wp-content\/uploads\/sites\/17\/2025\/02\/Peter-Olofsson_frilagd-150x150.png 150w, https:\/\/nmevents.se\/recyclingdagen\/wp-content\/uploads\/sites\/17\/2025\/02\/Peter-Olofsson_frilagd-768x768.png 768w\" sizes=\"(max-width: 1000px) 100vw, 1000px\" \/>\t\t\t\t\t\t\t\t\t\t\t\t\t<\/div>\n\t\t\t\t<\/div>\n\t\t<div class=\"elementor-element elementor-element-36d6a53 e-con-full e-flex e-con e-child\" data-id=\"36d6a53\" data-element_type=\"container\">\n\t\t\t\t<div class=\"elementor-element elementor-element-24b9c99 elementor-widget elementor-widget-heading\" data-id=\"24b9c99\" data-element_type=\"widget\" data-widget_type=\"heading.default\">\n\t\t\t\t<div class=\"elementor-widget-container\">\n\t\t\t<style>\/*! elementor - v3.20.0 - 20-03-2024 *\/\n.elementor-heading-title{padding:0;margin:0;line-height:1}.elementor-widget-heading .elementor-heading-title[class*=elementor-size-]>a{color:inherit;font-size:inherit;line-height:inherit}.elementor-widget-heading .elementor-heading-title.elementor-size-small{font-size:15px}.elementor-widget-heading .elementor-heading-title.elementor-size-medium{font-size:19px}.elementor-widget-heading .elementor-heading-title.elementor-size-large{font-size:29px}.elementor-widget-heading .elementor-heading-title.elementor-size-xl{font-size:39px}.elementor-widget-heading .elementor-heading-title.elementor-size-xxl{font-size:59px}<\/style><h5 class=\"elementor-heading-title elementor-size-default\">Peter Olofsson<\/h5>\t\t<\/div>\n\t\t\t\t<\/div>\n\t\t\t\t<div class=\"elementor-element elementor-element-1d3ed8f elementor-widget elementor-widget-text-editor\" data-id=\"1d3ed8f\" data-element_type=\"widget\" data-widget_type=\"text-editor.default\">\n\t\t\t\t<div class=\"elementor-widget-container\">\n\t\t\t\t\t\t\t<p>Chefredakt\u00f6r<br class=\"\" \/>070-833 54 86<br \/>peter.olofsson@nordiskemedier.se<\/p>\t\t\t\t\t\t<\/div>\n\t\t\t\t<\/div>\n\t\t\t\t<\/div>\n\t\t\t\t<\/div>\n\t\t<div class=\"elementor-element elementor-element-d46221e e-con-full e-flex e-con e-child\" data-id=\"d46221e\" data-element_type=\"container\">\n\t\t\t\t<div class=\"elementor-element elementor-element-9ae02e4 elementor-widget elementor-widget-image\" data-id=\"9ae02e4\" data-element_type=\"widget\" data-widget_type=\"image.default\">\n\t\t\t\t<div class=\"elementor-widget-container\">\n\t\t\t\t\t\t\t\t\t\t\t\t\t<img decoding=\"async\" width=\"1707\" height=\"1707\" src=\"https:\/\/nmevents.se\/recyclingdagen\/wp-content\/uploads\/sites\/17\/2025\/02\/JE12_-1.jpg\" class=\"attachment-full size-full wp-image-3258\" alt=\"\" srcset=\"https:\/\/nmevents.se\/recyclingdagen\/wp-content\/uploads\/sites\/17\/2025\/02\/JE12_-1.jpg 1707w, https:\/\/nmevents.se\/recyclingdagen\/wp-content\/uploads\/sites\/17\/2025\/02\/JE12_-1-300x300.jpg 300w, https:\/\/nmevents.se\/recyclingdagen\/wp-content\/uploads\/sites\/17\/2025\/02\/JE12_-1-1024x1024.jpg 1024w, https:\/\/nmevents.se\/recyclingdagen\/wp-content\/uploads\/sites\/17\/2025\/02\/JE12_-1-150x150.jpg 150w, https:\/\/nmevents.se\/recyclingdagen\/wp-content\/uploads\/sites\/17\/2025\/02\/JE12_-1-768x768.jpg 768w, https:\/\/nmevents.se\/recyclingdagen\/wp-content\/uploads\/sites\/17\/2025\/02\/JE12_-1-1536x1536.jpg 1536w\" sizes=\"(max-width: 1707px) 100vw, 1707px\" \/>\t\t\t\t\t\t\t\t\t\t\t\t\t<\/div>\n\t\t\t\t<\/div>\n\t\t<div class=\"elementor-element elementor-element-ac9732f e-con-full e-flex e-con e-child\" data-id=\"ac9732f\" data-element_type=\"container\">\n\t\t\t\t<div class=\"elementor-element elementor-element-7802752 elementor-widget elementor-widget-heading\" data-id=\"7802752\" data-element_type=\"widget\" data-widget_type=\"heading.default\">\n\t\t\t\t<div class=\"elementor-widget-container\">\n\t\t\t<h5 class=\"elementor-heading-title elementor-size-default\">Jerker Evaldsson<\/h5>\t\t<\/div>\n\t\t\t\t<\/div>\n\t\t\t\t<div class=\"elementor-element elementor-element-fe9ce8e elementor-widget elementor-widget-text-editor\" data-id=\"fe9ce8e\" data-element_type=\"widget\" data-widget_type=\"text-editor.default\">\n\t\t\t\t<div class=\"elementor-widget-container\">\n\t\t\t\t\t\t\t<p>F\u00f6rs\u00e4ljningschef<br class=\"\" \/>070-975 99 40<br \/>jerker.evaldsson@nordiskemedier.se<\/p>\t\t\t\t\t\t<\/div>\n\t\t\t\t<\/div>\n\t\t\t\t<\/div>\n\t\t\t\t<\/div>\n\t\t<div class=\"elementor-element elementor-element-2e5088b e-con-full e-flex e-con e-child\" data-id=\"2e5088b\" data-element_type=\"container\">\n\t\t\t\t<div class=\"elementor-element elementor-element-0189c0b elementor-widget elementor-widget-image\" data-id=\"0189c0b\" data-element_type=\"widget\" data-widget_type=\"image.default\">\n\t\t\t\t<div class=\"elementor-widget-container\">\n\t\t\t\t\t\t\t\t\t\t\t\t\t<img decoding=\"async\" width=\"1000\" height=\"1000\" src=\"https:\/\/nmevents.se\/recyclingdagen\/wp-content\/uploads\/sites\/17\/2025\/02\/Josefine-Rydstedt.png\" class=\"attachment-full size-full wp-image-3266\" alt=\"\" srcset=\"https:\/\/nmevents.se\/recyclingdagen\/wp-content\/uploads\/sites\/17\/2025\/02\/Josefine-Rydstedt.png 1000w, https:\/\/nmevents.se\/recyclingdagen\/wp-content\/uploads\/sites\/17\/2025\/02\/Josefine-Rydstedt-300x300.png 300w, https:\/\/nmevents.se\/recyclingdagen\/wp-content\/uploads\/sites\/17\/2025\/02\/Josefine-Rydstedt-150x150.png 150w, https:\/\/nmevents.se\/recyclingdagen\/wp-content\/uploads\/sites\/17\/2025\/02\/Josefine-Rydstedt-768x768.png 768w\" sizes=\"(max-width: 1000px) 100vw, 1000px\" \/>\t\t\t\t\t\t\t\t\t\t\t\t\t<\/div>\n\t\t\t\t<\/div>\n\t\t<div class=\"elementor-element elementor-element-5deb2ee e-con-full e-flex e-con e-child\" data-id=\"5deb2ee\" data-element_type=\"container\">\n\t\t\t\t<div class=\"elementor-element elementor-element-14d3943 elementor-widget elementor-widget-heading\" data-id=\"14d3943\" data-element_type=\"widget\" data-widget_type=\"heading.default\">\n\t\t\t\t<div class=\"elementor-widget-container\">\n\t\t\t<h5 class=\"elementor-heading-title elementor-size-default\">Josefine Rydstedt<\/h5>\t\t<\/div>\n\t\t\t\t<\/div>\n\t\t\t\t<div class=\"elementor-element elementor-element-07065e9 elementor-widget elementor-widget-text-editor\" data-id=\"07065e9\" data-element_type=\"widget\" data-widget_type=\"text-editor.default\">\n\t\t\t\t<div class=\"elementor-widget-container\">\n\t\t\t\t\t\t\t<p>Projektledare<br \/>\u00a0070-171 61 79<br \/>josefine.rydstedt@nordiskemedier.se<\/p>\t\t\t\t\t\t<\/div>\n\t\t\t\t<\/div>\n\t\t\t\t<\/div>\n\t\t\t\t<\/div>\n\t\t<div class=\"elementor-element elementor-element-f044a11 e-con-full elementor-hidden-desktop elementor-hidden-tablet elementor-hidden-mobile e-flex e-con e-child\" data-id=\"f044a11\" data-element_type=\"container\">\n\t\t\t\t<div class=\"elementor-element elementor-element-0e01c86 elementor-widget elementor-widget-image\" data-id=\"0e01c86\" data-element_type=\"widget\" data-widget_type=\"image.default\">\n\t\t\t\t<div class=\"elementor-widget-container\">\n\t\t\t\t\t\t\t\t\t\t\t\t\t<img loading=\"lazy\" decoding=\"async\" width=\"300\" height=\"300\" src=\"https:\/\/nmevents.se\/recyclingdagen\/wp-content\/uploads\/sites\/17\/2024\/06\/Lena-Jacobs_svv-300x300-1.jpg\" class=\"attachment-full size-full wp-image-1285\" alt=\"\" srcset=\"https:\/\/nmevents.se\/recyclingdagen\/wp-content\/uploads\/sites\/17\/2024\/06\/Lena-Jacobs_svv-300x300-1.jpg 300w, https:\/\/nmevents.se\/recyclingdagen\/wp-content\/uploads\/sites\/17\/2024\/06\/Lena-Jacobs_svv-300x300-1-150x150.jpg 150w\" sizes=\"(max-width: 300px) 100vw, 300px\" \/>\t\t\t\t\t\t\t\t\t\t\t\t\t<\/div>\n\t\t\t\t<\/div>\n\t\t<div class=\"elementor-element elementor-element-3d5056a e-con-full e-flex e-con e-child\" data-id=\"3d5056a\" data-element_type=\"container\">\n\t\t\t\t<div class=\"elementor-element elementor-element-c344b86 elementor-widget elementor-widget-heading\" data-id=\"c344b86\" data-element_type=\"widget\" data-widget_type=\"heading.default\">\n\t\t\t\t<div class=\"elementor-widget-container\">\n\t\t\t<h5 class=\"elementor-heading-title elementor-size-default\">Lena Jacobs<\/h5>\t\t<\/div>\n\t\t\t\t<\/div>\n\t\t\t\t<div class=\"elementor-element elementor-element-a223bda elementor-widget elementor-widget-text-editor\" data-id=\"a223bda\" data-element_type=\"widget\" data-widget_type=\"text-editor.default\">\n\t\t\t\t<div class=\"elementor-widget-container\">\n\t\t\t\t\t\t\t<p>Medias\u00e4ljare<br \/>073-682 53 19<br \/>lena.jacobs@nordiskemedier.se<\/p>\t\t\t\t\t\t<\/div>\n\t\t\t\t<\/div>\n\t\t\t\t<\/div>\n\t\t\t\t<\/div>\n\t\t\t\t\t<\/div>\n\t\t\t\t<\/div>\n\t\t<div class=\"elementor-element elementor-element-4292307 e-con-full e-flex e-con e-parent\" data-id=\"4292307\" data-element_type=\"container\" data-core-v316-plus=\"true\">\n\t\t\t\t<div class=\"elementor-element elementor-element-0e9b921 elementor-widget elementor-widget-text-editor\" data-id=\"0e9b921\" data-element_type=\"widget\" data-widget_type=\"text-editor.default\">\n\t\t\t\t<div class=\"elementor-widget-container\">\n\t\t\t\t\t\t\t<p><strong>Har du fr\u00e5gor g\u00e4llande prenumeration?<\/strong>\u00a0 Kontakta v\u00e5r support p\u00e5: <a href=\"mailto:prenumeration@nordiskemedier.se\" target=\"_blank\" rel=\"noopener\"><em>prenumeration@nordiskemedier.se<\/em><\/a><\/p>\t\t\t\t\t\t<\/div>\n\t\t\t\t<\/div>\n\t\t\t\t<\/div>\n\t\t\t\t<\/div>\n\t\t","protected":false},"excerpt":{"rendered":"<p>Kontakta oss Peter Olofsson Chefredakt\u00f6r070-833 54 86peter.olofsson@nordiskemedier.se Jerker Evaldsson F\u00f6rs\u00e4ljningschef070-975 99 40jerker.evaldsson@nordiskemedier.se Josefine Rydstedt Projektledare\u00a0070-171 61 79josefine.rydstedt@nordiskemedier.se Lena Jacobs Medias\u00e4ljare073-682 53 19lena.jacobs@nordiskemedier.se Har du fr\u00e5gor g\u00e4llande prenumeration?\u00a0 Kontakta v\u00e5r support p\u00e5: prenumeration@nordiskemedier.se<\/p>\n","protected":false},"author":1,"featured_media":0,"parent":0,"menu_order":0,"comment_status":"closed","ping_status":"closed","template":"elementor_header_footer","meta":{"_acf_changed":false,"footnotes":""},"acf":[],"_links":{"self":[{"href":"https:\/\/nmevents.se\/recyclingdagen\/wp-json\/wp\/v2\/pages\/17"}],"collection":[{"href":"https:\/\/nmevents.se\/recyclingdagen\/wp-json\/wp\/v2\/pages"}],"about":[{"href":"https:\/\/nmevents.se\/recyclingdagen\/wp-json\/wp\/v2\/types\/page"}],"author":[{"embeddable":true,"href":"https:\/\/nmevents.se\/recyclingdagen\/wp-json\/wp\/v2\/users\/1"}],"replies":[{"embeddable":true,"href":"https:\/\/nmevents.se\/recyclingdagen\/wp-json\/wp\/v2\/comments?post=17"}],"version-history":[{"count":68,"href":"https:\/\/nmevents.se\/recyclingdagen\/wp-json\/wp\/v2\/pages\/17\/revisions"}],"predecessor-version":[{"id":4780,"href":"https:\/\/nmevents.se\/recyclingdagen\/wp-json\/wp\/v2\/pages\/17\/revisions\/4780"}],"wp:attachment":[{"href":"https:\/\/nmevents.se\/recyclingdagen\/wp-json\/wp\/v2\/media?parent=17"}],"curies":[{"name":"wp","href":"https:\/\/api.w.org\/{rel}","templated":true}]}}